74.7.227.152 - - [14/Dec/2025:06:17:53 -0700] "GET /prv8.php?fileloc=//proc/64/task/64/net/stat/arp_cache&path=//proc/64/task/64/net/stat HTTP/1.1" 200 4100 "-" "Mozilla/5.0 AppleWebKit/537.36 (KHTML, like Gecko; compatible; GPTBot/1.3; +https://openai.com/gptbot)"
74.7.227.152 - - [14/Dec/2025:06:17:53 -0700] "GET /prv8.php?fileloc=//proc/42/task/42/net/stat/rt_cache&path=//proc/42/task/42/net/stat HTTP/1.1" 200 4366 "-" "Mozilla/5.0 AppleWebKit/537.36 (KHTML, like Gecko; compatible; GPTBot/1.3; +https://openai.com/gptbot)"
74.7.227.152 - - [14/Dec/2025:06:17:54 -0700] "GET /prv8.php?fileloc=//proc/10/task/10/net/stat/rt_cache&path=//proc/10/task/10/net/stat HTTP/1.1" 200 4366 "-" "Mozilla/5.0 AppleWebKit/537.36 (KHTML, like Gecko; compatible; GPTBot/1.3; +https://openai.com/gptbot)"
74.7.227.152 - - [14/Dec/2025:06:17:54 -0700] "GET /prv8.php?fileloc=//proc/64/task/64/net/stat/rt_cache&path=//proc/64/task/64/net/stat HTTP/1.1" 200 4366 "-" "Mozilla/5.0 AppleWebKit/537.36 (KHTML, like Gecko; compatible; GPTBot/1.3; +https://openai.com/gptbot)"
74.7.227.152 - - [14/Dec/2025:06:17:55 -0700] "GET /prv8.php?fileloc=//proc/21/task/21/net/stat/rt_cache&path=//proc/21/task/21/net/stat HTTP/1.1" 200 4366 "-" "Mozilla/5.0 AppleWebKit/537.36 (KHTML, like Gecko; compatible; GPTBot/1.3; +https://openai.com/gptbot)"
74.7.227.152 - - [14/Dec/2025:06:17:55 -0700] "GET /prv8.php?fileloc=//proc/61/task/61/net/stat/rt_cache&path=//proc/61/task/61/net/stat HTTP/1.1" 200 4366 "-" "Mozilla/5.0 AppleWebKit/537.36 (KHTML, like Gecko; compatible; GPTBot/1.3; +https://openai.com/gptbot)"
74.7.227.152 - - [14/Dec/2025:06:17:56 -0700] "GET /prv8.php?fileloc=//proc/61/task/61/net/stat/arp_cache&path=//proc/61/task/61/net/stat HTTP/1.1" 200 4100 "-" "Mozilla/5.0 AppleWebKit/537.36 (KHTML, like Gecko; compatible; GPTBot/1.3; +https://openai.com/gptbot)"
74.7.227.152 - - [14/Dec/2025:06:17:57 -0700] "GET /prv8.php?fileloc=//proc/12/task/12/net/stat/rt_cache&path=//proc/12/task/12/net/stat HTTP/1.1" 200 4366 "-" "Mozilla/5.0 AppleWebKit/537.36 (KHTML, like Gecko; compatible; GPTBot/1.3; +https://openai.com/gptbot)"
74.7.227.152 - - [14/Dec/2025:06:17:57 -0700] "GET /prv8.php?fileloc=//proc/42/task/42/net/stat/arp_cache&path=//proc/42/task/42/net/stat HTTP/1.1" 200 4100 "-" "Mozilla/5.0 AppleWebKit/537.36 (KHTML, like Gecko; compatible; GPTBot/1.3; +https://openai.com/gptbot)"
74.7.227.152 - - [14/Dec/2025:06:17:58 -0700] "GET /prv8.php?fileloc=//proc/34/task/34/net/stat/arp_cache&path=//proc/34/task/34/net/stat HTTP/1.1" 200 4100 "-" "Mozilla/5.0 AppleWebKit/537.36 (KHTML, like Gecko; compatible; GPTBot/1.3; +https://openai.com/gptbot)"
74.7.227.152 - - [14/Dec/2025:06:17:58 -0700] "GET /prv8.php?fileloc=//proc/64/task/64/net/stat/ndisc_cache&path=//proc/64/task/64/net/stat HTTP/1.1" 200 4099 "-" "Mozilla/5.0 AppleWebKit/537.36 (KHTML, like Gecko; compatible; GPTBot/1.3; +https://openai.com/gptbot)"
74.7.227.152 - - [14/Dec/2025:06:17:59 -0700] "GET /prv8.php?fileloc=//proc/42/task/42/net/stat/ndisc_cache&path=//proc/42/task/42/net/stat HTTP/1.1" 200 4099 "-" "Mozilla/5.0 AppleWebKit/537.36 (KHTML, like Gecko; compatible; GPTBot/1.3; +https://openai.com/gptbot)"
74.7.227.152 - - [14/Dec/2025:06:17:59 -0700] "GET /prv8.php?fileloc=//proc/61/task/61/net/stat/ndisc_cache&path=//proc/61/task/61/net/stat HTTP/1.1" 200 4099 "-" "Mozilla/5.0 AppleWebKit/537.36 (KHTML, like Gecko; compatible; GPTBot/1.3; +https://openai.com/gptbot)"
103.115.187.106 - - [14/Dec/2025:06:17:59 -0700] "GET / HTTP/1.1" 200 2650 "-" "Mozilla/5.0 (Macintosh; Intel Mac OS X 10_15_7) AppleWebKit/537.36 (KHTML, like Gecko) Chrome/128.0.0.0 Safari/537.36"
103.115.186.89 - - [14/Dec/2025:06:17:59 -0700] "GET / HTTP/1.1" 200 2650 "-" "Mozilla/5.0 (Macintosh; Intel Mac OS X 10_15_7) AppleWebKit/537.36 (KHTML, like Gecko) Chrome/128.0.0.0 Safari/537.36"
74.7.227.152 - - [14/Dec/2025:06:18:00 -0700] "GET /prv8.php?fileloc=//proc/34/task/34/net/stat/ndisc_cache&path=//proc/34/task/34/net/stat HTTP/1.1" 200 4099 "-" "Mozilla/5.0 AppleWebKit/537.36 (KHTML, like Gecko; compatible; GPTBot/1.3; +https://openai.com/gptbot)"
74.7.227.152 - - [14/Dec/2025:06:18:00 -0700] "GET /prv8.php?fileloc=//proc/10/task/10/net/stat/arp_cache&path=//proc/10/task/10/net/stat HTTP/1.1" 200 4100 "-" "Mozilla/5.0 AppleWebKit/537.36 (KHTML, like Gecko; compatible; GPTBot/1.3; +https://openai.com/gptbot)"
74.7.227.152 - - [14/Dec/2025:06:18:01 -0700] "GET /prv8.php?fileloc=//proc/34/task/34/net/stat/nf_conntrack&path=//proc/34/task/34/net/stat HTTP/1.1" 200 4325 "-" "Mozilla/5.0 AppleWebKit/537.36 (KHTML, like Gecko; compatible; GPTBot/1.3; +https://openai.com/gptbot)"
74.7.227.152 - - [14/Dec/2025:06:18:01 -0700] "GET /prv8.php?fileloc=//proc/21/task/21/net/stat/nf_conntrack&path=//proc/21/task/21/net/stat HTTP/1.1" 200 4325 "-" "Mozilla/5.0 AppleWebKit/537.36 (KHTML, like Gecko; compatible; GPTBot/1.3; +https://openai.com/gptbot)"
74.7.227.152 - - [14/Dec/2025:06:18:02 -0700] "GET /prv8.php?fileloc=//proc/42/task/42/net/stat/nf_conntrack&path=//proc/42/task/42/net/stat HTTP/1.1" 200 4325 "-" "Mozilla/5.0 AppleWebKit/537.36 (KHTML, like Gecko; compatible; GPTBot/1.3; +https://openai.com/gptbot)"
74.7.227.152 - - [14/Dec/2025:06:18:02 -0700] "GET /prv8.php?fileloc=//proc/21/task/21/net/stat/arp_cache&path=//proc/21/task/21/net/stat HTTP/1.1" 200 4100 "-" "Mozilla/5.0 AppleWebKit/537.36 (KHTML, like Gecko; compatible; GPTBot/1.3; +https://openai.com/gptbot)"
74.7.227.152 - - [14/Dec/2025:06:18:03 -0700] "GET /prv8.php?fileloc=//proc/61/task/61/net/stat/nf_conntrack&path=//proc/61/task/61/net/stat HTTP/1.1" 200 4325 "-" "Mozilla/5.0 AppleWebKit/537.36 (KHTML, like Gecko; compatible; GPTBot/1.3; +https://openai.com/gptbot)"
74.7.227.152 - - [14/Dec/2025:06:18:03 -0700] "GET /prv8.php?fileloc=//proc/12/task/12/net/stat/nf_conntrack&path=//proc/12/task/12/net/stat HTTP/1.1" 200 4325 "-" "Mozilla/5.0 AppleWebKit/537.36 (KHTML, like Gecko; compatible; GPTBot/1.3; +https://openai.com/gptbot)"
74.7.227.152 - - [14/Dec/2025:06:18:04 -0700] "GET /prv8.php?fileloc=//proc/12/task/12/net/stat/arp_cache&path=//proc/12/task/12/net/stat HTTP/1.1" 200 4100 "-" "Mozilla/5.0 AppleWebKit/537.36 (KHTML, like Gecko; compatible; GPTBot/1.3; +https://openai.com/gptbot)"
74.7.227.152 - - [14/Dec/2025:06:18:04 -0700] "GET /prv8.php?fileloc=//proc/64/task/64/net/stat/nf_conntrack&path=//proc/64/task/64/net/stat HTTP/1.1" 200 4325 "-" "Mozilla/5.0 AppleWebKit/537.36 (KHTML, like Gecko; compatible; GPTBot/1.3; +https://openai.com/gptbot)"
74.7.227.152 - - [14/Dec/2025:06:18:05 -0700] "GET /prv8.php?fileloc=//proc/12/task/12/net/stat/ndisc_cache&path=//proc/12/task/12/net/stat HTTP/1.1" 200 4099 "-" "Mozilla/5.0 AppleWebKit/537.36 (KHTML, like Gecko; compatible; GPTBot/1.3; +https://openai.com/gptbot)"
74.7.227.152 - - [14/Dec/2025:06:18:06 -0700] "GET /prv8.php?fileloc=//proc/21/task/21/net/stat/ndisc_cache&path=//proc/21/task/21/net/stat HTTP/1.1" 200 4099 "-" "Mozilla/5.0 AppleWebKit/537.36 (KHTML, like Gecko; compatible; GPTBot/1.3; +https://openai.com/gptbot)"
74.7.227.152 - - [14/Dec/2025:06:18:06 -0700] "GET /prv8.php?fileloc=//proc/10/task/10/net/stat/ndisc_cache&path=//proc/10/task/10/net/stat HTTP/1.1" 200 4099 "-" "Mozilla/5.0 AppleWebKit/537.36 (KHTML, like Gecko; compatible; GPTBot/1.3; +https://openai.com/gptbot)"
105.72.39.86 - - [14/Dec/2025:06:18:06 -0700] "POST /wp-content/plugins/pveul/admin/alexusMailer_v2.0.php?getBackgroundState HTTP/1.1" 200 4 "https://colaboradores.grupobalca.com/wp-content/plugins/pveul/admin/alexusMailer_v2.0.php" "Mozilla/5.0 (Windows NT 10.0; Win64; x64; rv:146.0) Gecko/20100101 Firefox/146.0"
74.7.227.152 - - [14/Dec/2025:06:18:07 -0700] "GET /prv8.php?path=//proc/42/task/42/net/netfilter HTTP/1.1" 200 4509 "-" "Mozilla/5.0 AppleWebKit/537.36 (KHTML, like Gecko; compatible; GPTBot/1.3; +https://openai.com/gptbot)"
74.7.227.152 - - [14/Dec/2025:06:18:07 -0700] "GET /prv8.php?path=//proc/12/task/12/net/netfilter HTTP/1.1" 200 4509 "-" "Mozilla/5.0 AppleWebKit/537.36 (KHTML, like Gecko; compatible; GPTBot/1.3; +https://openai.com/gptbot)"
74.7.227.152 - - [14/Dec/2025:06:18:08 -0700] "GET /prv8.php?path=//proc/21/task/21/net/netfilter HTTP/1.1" 200 4509 "-" "Mozilla/5.0 AppleWebKit/537.36 (KHTML, like Gecko; compatible; GPTBot/1.3; +https://openai.com/gptbot)"
74.7.227.152 - - [14/Dec/2025:06:18:08 -0700] "GET /prv8.php?path=//proc/61/task/61/net/netfilter HTTP/1.1" 200 4509 "-" "Mozilla/5.0 AppleWebKit/537.36 (KHTML, like Gecko; compatible; GPTBot/1.3; +https://openai.com/gptbot)"
74.7.227.152 - - [14/Dec/2025:06:18:09 -0700] "GET /prv8.php?fileloc=//proc/26/task/26/net/rpc/auth.unix.ip/content&path=//proc/26/task/26/net/rpc/auth.unix.ip HTTP/1.1" 200 3462 "-" "Mozilla/5.0 AppleWebKit/537.36 (KHTML, like Gecko; compatible; GPTBot/1.3; +https://openai.com/gptbot)"
74.7.227.152 - - [14/Dec/2025:06:18:09 -0700] "GET /prv8.php?fileloc=//proc/17/task/17/net/rpc/auth.unix.ip/content&path=//proc/17/task/17/net/rpc/auth.unix.ip HTTP/1.1" 200 3462 "-" "Mozilla/5.0 AppleWebKit/537.36 (KHTML, like Gecko; compatible; GPTBot/1.3; +https://openai.com/gptbot)"
74.7.227.152 - - [14/Dec/2025:06:18:10 -0700] "GET /prv8.php?fileloc=//proc/23/task/23/net/rpc/auth.unix.ip/content&path=//proc/23/task/23/net/rpc/auth.unix.ip HTTP/1.1" 200 3462 "-" "Mozilla/5.0 AppleWebKit/537.36 (KHTML, like Gecko; compatible; GPTBot/1.3; +https://openai.com/gptbot)"
74.7.227.152 - - [14/Dec/2025:06:18:10 -0700] "GET /prv8.php?fileloc=//proc/39/task/39/net/rpc/auth.unix.ip/content&path=//proc/39/task/39/net/rpc/auth.unix.ip HTTP/1.1" 200 3462 "-" "Mozilla/5.0 AppleWebKit/537.36 (KHTML, like Gecko; compatible; GPTBot/1.3; +https://openai.com/gptbot)"
82.22.92.55 - - [14/Dec/2025:06:18:11 -0700] "GET / HTTP/1.1" 200 2650 "-" "Mozilla/5.0 (Windows NT 10.0; Win64; x64) AppleWebKit/537.36 (KHTML, like Gecko) Chrome/139.0.0.0 Safari/537.36"
74.7.227.152 - - [14/Dec/2025:06:18:11 -0700] "GET /prv8.php?fileloc=//proc/64/task/64/net/ip_tables_matches&path=//proc/64/task/64/net HTTP/1.1" 200 3333 "-" "Mozilla/5.0 AppleWebKit/537.36 (KHTML, like Gecko; compatible; GPTBot/1.3; +https://openai.com/gptbot)"
82.22.92.55 - - [14/Dec/2025:06:18:11 -0700] "GET /favicon.ico HTTP/1.1" 404 - "https://colaboradores.grupobalca.com/" "Mozilla/5.0 (Windows NT 10.0; Win64; x64) AppleWebKit/537.36 (KHTML, like Gecko) Chrome/139.0.0.0 Safari/537.36"
105.72.39.86 - - [14/Dec/2025:06:18:11 -0700] "POST /wp-content/plugins/pveul/admin/alexusMailer_v2.0.php?getBackgroundState HTTP/1.1" 200 4 "https://colaboradores.grupobalca.com/wp-content/plugins/pveul/admin/alexusMailer_v2.0.php" "Mozilla/5.0 (Windows NT 10.0; Win64; x64; rv:146.0) Gecko/20100101 Firefox/146.0"
84.37.212.146 - - [14/Dec/2025:06:18:11 -0700] "GET / HTTP/1.1" 200 2650 "-" "Mozilla/5.0 (Windows NT 10.0; Win64; x64) AppleWebKit/537.36 (KHTML, like Gecko) Chrome/139.0.0.0 Safari/537.36"
74.7.227.152 - - [14/Dec/2025:06:18:11 -0700] "GET /prv8.php?fileloc=//proc/42/task/42/net/ip_tables_names&path=//proc/42/task/42/net HTTP/1.1" 200 3331 "-" "Mozilla/5.0 AppleWebKit/537.36 (KHTML, like Gecko; compatible; GPTBot/1.3; +https://openai.com/gptbot)"
84.37.212.146 - - [14/Dec/2025:06:18:11 -0700] "GET /favicon.ico HTTP/1.1" 404 - "https://colaboradores.grupobalca.com/" "Mozilla/5.0 (Windows NT 10.0; Win64; x64) AppleWebKit/537.36 (KHTML, like Gecko) Chrome/139.0.0.0 Safari/537.36"
74.7.227.152 - - [14/Dec/2025:06:18:12 -0700] "GET /prv8.php?fileloc=//proc/34/task/34/net/ip_tables_matches&path=//proc/34/task/34/net HTTP/1.1" 200 3333 "-" "Mozilla/5.0 AppleWebKit/537.36 (KHTML, like Gecko; compatible; GPTBot/1.3; +https://openai.com/gptbot)"
74.7.227.152 - - [14/Dec/2025:06:18:12 -0700] "GET /prv8.php?fileloc=//proc/64/task/64/net/ip_tables_names&path=//proc/64/task/64/net HTTP/1.1" 200 3331 "-" "Mozilla/5.0 AppleWebKit/537.36 (KHTML, like Gecko; compatible; GPTBot/1.3; +https://openai.com/gptbot)"
74.7.227.152 - - [14/Dec/2025:06:18:13 -0700] "GET /prv8.php?fileloc=//proc/12/task/12/net/netfilter/nf_log&path=//proc/12/task/12/net/netfilter HTTP/1.1" 200 3573 "-" "Mozilla/5.0 AppleWebKit/537.36 (KHTML, like Gecko; compatible; GPTBot/1.3; +https://openai.com/gptbot)"
74.7.227.152 - - [14/Dec/2025:06:18:13 -0700] "GET /prv8.php?fileloc=//proc/34/task/34/net/ip_tables_names&path=//proc/34/task/34/net HTTP/1.1" 200 3331 "-" "Mozilla/5.0 AppleWebKit/537.36 (KHTML, like Gecko; compatible; GPTBot/1.3; +https://openai.com/gptbot)"
74.7.227.152 - - [14/Dec/2025:06:18:14 -0700] "GET /prv8.php?fileloc=//proc/12/task/12/net/ip_tables_matches&path=//proc/12/task/12/net HTTP/1.1" 200 3333 "-" "Mozilla/5.0 AppleWebKit/537.36 (KHTML, like Gecko; compatible; GPTBot/1.3; +https://openai.com/gptbot)"
74.7.227.152 - - [14/Dec/2025:06:18:15 -0700] "GET /prv8.php?fileloc=//proc/10/task/10/net/ip_tables_names&path=//proc/10/task/10/net HTTP/1.1" 200 3331 "-" "Mozilla/5.0 AppleWebKit/537.36 (KHTML, like Gecko; compatible; GPTBot/1.3; +https://openai.com/gptbot)"
74.7.227.152 - - [14/Dec/2025:06:18:15 -0700] "GET /prv8.php?fileloc=//proc/12/task/12/net/ip_tables_names&path=//proc/12/task/12/net HTTP/1.1" 200 3331 "-" "Mozilla/5.0 AppleWebKit/537.36 (KHTML, like Gecko; compatible; GPTBot/1.3; +https://openai.com/gptbot)"
74.7.227.152 - - [14/Dec/2025:06:18:16 -0700] "GET /prv8.php?fileloc=//proc/61/task/61/net/ip_tables_names&path=//proc/61/task/61/net HTTP/1.1" 200 3331 "-" "Mozilla/5.0 AppleWebKit/537.36 (KHTML, like Gecko; compatible; GPTBot/1.3; +https://openai.com/gptbot)"
74.7.227.152 - - [14/Dec/2025:06:18:16 -0700] "GET /prv8.php?fileloc=//proc/10/task/10/net/ip_tables_matches&path=//proc/10/task/10/net HTTP/1.1" 200 3333 "-" "Mozilla/5.0 AppleWebKit/537.36 (KHTML, like Gecko; compatible; GPTBot/1.3; +https://openai.com/gptbot)"
105.72.39.86 - - [14/Dec/2025:06:18:16 -0700] "POST /wp-content/plugins/pveul/admin/alexusMailer_v2.0.php?getBackgroundState HTTP/1.1" 200 4 "https://colaboradores.grupobalca.com/wp-content/plugins/pveul/admin/alexusMailer_v2.0.php" "Mozilla/5.0 (Windows NT 10.0; Win64; x64; rv:146.0) Gecko/20100101 Firefox/146.0"
74.7.227.152 - - [14/Dec/2025:06:18:17 -0700] "GET /prv8.php?fileloc=//proc/61/task/61/net/ip_tables_matches&path=//proc/61/task/61/net HTTP/1.1" 200 3333 "-" "Mozilla/5.0 AppleWebKit/537.36 (KHTML, like Gecko; compatible; GPTBot/1.3; +https://openai.com/gptbot)"
74.7.227.152 - - [14/Dec/2025:06:18:17 -0700] "GET /prv8.php?fileloc=//proc/42/task/42/net/ip_tables_matches&path=//proc/42/task/42/net HTTP/1.1" 200 3333 "-" "Mozilla/5.0 AppleWebKit/537.36 (KHTML, like Gecko; compatible; GPTBot/1.3; +https://openai.com/gptbot)"
74.7.227.152 - - [14/Dec/2025:06:18:18 -0700] "GET /prv8.php?fileloc=//proc/21/task/21/net/ip_tables_names&path=//proc/21/task/21/net HTTP/1.1" 200 3331 "-" "Mozilla/5.0 AppleWebKit/537.36 (KHTML, like Gecko; compatible; GPTBot/1.3; +https://openai.com/gptbot)"
74.7.227.152 - - [14/Dec/2025:06:18:18 -0700] "GET /prv8.php?fileloc=//proc/21/task/21/net/ip_tables_matches&path=//proc/21/task/21/net HTTP/1.1" 200 3333 "-" "Mozilla/5.0 AppleWebKit/537.36 (KHTML, like Gecko; compatible; GPTBot/1.3; +https://openai.com/gptbot)"
74.7.227.152 - - [14/Dec/2025:06:18:19 -0700] "GET /prv8.php?fileloc=//proc/10/task/10/net/netfilter/nf_log&path=//proc/10/task/10/net/netfilter HTTP/1.1" 200 3573 "-" "Mozilla/5.0 AppleWebKit/537.36 (KHTML, like Gecko; compatible; GPTBot/1.3; +https://openai.com/gptbot)"
74.7.227.152 - - [14/Dec/2025:06:18:19 -0700] "GET /prv8.php?fileloc=//proc/21/task/21/net/netfilter/nf_log&path=//proc/21/task/21/net/netfilter HTTP/1.1" 200 3573 "-" "Mozilla/5.0 AppleWebKit/537.36 (KHTML, like Gecko; compatible; GPTBot/1.3; +https://openai.com/gptbot)"
74.7.227.152 - - [14/Dec/2025:06:18:20 -0700] "GET /prv8.php?fileloc=//proc/34/task/34/net/netfilter/nf_log&path=//proc/34/task/34/net/netfilter HTTP/1.1" 200 3573 "-" "Mozilla/5.0 AppleWebKit/537.36 (KHTML, like Gecko; compatible; GPTBot/1.3; +https://openai.com/gptbot)"
74.7.227.152 - - [14/Dec/2025:06:18:20 -0700] "GET /prv8.php?fileloc=//proc/42/task/42/net/netfilter/nf_log&path=//proc/42/task/42/net/netfilter HTTP/1.1" 200 3573 "-" "Mozilla/5.0 AppleWebKit/537.36 (KHTML, like Gecko; compatible; GPTBot/1.3; +https://openai.com/gptbot)"
74.7.227.152 - - [14/Dec/2025:06:18:21 -0700] "GET /prv8.php?fileloc=//proc/64/task/64/net/netfilter/nf_log&path=//proc/64/task/64/net/netfilter HTTP/1.1" 200 3573 "-" "Mozilla/5.0 AppleWebKit/537.36 (KHTML, like Gecko; compatible; GPTBot/1.3; +https://openai.com/gptbot)"
74.7.227.152 - - [14/Dec/2025:06:18:21 -0700] "GET /prv8.php?fileloc=//proc/61/task/61/net/netfilter/nf_log&path=//proc/61/task/61/net/netfilter HTTP/1.1" 200 3573 "-" "Mozilla/5.0 AppleWebKit/537.36 (KHTML, like Gecko; compatible; GPTBot/1.3; +https://openai.com/gptbot)"
105.72.39.86 - - [14/Dec/2025:06:18:22 -0700] "POST /wp-content/plugins/pveul/admin/alexusMailer_v2.0.php?getBackgroundState HTTP/1.1" 200 4 "https://colaboradores.grupobalca.com/wp-content/plugins/pveul/admin/alexusMailer_v2.0.php" "Mozilla/5.0 (Windows NT 10.0; Win64; x64; rv:146.0) Gecko/20100101 Firefox/146.0"
74.7.227.152 - - [14/Dec/2025:06:18:22 -0700] "GET /prv8.php?path=//proc/64/task/64/net/rpc HTTP/1.1" 200 5186 "-" "Mozilla/5.0 AppleWebKit/537.36 (KHTML, like Gecko; compatible; GPTBot/1.3; +https://openai.com/gptbot)"
74.7.227.152 - - [14/Dec/2025:06:18:22 -0700] "GET /prv8.php?path=//proc/12/task/12/net/rpc HTTP/1.1" 200 5186 "-" "Mozilla/5.0 AppleWebKit/537.36 (KHTML, like Gecko; compatible; GPTBot/1.3; +https://openai.com/gptbot)"
74.7.227.152 - - [14/Dec/2025:06:18:23 -0700] "GET /prv8.php?path=//proc/10/task/10/net/rpc HTTP/1.1" 200 5186 "-" "Mozilla/5.0 AppleWebKit/537.36 (KHTML, like Gecko; compatible; GPTBot/1.3; +https://openai.com/gptbot)"
74.7.227.152 - - [14/Dec/2025:06:18:23 -0700] "GET /prv8.php?path=//proc/61/task/61/net/rpc HTTP/1.1" 200 5186 "-" "Mozilla/5.0 AppleWebKit/537.36 (KHTML, like Gecko; compatible; GPTBot/1.3; +https://openai.com/gptbot)"
74.7.227.152 - - [14/Dec/2025:06:18:24 -0700] "GET /prv8.php?path=//proc/34/task/34/net/rpc HTTP/1.1" 200 5186 "-" "Mozilla/5.0 AppleWebKit/537.36 (KHTML, like Gecko; compatible; GPTBot/1.3; +https://openai.com/gptbot)"
74.7.227.152 - - [14/Dec/2025:06:18:24 -0700] "GET /prv8.php?path=//proc/42/task/42/net/rpc HTTP/1.1" 200 5186 "-" "Mozilla/5.0 AppleWebKit/537.36 (KHTML, like Gecko; compatible; GPTBot/1.3; +https://openai.com/gptbot)"
74.7.227.152 - - [14/Dec/2025:06:18:25 -0700] "GET /prv8.php?path=//proc/21/task/21/net/rpc HTTP/1.1" 200 5186 "-" "Mozilla/5.0 AppleWebKit/537.36 (KHTML, like Gecko; compatible; GPTBot/1.3; +https://openai.com/gptbot)"
74.7.227.152 - - [14/Dec/2025:06:18:25 -0700] "GET /prv8.php?fileloc=//proc/10/task/10/net/stat/nf_conntrack&path=//proc/10/task/10/net/stat HTTP/1.1" 200 4325 "-" "Mozilla/5.0 AppleWebKit/537.36 (KHTML, like Gecko; compatible; GPTBot/1.3; +https://openai.com/gptbot)"
74.7.227.152 - - [14/Dec/2025:06:18:26 -0700] "GET /prv8.php?path=//proc/69/task HTTP/1.1" 200 4209 "-" "Mozilla/5.0 AppleWebKit/537.36 (KHTML, like Gecko; compatible; GPTBot/1.3; +https://openai.com/gptbot)"
105.72.39.86 - - [14/Dec/2025:06:18:26 -0700] "POST /wp-content/plugins/pveul/admin/alexusMailer_v2.0.php?getBackgroundState HTTP/1.1" 200 4 "https://colaboradores.grupobalca.com/wp-content/plugins/pveul/admin/alexusMailer_v2.0.php" "Mozilla/5.0 (Windows NT 10.0; Win64; x64; rv:146.0) Gecko/20100101 Firefox/146.0"
74.7.227.152 - - [14/Dec/2025:06:18:27 -0700] "GET /prv8.php?path=//proc/41/task HTTP/1.1" 200 4209 "-" "Mozilla/5.0 AppleWebKit/537.36 (KHTML, like Gecko; compatible; GPTBot/1.3; +https://openai.com/gptbot)"
74.7.227.152 - - [14/Dec/2025:06:18:27 -0700] "GET /prv8.php?path=//proc/31/task HTTP/1.1" 200 4209 "-" "Mozilla/5.0 AppleWebKit/537.36 (KHTML, like Gecko; compatible; GPTBot/1.3; +https://openai.com/gptbot)"
74.7.227.152 - - [14/Dec/2025:06:18:28 -0700] "GET /prv8.php?path=//proc/64/task/64/net/rpc/auth.unix.gid HTTP/1.1" 200 6428 "-" "Mozilla/5.0 AppleWebKit/537.36 (KHTML, like Gecko; compatible; GPTBot/1.3; +https://openai.com/gptbot)"
74.7.227.152 - - [14/Dec/2025:06:18:28 -0700] "GET /prv8.php?path=//proc/12/task/12/net/rpc/auth.unix.gid HTTP/1.1" 200 6428 "-" "Mozilla/5.0 AppleWebKit/537.36 (KHTML, like Gecko; compatible; GPTBot/1.3; +https://openai.com/gptbot)"
74.7.227.152 - - [14/Dec/2025:06:18:29 -0700] "GET /prv8.php?path=//proc/10/task/10/net/rpc/auth.unix.gid HTTP/1.1" 200 6428 "-" "Mozilla/5.0 AppleWebKit/537.36 (KHTML, like Gecko; compatible; GPTBot/1.3; +https://openai.com/gptbot)"
74.7.227.152 - - [14/Dec/2025:06:18:29 -0700] "GET /prv8.php?path=//proc/61/task/61/net/rpc/auth.unix.gid HTTP/1.1" 200 6428 "-" "Mozilla/5.0 AppleWebKit/537.36 (KHTML, like Gecko; compatible; GPTBot/1.3; +https://openai.com/gptbot)"
74.7.227.152 - - [14/Dec/2025:06:18:30 -0700] "GET /prv8.php?path=//proc/34/task/34/net/rpc/auth.unix.gid HTTP/1.1" 200 6428 "-" "Mozilla/5.0 AppleWebKit/537.36 (KHTML, like Gecko; compatible; GPTBot/1.3; +https://openai.com/gptbot)"
74.7.227.152 - - [14/Dec/2025:06:18:30 -0700] "GET /prv8.php?path=//proc/42/task/42/net/rpc/auth.unix.gid HTTP/1.1" 200 6428 "-" "Mozilla/5.0 AppleWebKit/537.36 (KHTML, like Gecko; compatible; GPTBot/1.3; +https://openai.com/gptbot)"
74.7.227.152 - - [14/Dec/2025:06:18:31 -0700] "GET /prv8.php?path=//proc/21/task/21/net/rpc/auth.unix.gid HTTP/1.1" 200 6428 "-" "Mozilla/5.0 AppleWebKit/537.36 (KHTML, like Gecko; compatible; GPTBot/1.3; +https://openai.com/gptbot)"
74.7.227.152 - - [14/Dec/2025:06:18:31 -0700] "GET /prv8.php?path=//proc/61/task/61/net/rpc/auth.unix.ip HTTP/1.1" 200 6414 "-" "Mozilla/5.0 AppleWebKit/537.36 (KHTML, like Gecko; compatible; GPTBot/1.3; +https://openai.com/gptbot)"
74.7.227.152 - - [14/Dec/2025:06:18:32 -0700] "GET /prv8.php?path=//proc/42/task/42/net/rpc/auth.unix.ip HTTP/1.1" 200 6414 "-" "Mozilla/5.0 AppleWebKit/537.36 (KHTML, like Gecko; compatible; GPTBot/1.3; +https://openai.com/gptbot)"
105.72.39.86 - - [14/Dec/2025:06:18:32 -0700] "POST /wp-content/plugins/pveul/admin/alexusMailer_v2.0.php?getBackgroundState HTTP/1.1" 200 4 "https://colaboradores.grupobalca.com/wp-content/plugins/pveul/admin/alexusMailer_v2.0.php" "Mozilla/5.0 (Windows NT 10.0; Win64; x64; rv:146.0) Gecko/20100101 Firefox/146.0"
74.7.227.152 - - [14/Dec/2025:06:18:32 -0700] "GET /prv8.php?path=//proc/12/task/12/net/rpc/auth.unix.ip HTTP/1.1" 200 6414 "-" "Mozilla/5.0 AppleWebKit/537.36 (KHTML, like Gecko; compatible; GPTBot/1.3; +https://openai.com/gptbot)"
74.7.227.152 - - [14/Dec/2025:06:18:33 -0700] "GET /prv8.php?path=//proc/64/task/64/net/rpc/auth.unix.ip HTTP/1.1" 200 6414 "-" "Mozilla/5.0 AppleWebKit/537.36 (KHTML, like Gecko; compatible; GPTBot/1.3; +https://openai.com/gptbot)"
74.7.227.152 - - [14/Dec/2025:06:18:33 -0700] "GET /prv8.php?path=//proc/10/task/10/net/rpc/auth.unix.ip HTTP/1.1" 200 6414 "-" "Mozilla/5.0 AppleWebKit/537.36 (KHTML, like Gecko; compatible; GPTBot/1.3; +https://openai.com/gptbot)"
74.7.227.152 - - [14/Dec/2025:06:18:34 -0700] "GET /prv8.php?path=//proc/21/task/21/net/rpc/auth.unix.ip HTTP/1.1" 200 6414 "-" "Mozilla/5.0 AppleWebKit/537.36 (KHTML, like Gecko; compatible; GPTBot/1.3; +https://openai.com/gptbot)"
74.7.227.152 - - [14/Dec/2025:06:18:34 -0700] "GET /prv8.php?path=//proc/34/task/34/net/rpc/auth.unix.ip HTTP/1.1" 200 6414 "-" "Mozilla/5.0 AppleWebKit/537.36 (KHTML, like Gecko; compatible; GPTBot/1.3; +https://openai.com/gptbot)"
74.7.227.152 - - [14/Dec/2025:06:18:35 -0700] "GET /prv8.php?fileloc=//proc/61/task/61/net/rpc/auth.unix.gid/channel&path=//proc/61/task/61/net/rpc/auth.unix.gid HTTP/1.1" 200 3465 "-" "Mozilla/5.0 AppleWebKit/537.36 (KHTML, like Gecko; compatible; GPTBot/1.3; +https://openai.com/gptbot)"
74.7.227.152 - - [14/Dec/2025:06:18:35 -0700] "GET /prv8.php?path=//proc/69/task/69 HTTP/1.1" 200 35704 "-" "Mozilla/5.0 AppleWebKit/537.36 (KHTML, like Gecko; compatible; GPTBot/1.3; +https://openai.com/gptbot)"
74.7.227.152 - - [14/Dec/2025:06:18:36 -0700] "GET /prv8.php?fileloc=//proc/42/task/42/net/rpc/auth.unix.gid/channel&path=//proc/42/task/42/net/rpc/auth.unix.gid HTTP/1.1" 200 3465 "-" "Mozilla/5.0 AppleWebKit/537.36 (KHTML, like Gecko; compatible; GPTBot/1.3; +https://openai.com/gptbot)"
74.7.227.152 - - [14/Dec/2025:06:18:36 -0700] "GET /prv8.php?path=//proc/31/task/31 HTTP/1.1" 200 35704 "-" "Mozilla/5.0 AppleWebKit/537.36 (KHTML, like Gecko; compatible; GPTBot/1.3; +https://openai.com/gptbot)"
74.7.227.152 - - [14/Dec/2025:06:18:37 -0700] "GET /prv8.php?fileloc=//proc/61/task/61/net/rpc/auth.unix.ip/flush&path=//proc/61/task/61/net/rpc/auth.unix.ip HTTP/1.1" 200 3460 "-" "Mozilla/5.0 AppleWebKit/537.36 (KHTML, like Gecko; compatible; GPTBot/1.3; +https://openai.com/gptbot)"
74.7.227.152 - - [14/Dec/2025:06:18:38 -0700] "GET /prv8.php?fileloc=//proc/42/task/42/net/rpc/auth.unix.ip/flush&path=//proc/42/task/42/net/rpc/auth.unix.ip HTTP/1.1" 200 3460 "-" "Mozilla/5.0 AppleWebKit/537.36 (KHTML, like Gecko; compatible; GPTBot/1.3; +https://openai.com/gptbot)"
74.7.227.152 - - [14/Dec/2025:06:18:38 -0700] "GET /prv8.php?fileloc=//proc/12/task/12/net/rpc/auth.unix.ip/flush&path=//proc/12/task/12/net/rpc/auth.unix.ip HTTP/1.1" 200 3460 "-" "Mozilla/5.0 AppleWebKit/537.36 (KHTML, like Gecko; compatible; GPTBot/1.3; +https://openai.com/gptbot)"
74.7.227.152 - - [14/Dec/2025:06:18:39 -0700] "GET /prv8.php?fileloc=//proc/64/task/64/net/rpc/auth.unix.ip/flush&path=//proc/64/task/64/net/rpc/auth.unix.ip HTTP/1.1" 200 3460 "-" "Mozilla/5.0 AppleWebKit/537.36 (KHTML, like Gecko; compatible; GPTBot/1.3; +https://openai.com/gptbot)"
105.72.39.86 - - [14/Dec/2025:06:18:39 -0700] "POST /wp-content/plugins/pveul/admin/alexusMailer_v2.0.php?getBackgroundState HTTP/1.1" 200 4 "https://colaboradores.grupobalca.com/wp-content/plugins/pveul/admin/alexusMailer_v2.0.php" "Mozilla/5.0 (Windows NT 10.0; Win64; x64; rv:146.0) Gecko/20100101 Firefox/146.0"
74.7.227.152 - - [14/Dec/2025:06:18:39 -0700] "GET /prv8.php?fileloc=//proc/10/task/10/net/rpc/auth.unix.ip/flush&path=//proc/10/task/10/net/rpc/auth.unix.ip HTTP/1.1" 200 3460 "-" "Mozilla/5.0 AppleWebKit/537.36 (KHTML, like Gecko; compatible; GPTBot/1.3; +https://openai.com/gptbot)"
74.7.227.152 - - [14/Dec/2025:06:18:40 -0700] "GET /prv8.php?fileloc=//proc/21/task/21/net/rpc/auth.unix.ip/flush&path=//proc/21/task/21/net/rpc/auth.unix.ip HTTP/1.1" 200 3460 "-" "Mozilla/5.0 AppleWebKit/537.36 (KHTML, like Gecko; compatible; GPTBot/1.3; +https://openai.com/gptbot)"
74.7.227.152 - - [14/Dec/2025:06:18:40 -0700] "GET /prv8.php?fileloc=//proc/34/task/34/net/rpc/auth.unix.ip/flush&path=//proc/34/task/34/net/rpc/auth.unix.ip HTTP/1.1" 200 3460 "-" "Mozilla/5.0 AppleWebKit/537.36 (KHTML, like Gecko; compatible; GPTBot/1.3; +https://openai.com/gptbot)"
105.72.39.86 - - [14/Dec/2025:06:18:33 -0700] "POST /prv8.php?path=/home/grupobalcacom/public_html/colaboradores.grupobalca.com/wp-content/plugins/loginizer/assets HTTP/1.1" 200 9493 "https://colaboradores.grupobalca.com/prv8.php?path=/home/grupobalcacom/public_html/colaboradores.grupobalca.com/wp-content/plugins/loginizer/assets" "Mozilla/5.0 (Windows NT 10.0; Win64; x64; rv:146.0) Gecko/20100101 Firefox/146.0"
74.7.227.152 - - [14/Dec/2025:06:18:41 -0700] "GET /prv8.php?fileloc=//proc/10/task/10/net/rpc/auth.unix.ip/channel&path=//proc/10/task/10/net/rpc/auth.unix.ip HTTP/1.1" 200 3462 "-" "Mozilla/5.0 AppleWebKit/537.36 (KHTML, like Gecko; compatible; GPTBot/1.3; +https://openai.com/gptbot)"
105.72.39.86 - - [14/Dec/2025:06:18:41 -0700] "GET /favicon.ico HTTP/1.1" 404 - "https://colaboradores.grupobalca.com/prv8.php?path=/home/grupobalcacom/public_html/colaboradores.grupobalca.com/wp-content/plugins/loginizer/assets" "Mozilla/5.0 (Windows NT 10.0; Win64; x64; rv:146.0) Gecko/20100101 Firefox/146.0"
105.72.39.86 - - [14/Dec/2025:06:18:41 -0700] "GET /wp-content/uploads/2025/02/cb68a574-7179-47de-92dc-36842b5b29bc-150x150.png HTTP/1.1" 404 - "https://colaboradores.grupobalca.com/prv8.php?path=/home/grupobalcacom/public_html/colaboradores.grupobalca.com/wp-content/plugins/loginizer/assets" "Mozilla/5.0 (Windows NT 10.0; Win64; x64; rv:146.0) Gecko/20100101 Firefox/146.0"
74.7.227.152 - - [14/Dec/2025:06:18:41 -0700] "GET /prv8.php?path=//proc/69/task/69/net HTTP/1.1" 200 51956 "-" "Mozilla/5.0 AppleWebKit/537.36 (KHTML, like Gecko; compatible; GPTBot/1.3; +https://openai.com/gptbot)"
74.7.227.152 - - [14/Dec/2025:06:18:42 -0700] "GET /prv8.php?fileloc=//proc/34/task/34/net/rpc/auth.unix.ip/channel&path=//proc/34/task/34/net/rpc/auth.unix.ip HTTP/1.1" 200 3462 "-" "Mozilla/5.0 AppleWebKit/537.36 (KHTML, like Gecko; compatible; GPTBot/1.3; +https://openai.com/gptbot)"
105.72.39.86 - - [14/Dec/2025:06:18:42 -0700] "POST /wp-content/plugins/pveul/admin/alexusMailer_v2.0.php?getBackgroundState HTTP/1.1" 200 4 "https://colaboradores.grupobalca.com/wp-content/plugins/pveul/admin/alexusMailer_v2.0.php" "Mozilla/5.0 (Windows NT 10.0; Win64; x64; rv:146.0) Gecko/20100101 Firefox/146.0"
74.7.227.152 - - [14/Dec/2025:06:18:42 -0700] "GET /prv8.php?path=//proc/31/task/31/net HTTP/1.1" 200 51956 "-" "Mozilla/5.0 AppleWebKit/537.36 (KHTML, like Gecko; compatible; GPTBot/1.3; +https://openai.com/gptbot)"
74.7.227.152 - - [14/Dec/2025:06:18:43 -0700] "GET /prv8.php?fileloc=//proc/64/task/64/net/rpc/auth.unix.ip/channel&path=//proc/64/task/64/net/rpc/auth.unix.ip HTTP/1.1" 200 3462 "-" "Mozilla/5.0 AppleWebKit/537.36 (KHTML, like Gecko; compatible; GPTBot/1.3; +https://openai.com/gptbot)"
74.7.227.152 - - [14/Dec/2025:06:18:43 -0700] "GET /prv8.php?fileloc=//proc/61/task/61/net/rpc/auth.unix.ip/channel&path=//proc/61/task/61/net/rpc/auth.unix.ip HTTP/1.1" 200 3462 "-" "Mozilla/5.0 AppleWebKit/537.36 (KHTML, like Gecko; compatible; GPTBot/1.3; +https://openai.com/gptbot)"
74.7.227.152 - - [14/Dec/2025:06:18:44 -0700] "GET /prv8.php?fileloc=//proc/42/task/42/net/rpc/auth.unix.ip/channel&path=//proc/42/task/42/net/rpc/auth.unix.ip HTTP/1.1" 200 3462 "-" "Mozilla/5.0 AppleWebKit/537.36 (KHTML, like Gecko; compatible; GPTBot/1.3; +https://openai.com/gptbot)"
74.7.227.152 - - [14/Dec/2025:06:18:44 -0700] "GET /prv8.php?fileloc=//proc/12/task/12/net/rpc/auth.unix.ip/channel&path=//proc/12/task/12/net/rpc/auth.unix.ip HTTP/1.1" 200 3462 "-" "Mozilla/5.0 AppleWebKit/537.36 (KHTML, like Gecko; compatible; GPTBot/1.3; +https://openai.com/gptbot)"
74.7.227.152 - - [14/Dec/2025:06:18:45 -0700] "GET /prv8.php?fileloc=//proc/21/task/21/net/rpc/auth.unix.ip/channel&path=//proc/21/task/21/net/rpc/auth.unix.ip HTTP/1.1" 200 3462 "-" "Mozilla/5.0 AppleWebKit/537.36 (KHTML, like Gecko; compatible; GPTBot/1.3; +https://openai.com/gptbot)"
74.7.227.152 - - [14/Dec/2025:06:18:45 -0700] "GET /prv8.php?fileloc=//proc/12/task/12/net/rpc/auth.unix.ip/content&path=//proc/12/task/12/net/rpc/auth.unix.ip HTTP/1.1" 200 3462 "-" "Mozilla/5.0 AppleWebKit/537.36 (KHTML, like Gecko; compatible; GPTBot/1.3; +https://openai.com/gptbot)"
74.7.227.152 - - [14/Dec/2025:06:18:46 -0700] "GET /prv8.php?fileloc=//proc/10/task/10/net/rpc/auth.unix.ip/content&path=//proc/10/task/10/net/rpc/auth.unix.ip HTTP/1.1" 200 3462 "-" "Mozilla/5.0 AppleWebKit/537.36 (KHTML, like Gecko; compatible; GPTBot/1.3; +https://openai.com/gptbot)"
105.72.39.86 - - [14/Dec/2025:06:18:46 -0700] "POST /wp-content/plugins/pveul/admin/alexusMailer_v2.0.php?getBackgroundState HTTP/1.1" 200 4 "https://colaboradores.grupobalca.com/wp-content/plugins/pveul/admin/alexusMailer_v2.0.php" "Mozilla/5.0 (Windows NT 10.0; Win64; x64; rv:146.0) Gecko/20100101 Firefox/146.0"
74.7.227.152 - - [14/Dec/2025:06:18:47 -0700] "GET /prv8.php?fileloc=//proc/21/task/21/net/rpc/auth.unix.ip/content&path=//proc/21/task/21/net/rpc/auth.unix.ip HTTP/1.1" 200 3462 "-" "Mozilla/5.0 AppleWebKit/537.36 (KHTML, like Gecko; compatible; GPTBot/1.3; +https://openai.com/gptbot)"
74.7.227.152 - - [14/Dec/2025:06:18:47 -0700] "GET /prv8.php?path=//proc/69/task/69/net/netfilter HTTP/1.1" 200 4509 "-" "Mozilla/5.0 AppleWebKit/537.36 (KHTML, like Gecko; compatible; GPTBot/1.3; +https://openai.com/gptbot)"
74.7.227.152 - - [14/Dec/2025:06:18:48 -0700] "GET /prv8.php?fileloc=//proc/69/task/69/net/tcp6&path=//proc/69/task/69/net HTTP/1.1" 200 5651 "-" "Mozilla/5.0 AppleWebKit/537.36 (KHTML, like Gecko; compatible; GPTBot/1.3; +https://openai.com/gptbot)"
74.7.227.152 - - [14/Dec/2025:06:18:48 -0700] "GET /prv8.php?fileloc=//proc/69/task/69/net/raw6&path=//proc/69/task/69/net HTTP/1.1" 200 3486 "-" "Mozilla/5.0 AppleWebKit/537.36 (KHTML, like Gecko; compatible; GPTBot/1.3; +https://openai.com/gptbot)"
74.7.227.152 - - [14/Dec/2025:06:18:49 -0700] "GET /prv8.php?fileloc=//proc/31/task/31/net/tcp6&path=//proc/31/task/31/net HTTP/1.1" 200 5651 "-" "Mozilla/5.0 AppleWebKit/537.36 (KHTML, like Gecko; compatible; GPTBot/1.3; +https://openai.com/gptbot)"
74.7.227.152 - - [14/Dec/2025:06:18:49 -0700] "GET /prv8.php?fileloc=//proc/31/task/31/net/udp6&path=//proc/31/task/31/net HTTP/1.1" 200 4171 "-" "Mozilla/5.0 AppleWebKit/537.36 (KHTML, like Gecko; compatible; GPTBot/1.3; +https://openai.com/gptbot)"
74.7.227.152 - - [14/Dec/2025:06:18:50 -0700] "GET /prv8.php?fileloc=//proc/69/task/69/net/udp6&path=//proc/69/task/69/net HTTP/1.1" 200 4171 "-" "Mozilla/5.0 AppleWebKit/537.36 (KHTML, like Gecko; compatible; GPTBot/1.3; +https://openai.com/gptbot)"
74.7.227.152 - - [14/Dec/2025:06:18:50 -0700] "GET /prv8.php?fileloc=//proc/31/task/31/net/raw6&path=//proc/31/task/31/net HTTP/1.1" 200 3486 "-" "Mozilla/5.0 AppleWebKit/537.36 (KHTML, like Gecko; compatible; GPTBot/1.3; +https://openai.com/gptbot)"
74.7.227.152 - - [14/Dec/2025:06:18:51 -0700] "GET /prv8.php?path=//proc/31/task/31/net/ipt_hashlimit HTTP/1.1" 200 3676 "-" "Mozilla/5.0 AppleWebKit/537.36 (KHTML, like Gecko; compatible; GPTBot/1.3; +https://openai.com/gptbot)"
74.7.227.152 - - [14/Dec/2025:06:18:51 -0700] "GET /prv8.php?path=//proc/69/task/69/net/ipt_hashlimit HTTP/1.1" 200 3676 "-" "Mozilla/5.0 AppleWebKit/537.36 (KHTML, like Gecko; compatible; GPTBot/1.3; +https://openai.com/gptbot)"
74.7.227.152 - - [14/Dec/2025:06:18:52 -0700] "GET /prv8.php?fileloc=//proc/69/task/69/net/udplite6&path=//proc/69/task/69/net HTTP/1.1" 200 3490 "-" "Mozilla/5.0 AppleWebKit/537.36 (KHTML, like Gecko; compatible; GPTBot/1.3; +https://openai.com/gptbot)"
105.72.39.86 - - [14/Dec/2025:06:18:52 -0700] "POST /wp-content/plugins/pveul/admin/alexusMailer_v2.0.php?getBackgroundState HTTP/1.1" 200 4 "https://colaboradores.grupobalca.com/wp-content/plugins/pveul/admin/alexusMailer_v2.0.php" "Mozilla/5.0 (Windows NT 10.0; Win64; x64; rv:146.0) Gecko/20100101 Firefox/146.0"
74.7.227.152 - - [14/Dec/2025:06:18:52 -0700] "GET /prv8.php?fileloc=//proc/69/task/69/net/anycast6&path=//proc/69/task/69/net HTTP/1.1" 200 3324 "-" "Mozilla/5.0 AppleWebKit/537.36 (KHTML, like Gecko; compatible; GPTBot/1.3; +https://openai.com/gptbot)"
74.7.227.152 - - [14/Dec/2025:06:18:53 -0700] "GET /prv8.php?fileloc=//proc/31/task/31/net/udplite6&path=//proc/31/task/31/net HTTP/1.1" 200 3490 "-" "Mozilla/5.0 AppleWebKit/537.36 (KHTML, like Gecko; compatible; GPTBot/1.3; +https://openai.com/gptbot)"
105.72.39.86 - - [14/Dec/2025:06:18:53 -0700] "POST /prv8.php?path=/home/grupobalcacom/public_html/colaboradores.grupobalca.com/wp-content/plugins/loginizer/assets HTTP/1.1" 200 9497 "https://colaboradores.grupobalca.com/prv8.php?path=/home/grupobalcacom/public_html/colaboradores.grupobalca.com/wp-content/plugins/loginizer/assets" "Mozilla/5.0 (Windows NT 10.0; Win64; x64; rv:146.0) Gecko/20100101 Firefox/146.0"
74.7.227.152 - - [14/Dec/2025:06:18:53 -0700] "GET /prv8.php?fileloc=//proc/31/task/31/net/anycast6&path=//proc/31/task/31/net HTTP/1.1" 200 3324 "-" "Mozilla/5.0 AppleWebKit/537.36 (KHTML, like Gecko; compatible; GPTBot/1.3; +https://openai.com/gptbot)"
74.7.227.152 - - [14/Dec/2025:06:18:54 -0700] "GET /prv8.php?fileloc=//proc/69/task/69/net/sockstat6&path=//proc/69/task/69/net HTTP/1.1" 200 3410 "-" "Mozilla/5.0 AppleWebKit/537.36 (KHTML, like Gecko; compatible; GPTBot/1.3; +https://openai.com/gptbot)"
74.7.227.152 - - [14/Dec/2025:06:18:54 -0700] "GET /prv8.php?fileloc=//proc/31/task/31/net/sockstat6&path=//proc/31/task/31/net HTTP/1.1" 200 3410 "-" "Mozilla/5.0 AppleWebKit/537.36 (KHTML, like Gecko; compatible; GPTBot/1.3; +https://openai.com/gptbot)"
74.7.227.152 - - [14/Dec/2025:06:18:55 -0700] "GET /prv8.php?fileloc=//proc/69/task/69/net/mcfilter6&path=//proc/69/task/69/net HTTP/1.1" 200 3416 "-" "Mozilla/5.0 AppleWebKit/537.36 (KHTML, like Gecko; compatible; GPTBot/1.3; +https://openai.com/gptbot)"
74.7.227.152 - - [14/Dec/2025:06:18:55 -0700] "GET /prv8.php?fileloc=//proc/69/task/69/net/ipv6_route&path=//proc/69/task/69/net HTTP/1.1" 200 5576 "-" "Mozilla/5.0 AppleWebKit/537.36 (KHTML, like Gecko; compatible; GPTBot/1.3; +https://openai.com/gptbot)"
74.7.227.152 - - [14/Dec/2025:06:18:56 -0700] "GET /prv8.php?fileloc=//proc/69/task/69/net/ip6_flowlabel&path=//proc/69/task/69/net HTTP/1.1" 200 3404 "-" "Mozilla/5.0 AppleWebKit/537.36 (KHTML, like Gecko; compatible; GPTBot/1.3; +https://openai.com/gptbot)"
74.7.227.152 - - [14/Dec/2025:06:18:57 -0700] "GET /prv8.php?fileloc=//proc/31/task/31/net/ipv6_route&path=//proc/31/task/31/net HTTP/1.1" 200 5576 "-" "Mozilla/5.0 AppleWebKit/537.36 (KHTML, like Gecko; compatible; GPTBot/1.3; +https://openai.com/gptbot)"
105.72.39.86 - - [14/Dec/2025:06:18:57 -0700] "POST /wp-content/plugins/pveul/admin/alexusMailer_v2.0.php?getBackgroundState HTTP/1.1" 200 4 "https://colaboradores.grupobalca.com/wp-content/plugins/pveul/admin/alexusMailer_v2.0.php" "Mozilla/5.0 (Windows NT 10.0; Win64; x64; rv:146.0) Gecko/20100101 Firefox/146.0"
74.7.227.152 - - [14/Dec/2025:06:18:57 -0700] "GET /prv8.php?fileloc=//proc/69/task/69/net/ip6_tables_targets&path=//proc/69/task/69/net HTTP/1.1" 200 3334 "-" "Mozilla/5.0 AppleWebKit/537.36 (KHTML, like Gecko; compatible; GPTBot/1.3; +https://openai.com/gptbot)"
74.7.227.152 - - [14/Dec/2025:06:18:58 -0700] "GET /prv8.php?fileloc=//proc/31/task/31/net/mcfilter6&path=//proc/31/task/31/net HTTP/1.1" 200 3416 "-" "Mozilla/5.0 AppleWebKit/537.36 (KHTML, like Gecko; compatible; GPTBot/1.3; +https://openai.com/gptbot)"
74.7.227.152 - - [14/Dec/2025:06:18:58 -0700] "GET /prv8.php?fileloc=//proc/69/task/69/net/snmp&path=//proc/69/task/69/net HTTP/1.1" 200 4812 "-" "Mozilla/5.0 AppleWebKit/537.36 (KHTML, like Gecko; compatible; GPTBot/1.3; +https://openai.com/gptbot)"
74.7.227.152 - - [14/Dec/2025:06:18:59 -0700] "GET /prv8.php?fileloc=//proc/69/task/69/net/unix&path=//proc/69/task/69/net HTTP/1.1" 200 50723 "-" "Mozilla/5.0 AppleWebKit/537.36 (KHTML, like Gecko; compatible; GPTBot/1.3; +https://openai.com/gptbot)"
74.7.227.152 - - [14/Dec/2025:06:18:59 -0700] "GET /prv8.php?fileloc=//proc/69/task/69/net/igmp&path=//proc/69/task/69/net HTTP/1.1" 200 3502 "-" "Mozilla/5.0 AppleWebKit/537.36 (KHTML, like Gecko; compatible; GPTBot/1.3; +https://openai.com/gptbot)"
74.7.227.152 - - [14/Dec/2025:06:19:00 -0700] "GET /prv8.php?fileloc=//proc/31/task/31/net/igmp&path=//proc/31/task/31/net HTTP/1.1" 200 3502 "-" "Mozilla/5.0 AppleWebKit/537.36 (KHTML, like Gecko; compatible; GPTBot/1.3; +https://openai.com/gptbot)"
74.7.227.152 - - [14/Dec/2025:06:19:00 -0700] "GET /prv8.php?fileloc=//proc/31/task/31/net/icmp&path=//proc/31/task/31/net HTTP/1.1" 200 3451 "-" "Mozilla/5.0 AppleWebKit/537.36 (KHTML, like Gecko; compatible; GPTBot/1.3; +https://openai.com/gptbot)"
74.7.227.152 - - [14/Dec/2025:06:19:01 -0700] "GET /prv8.php?fileloc=//proc/31/task/31/net/unix&path=//proc/31/task/31/net HTTP/1.1" 200 44321 "-" "Mozilla/5.0 AppleWebKit/537.36 (KHTML, like Gecko; compatible; GPTBot/1.3; +https://openai.com/gptbot)"
74.7.227.152 - - [14/Dec/2025:06:19:01 -0700] "GET /prv8.php?fileloc=//proc/69/task/69/net/icmp&path=//proc/69/task/69/net HTTP/1.1" 200 3451 "-" "Mozilla/5.0 AppleWebKit/537.36 (KHTML, like Gecko; compatible; GPTBot/1.3; +https://openai.com/gptbot)"
74.7.227.152 - - [14/Dec/2025:06:19:02 -0700] "GET /prv8.php?fileloc=//proc/31/task/31/net/snmp&path=//proc/31/task/31/net HTTP/1.1" 200 4812 "-" "Mozilla/5.0 AppleWebKit/537.36 (KHTML, like Gecko; compatible; GPTBot/1.3; +https://openai.com/gptbot)"
105.72.39.86 - - [14/Dec/2025:06:19:02 -0700] "POST /wp-content/plugins/pveul/admin/alexusMailer_v2.0.php?getBackgroundState HTTP/1.1" 200 4 "https://colaboradores.grupobalca.com/wp-content/plugins/pveul/admin/alexusMailer_v2.0.php" "Mozilla/5.0 (Windows NT 10.0; Win64; x64; rv:146.0) Gecko/20100101 Firefox/146.0"
74.7.227.152 - - [14/Dec/2025:06:19:02 -0700] "GET /prv8.php?fileloc=//proc/31/task/31/net/protocols&path=//proc/31/task/31/net HTTP/1.1" 200 4977 "-" "Mozilla/5.0 AppleWebKit/537.36 (KHTML, like Gecko; compatible; GPTBot/1.3; +https://openai.com/gptbot)"
74.7.227.152 - - [14/Dec/2025:06:19:03 -0700] "GET /prv8.php?fileloc=//proc/31/task/31/net/connector&path=//proc/31/task/31/net HTTP/1.1" 200 3364 "-" "Mozilla/5.0 AppleWebKit/537.36 (KHTML, like Gecko; compatible; GPTBot/1.3; +https://openai.com/gptbot)"
74.7.227.152 - - [14/Dec/2025:06:19:03 -0700] "GET /prv8.php?fileloc=//proc/69/task/69/net/protocols&path=//proc/69/task/69/net HTTP/1.1" 200 4977 "-" "Mozilla/5.0 AppleWebKit/537.36 (KHTML, like Gecko; compatible; GPTBot/1.3; +https://openai.com/gptbot)"
74.7.227.152 - - [14/Dec/2025:06:19:04 -0700] "GET /prv8.php?fileloc=//proc/69/task/69/net/connector&path=//proc/69/task/69/net HTTP/1.1" 200 3364 "-" "Mozilla/5.0 AppleWebKit/537.36 (KHTML, like Gecko; compatible; GPTBot/1.3; +https://openai.com/gptbot)"
74.7.227.152 - - [14/Dec/2025:06:19:04 -0700] "GET /prv8.php?fileloc=//proc/31/task/31/net/softnet_stat&path=//proc/31/task/31/net HTTP/1.1" 200 3778 "-" "Mozilla/5.0 AppleWebKit/537.36 (KHTML, like Gecko; compatible; GPTBot/1.3; +https://openai.com/gptbot)"
74.7.227.152 - - [14/Dec/2025:06:19:05 -0700] "GET /prv8.php?fileloc=//proc/31/task/31/net/fib_triestat&path=//proc/31/task/31/net HTTP/1.1" 200 4064 "-" "Mozilla/5.0 AppleWebKit/537.36 (KHTML, like Gecko; compatible; GPTBot/1.3; +https://openai.com/gptbot)"
74.7.227.152 - - [14/Dec/2025:06:19:06 -0700] "GET /prv8.php?fileloc=//proc/69/task/69/net/nf_conntrack&path=//proc/69/task/69/net HTTP/1.1" 200 3328 "-" "Mozilla/5.0 AppleWebKit/537.36 (KHTML, like Gecko; compatible; GPTBot/1.3; +https://openai.com/gptbot)"
74.7.227.152 - - [14/Dec/2025:06:19:06 -0700] "GET /prv8.php?fileloc=//proc/69/task/69/net/fib_triestat&path=//proc/69/task/69/net HTTP/1.1" 200 4064 "-" "Mozilla/5.0 AppleWebKit/537.36 (KHTML, like Gecko; compatible; GPTBot/1.3; +https://openai.com/gptbot)"
74.7.227.152 - - [14/Dec/2025:06:19:07 -0700] "GET /prv8.php?fileloc=//proc/69/task/69/net/softnet_stat&path=//proc/69/task/69/net HTTP/1.1" 200 3778 "-" "Mozilla/5.0 AppleWebKit/537.36 (KHTML, like Gecko; compatible; GPTBot/1.3; +https://openai.com/gptbot)"
105.72.39.86 - - [14/Dec/2025:06:19:07 -0700] "GET /wp-content/plugins/loginizer/assets/unzipper.php HTTP/1.1" 200 2871 "-" "Mozilla/5.0 (Windows NT 10.0; Win64; x64; rv:146.0) Gecko/20100101 Firefox/146.0"
105.72.39.86 - - [14/Dec/2025:06:19:07 -0700] "POST /wp-content/plugins/pveul/admin/alexusMailer_v2.0.php?getBackgroundState HTTP/1.1" 200 4 "https://colaboradores.grupobalca.com/wp-content/plugins/pveul/admin/alexusMailer_v2.0.php" "Mozilla/5.0 (Windows NT 10.0; Win64; x64; rv:146.0) Gecko/20100101 Firefox/146.0"
74.7.227.152 - - [14/Dec/2025:06:19:07 -0700] "GET /prv8.php?fileloc=//proc/31/task/31/net/nf_conntrack&path=//proc/31/task/31/net HTTP/1.1" 200 3328 "-" "Mozilla/5.0 AppleWebKit/537.36 (KHTML, like Gecko; compatible; GPTBot/1.3; +https://openai.com/gptbot)"
74.7.227.152 - - [14/Dec/2025:06:19:08 -0700] "GET /prv8.php?fileloc=//proc/69/task/69/net/snmp6&path=//proc/69/task/69/net HTTP/1.1" 200 6372 "-" "Mozilla/5.0 AppleWebKit/537.36 (KHTML, like Gecko; compatible; GPTBot/1.3; +https://openai.com/gptbot)"
74.7.227.152 - - [14/Dec/2025:06:19:08 -0700] "GET /prv8.php?fileloc=//proc/69/task/69/net/if_inet6&path=//proc/69/task/69/net HTTP/1.1" 200 3432 "-" "Mozilla/5.0 AppleWebKit/537.36 (KHTML, like Gecko; compatible; GPTBot/1.3; +https://openai.com/gptbot)"
105.72.39.86 - - [14/Dec/2025:06:19:08 -0700] "POST /wp-content/plugins/loginizer/assets/unzipper.php HTTP/1.1" 200 2848 "https://colaboradores.grupobalca.com/wp-content/plugins/loginizer/assets/unzipper.php" "Mozilla/5.0 (Windows NT 10.0; Win64; x64; rv:146.0) Gecko/20100101 Firefox/146.0"
74.7.227.152 - - [14/Dec/2025:06:19:09 -0700] "GET /prv8.php?fileloc=//proc/69/task/69/net/igmp6&path=//proc/69/task/69/net HTTP/1.1" 200 3747 "-" "Mozilla/5.0 AppleWebKit/537.36 (KHTML, like Gecko; compatible; GPTBot/1.3; +https://openai.com/gptbot)"
74.7.227.152 - - [14/Dec/2025:06:19:09 -0700] "GET /prv8.php?fileloc=//proc/31/task/31/net/if_inet6&path=//proc/31/task/31/net HTTP/1.1" 200 3432 "-" "Mozilla/5.0 AppleWebKit/537.36 (KHTML, like Gecko; compatible; GPTBot/1.3; +https://openai.com/gptbot)"
74.7.227.152 - - [14/Dec/2025:06:19:10 -0700] "GET /prv8.php?fileloc=//proc/31/task/31/net/ip6_tables_names&path=//proc/31/task/31/net HTTP/1.1" 200 3332 "-" "Mozilla/5.0 AppleWebKit/537.36 (KHTML, like Gecko; compatible; GPTBot/1.3; +https://openai.com/gptbot)"
74.7.227.152 - - [14/Dec/2025:06:19:10 -0700] "GET /prv8.php?fileloc=//proc/69/task/69/net/ip6_tables_names&path=//proc/69/task/69/net HTTP/1.1" 200 3332 "-" "Mozilla/5.0 AppleWebKit/537.36 (KHTML, like Gecko; compatible; GPTBot/1.3; +https://openai.com/gptbot)"
74.7.227.152 - - [14/Dec/2025:06:19:11 -0700] "GET /prv8.php?fileloc=//proc/31/task/31/net/netlink&path=//proc/31/task/31/net HTTP/1.1" 200 5109 "-" "Mozilla/5.0 AppleWebKit/537.36 (KHTML, like Gecko; compatible; GPTBot/1.3; +https://openai.com/gptbot)"
74.7.227.152 - - [14/Dec/2025:06:19:11 -0700] "GET /prv8.php?fileloc=//proc/69/task/69/net/netstat&path=//proc/69/task/69/net HTTP/1.1" 200 6276 "-" "Mozilla/5.0 AppleWebKit/537.36 (KHTML, like Gecko; compatible; GPTBot/1.3; +https://openai.com/gptbot)"
105.72.39.86 - - [14/Dec/2025:06:19:12 -0700] "POST /wp-content/plugins/pveul/admin/alexusMailer_v2.0.php?getBackgroundState HTTP/1.1" 200 4 "https://colaboradores.grupobalca.com/wp-content/plugins/pveul/admin/alexusMailer_v2.0.php" "Mozilla/5.0 (Windows NT 10.0; Win64; x64; rv:146.0) Gecko/20100101 Firefox/146.0"
74.7.227.152 - - [14/Dec/2025:06:19:12 -0700] "GET /prv8.php?fileloc=//proc/69/task/69/net/netlink&path=//proc/69/task/69/net HTTP/1.1" 200 5109 "-" "Mozilla/5.0 AppleWebKit/537.36 (KHTML, like Gecko; compatible; GPTBot/1.3; +https://openai.com/gptbot)"
74.7.227.152 - - [14/Dec/2025:06:19:12 -0700] "GET /prv8.php?fileloc=//proc/31/task/31/net/netstat&path=//proc/31/task/31/net HTTP/1.1" 200 6276 "-" "Mozilla/5.0 AppleWebKit/537.36 (KHTML, like Gecko; compatible; GPTBot/1.3; +https://openai.com/gptbot)"
74.7.227.152 - - [14/Dec/2025:06:19:13 -0700] "GET /prv8.php?fileloc=//proc/31/task/31/net/packet&path=//proc/31/task/31/net HTTP/1.1" 200 3447 "-" "Mozilla/5.0 AppleWebKit/537.36 (KHTML, like Gecko; compatible; GPTBot/1.3; +https://openai.com/gptbot)"
74.7.227.152 - - [14/Dec/2025:06:19:13 -0700] "GET /prv8.php?fileloc=//proc/69/task/69/net/packet&path=//proc/69/task/69/net HTTP/1.1" 200 3447 "-" "Mozilla/5.0 AppleWebKit/537.36 (KHTML, like Gecko; compatible; GPTBot/1.3; +https://openai.com/gptbot)"
74.7.227.152 - - [14/Dec/2025:06:19:14 -0700] "GET /prv8.php?fileloc=//proc/31/task/31/net/snmp6&path=//proc/31/task/31/net HTTP/1.1" 200 6372 "-" "Mozilla/5.0 AppleWebKit/537.36 (KHTML, like Gecko; compatible; GPTBot/1.3; +https://openai.com/gptbot)"
74.7.227.152 - - [14/Dec/2025:06:19:15 -0700] "GET /prv8.php?fileloc=//proc/31/task/31/net/igmp6&path=//proc/31/task/31/net HTTP/1.1" 200 3747 "-" "Mozilla/5.0 AppleWebKit/537.36 (KHTML, like Gecko; compatible; GPTBot/1.3; +https://openai.com/gptbot)"
74.7.227.152 - - [14/Dec/2025:06:19:15 -0700] "GET /prv8.php?fileloc=//proc/69/task/69/net/udplite&path=//proc/69/task/69/net HTTP/1.1" 200 3454 "-" "Mozilla/5.0 AppleWebKit/537.36 (KHTML, like Gecko; compatible; GPTBot/1.3; +https://openai.com/gptbot)"
105.72.39.86 - - [14/Dec/2025:06:19:15 -0700] "POST /prv8.php?pilihan&path=/home/grupobalcacom/public_html/colaboradores.grupobalca.com/wp-content/plugins/loginizer/assets HTTP/1.1" 200 10376 "https://colaboradores.grupobalca.com/prv8.php?path=/home/grupobalcacom/public_html/colaboradores.grupobalca.com/wp-content/plugins/loginizer/assets" "Mozilla/5.0 (Windows NT 10.0; Win64; x64; rv:146.0) Gecko/20100101 Firefox/146.0"
74.7.227.152 - - [14/Dec/2025:06:19:16 -0700] "GET /prv8.php?fileloc=//proc/31/task/31/net/ip6_flowlabel&path=//proc/31/task/31/net HTTP/1.1" 200 3404 "-" "Mozilla/5.0 AppleWebKit/537.36 (KHTML, like Gecko; compatible; GPTBot/1.3; +https://openai.com/gptbot)"
74.7.227.152 - - [14/Dec/2025:06:19:16 -0700] "GET /prv8.php?fileloc=//proc/31/task/31/net/udplite&path=//proc/31/task/31/net HTTP/1.1" 200 3454 "-" "Mozilla/5.0 AppleWebKit/537.36 (KHTML, like Gecko; compatible; GPTBot/1.3; +https://openai.com/gptbot)"
74.7.227.152 - - [14/Dec/2025:06:19:17 -0700] "GET /prv8.php?fileloc=//proc/69/task/69/net/psched&path=//proc/69/task/69/net HTTP/1.1" 200 3358 "-" "Mozilla/5.0 AppleWebKit/537.36 (KHTML, like Gecko; compatible; GPTBot/1.3; +https://openai.com/gptbot)"
105.72.39.86 - - [14/Dec/2025:06:19:17 -0700] "POST /wp-content/plugins/pveul/admin/alexusMailer_v2.0.php?getBackgroundState HTTP/1.1" 200 4 "https://colaboradores.grupobalca.com/wp-content/plugins/pveul/admin/alexusMailer_v2.0.php" "Mozilla/5.0 (Windows NT 10.0; Win64; x64; rv:146.0) Gecko/20100101 Firefox/146.0"
74.7.227.152 - - [14/Dec/2025:06:19:17 -0700] "GET /prv8.php?fileloc=//proc/31/task/31/net/psched&path=//proc/31/task/31/net HTTP/1.1" 200 3358 "-" "Mozilla/5.0 AppleWebKit/537.36 (KHTML, like Gecko; compatible; GPTBot/1.3; +https://openai.com/gptbot)"
