74.7.227.152 - - [14/Dec/2025:05:58:41 -0700] "GET /prv8.php?path=//proc/9864/attr HTTP/1.1" 200 8370 "-" "Mozilla/5.0 AppleWebKit/537.36 (KHTML, like Gecko; compatible; GPTBot/1.3; +https://openai.com/gptbot)"
74.7.227.152 - - [14/Dec/2025:05:58:41 -0700] "GET /prv8.php?path=//proc/5284/attr HTTP/1.1" 200 8370 "-" "Mozilla/5.0 AppleWebKit/537.36 (KHTML, like Gecko; compatible; GPTBot/1.3; +https://openai.com/gptbot)"
74.7.227.152 - - [14/Dec/2025:05:58:42 -0700] "GET /prv8.php?path=//proc/4148/attr HTTP/1.1" 200 8370 "-" "Mozilla/5.0 AppleWebKit/537.36 (KHTML, like Gecko; compatible; GPTBot/1.3; +https://openai.com/gptbot)"
74.7.227.152 - - [14/Dec/2025:05:58:42 -0700] "GET /prv8.php?path=//proc/2248/attr HTTP/1.1" 200 8370 "-" "Mozilla/5.0 AppleWebKit/537.36 (KHTML, like Gecko; compatible; GPTBot/1.3; +https://openai.com/gptbot)"
74.7.227.152 - - [14/Dec/2025:05:58:43 -0700] "GET /prv8.php?path=//usr/lib64/pkcs11 HTTP/1.1" 200 4363 "-" "Mozilla/5.0 AppleWebKit/537.36 (KHTML, like Gecko; compatible; GPTBot/1.3; +https://openai.com/gptbot)"
74.7.227.152 - - [14/Dec/2025:05:58:43 -0700] "GET /prv8.php?path=//lib64/python3.6 HTTP/1.1" 200 162501 "-" "Mozilla/5.0 AppleWebKit/537.36 (KHTML, like Gecko; compatible; GPTBot/1.3; +https://openai.com/gptbot)"
74.7.227.152 - - [14/Dec/2025:05:58:44 -0700] "GET /prv8.php?path=//lib64/python2.7 HTTP/1.1" 200 527874 "-" "Mozilla/5.0 AppleWebKit/537.36 (KHTML, like Gecko; compatible; GPTBot/1.3; +https://openai.com/gptbot)"
74.7.227.152 - - [14/Dec/2025:05:58:44 -0700] "GET /prv8.php?path=//proc/8783/task HTTP/1.1" 200 4229 "-" "Mozilla/5.0 AppleWebKit/537.36 (KHTML, like Gecko; compatible; GPTBot/1.3; +https://openai.com/gptbot)"
74.7.227.152 - - [14/Dec/2025:05:58:45 -0700] "GET /prv8.php?path=//proc/4139/attr HTTP/1.1" 200 8370 "-" "Mozilla/5.0 AppleWebKit/537.36 (KHTML, like Gecko; compatible; GPTBot/1.3; +https://openai.com/gptbot)"
74.7.227.152 - - [14/Dec/2025:05:58:45 -0700] "GET /prv8.php?path=//proc/1439/attr HTTP/1.1" 200 8370 "-" "Mozilla/5.0 AppleWebKit/537.36 (KHTML, like Gecko; compatible; GPTBot/1.3; +https://openai.com/gptbot)"
105.72.39.86 - - [14/Dec/2025:05:58:46 -0700] "POST /wp-content/plugins/pveul/admin/alexusMailer_v2.0.php?getBackgroundState HTTP/1.1" 200 4 "https://colaboradores.grupobalca.com/wp-content/plugins/pveul/admin/alexusMailer_v2.0.php" "Mozilla/5.0 (Windows NT 10.0; Win64; x64; rv:146.0) Gecko/20100101 Firefox/146.0"
74.7.227.152 - - [14/Dec/2025:05:58:46 -0700] "GET /prv8.php?path=//proc/9686/task HTTP/1.1" 200 8453 "-" "Mozilla/5.0 AppleWebKit/537.36 (KHTML, like Gecko; compatible; GPTBot/1.3; +https://openai.com/gptbot)"
74.7.227.152 - - [14/Dec/2025:05:58:46 -0700] "GET /prv8.php?path=//proc/6530/attr HTTP/1.1" 200 8370 "-" "Mozilla/5.0 AppleWebKit/537.36 (KHTML, like Gecko; compatible; GPTBot/1.3; +https://openai.com/gptbot)"
74.7.227.152 - - [14/Dec/2025:05:58:47 -0700] "GET /prv8.php?path=//proc/6453/attr HTTP/1.1" 200 8370 "-" "Mozilla/5.0 AppleWebKit/537.36 (KHTML, like Gecko; compatible; GPTBot/1.3; +https://openai.com/gptbot)"
74.7.227.152 - - [14/Dec/2025:05:58:48 -0700] "GET /prv8.php?path=//proc/3303/task HTTP/1.1" 200 4229 "-" "Mozilla/5.0 AppleWebKit/537.36 (KHTML, like Gecko; compatible; GPTBot/1.3; +https://openai.com/gptbot)"
74.7.227.152 - - [14/Dec/2025:05:58:48 -0700] "GET /prv8.php?path=//proc/9136/attr HTTP/1.1" 200 8370 "-" "Mozilla/5.0 AppleWebKit/537.36 (KHTML, like Gecko; compatible; GPTBot/1.3; +https://openai.com/gptbot)"
74.7.227.152 - - [14/Dec/2025:05:58:49 -0700] "GET /prv8.php?path=//proc/6450/attr HTTP/1.1" 200 8370 "-" "Mozilla/5.0 AppleWebKit/537.36 (KHTML, like Gecko; compatible; GPTBot/1.3; +https://openai.com/gptbot)"
74.7.227.152 - - [14/Dec/2025:05:58:49 -0700] "GET /prv8.php?path=//lib64/python3.6/ensurepip HTTP/1.1" 200 7623 "-" "Mozilla/5.0 AppleWebKit/537.36 (KHTML, like Gecko; compatible; GPTBot/1.3; +https://openai.com/gptbot)"
74.7.227.152 - - [14/Dec/2025:05:58:50 -0700] "GET /prv8.php?fileloc=//lib64/python2.7/calendar.py&path=//lib64/python2.7 HTTP/1.1" 200 29105 "-" "Mozilla/5.0 AppleWebKit/537.36 (KHTML, like Gecko; compatible; GPTBot/1.3; +https://openai.com/gptbot)"
74.7.227.152 - - [14/Dec/2025:05:58:50 -0700] "GET /prv8.php?fileloc=//lib64/python2.7/HTMLParser.pyc&path=//lib64/python2.7 HTTP/1.1" 200 3216 "-" "Mozilla/5.0 AppleWebKit/537.36 (KHTML, like Gecko; compatible; GPTBot/1.3; +https://openai.com/gptbot)"
105.72.39.86 - - [14/Dec/2025:05:58:50 -0700] "POST /wp-content/plugins/pveul/admin/alexusMailer_v2.0.php?getBackgroundState HTTP/1.1" 200 4 "https://colaboradores.grupobalca.com/wp-content/plugins/pveul/admin/alexusMailer_v2.0.php" "Mozilla/5.0 (Windows NT 10.0; Win64; x64; rv:146.0) Gecko/20100101 Firefox/146.0"
74.7.227.152 - - [14/Dec/2025:05:58:51 -0700] "GET /prv8.php?fileloc=//lib64/python2.7/uu.py&path=//lib64/python2.7 HTTP/1.1" 200 9942 "-" "Mozilla/5.0 AppleWebKit/537.36 (KHTML, like Gecko; compatible; GPTBot/1.3; +https://openai.com/gptbot)"
74.7.227.152 - - [14/Dec/2025:05:58:51 -0700] "GET /prv8.php?fileloc=//lib64/python3.6/plistlib.py&path=//lib64/python3.6 HTTP/1.1" 200 37944 "-" "Mozilla/5.0 AppleWebKit/537.36 (KHTML, like Gecko; compatible; GPTBot/1.3; +https://openai.com/gptbot)"
74.7.227.152 - - [14/Dec/2025:05:58:52 -0700] "GET /prv8.php?fileloc=//lib64/python2.7/contextlib.pyc&path=//lib64/python2.7 HTTP/1.1" 200 3216 "-" "Mozilla/5.0 AppleWebKit/537.36 (KHTML, like Gecko; compatible; GPTBot/1.3; +https://openai.com/gptbot)"
74.7.227.152 - - [14/Dec/2025:05:58:52 -0700] "GET /prv8.php?fileloc=//lib64/python2.7/dumbdbm.py&path=//lib64/python2.7 HTTP/1.1" 200 12139 "-" "Mozilla/5.0 AppleWebKit/537.36 (KHTML, like Gecko; compatible; GPTBot/1.3; +https://openai.com/gptbot)"
74.7.227.152 - - [14/Dec/2025:05:58:55 -0700] "GET /prv8.php?fileloc=//lib64/python2.7/hashlib.pyc&path=//lib64/python2.7 HTTP/1.1" 200 3213 "-" "Mozilla/5.0 AppleWebKit/537.36 (KHTML, like Gecko; compatible; GPTBot/1.3; +https://openai.com/gptbot)"
105.72.39.86 - - [14/Dec/2025:05:58:56 -0700] "POST /wp-content/plugins/pveul/admin/alexusMailer_v2.0.php?getBackgroundState HTTP/1.1" 200 4 "https://colaboradores.grupobalca.com/wp-content/plugins/pveul/admin/alexusMailer_v2.0.php" "Mozilla/5.0 (Windows NT 10.0; Win64; x64; rv:146.0) Gecko/20100101 Firefox/146.0"
74.7.227.152 - - [14/Dec/2025:05:58:56 -0700] "GET /prv8.php?fileloc=//lib64/python2.7/zipfile.pyc&path=//lib64/python2.7 HTTP/1.1" 200 3213 "-" "Mozilla/5.0 AppleWebKit/537.36 (KHTML, like Gecko; compatible; GPTBot/1.3; +https://openai.com/gptbot)"
74.7.227.152 - - [14/Dec/2025:05:58:57 -0700] "GET /prv8.php?path=//lib64/python2.7/importlib HTTP/1.1" 200 6109 "-" "Mozilla/5.0 AppleWebKit/537.36 (KHTML, like Gecko; compatible; GPTBot/1.3; +https://openai.com/gptbot)"
74.7.227.152 - - [14/Dec/2025:05:58:57 -0700] "GET /prv8.php?path=//lib64/python3.6/importlib HTTP/1.1" 200 9436 "-" "Mozilla/5.0 AppleWebKit/537.36 (KHTML, like Gecko; compatible; GPTBot/1.3; +https://openai.com/gptbot)"
74.7.227.152 - - [14/Dec/2025:05:58:58 -0700] "GET /prv8.php?path=//lib64/python3.6/ensurepip/rewheel HTTP/1.1" 200 5288 "-" "Mozilla/5.0 AppleWebKit/537.36 (KHTML, like Gecko; compatible; GPTBot/1.3; +https://openai.com/gptbot)"
74.7.227.152 - - [14/Dec/2025:05:58:58 -0700] "GET /prv8.php?fileloc=//lib64/python2.7/linecache.pyc&path=//lib64/python2.7 HTTP/1.1" 200 3215 "-" "Mozilla/5.0 AppleWebKit/537.36 (KHTML, like Gecko; compatible; GPTBot/1.3; +https://openai.com/gptbot)"
74.7.227.152 - - [14/Dec/2025:05:58:59 -0700] "GET /prv8.php?path=//lib64/python2.7/distutils HTTP/1.1" 200 78741 "-" "Mozilla/5.0 AppleWebKit/537.36 (KHTML, like Gecko; compatible; GPTBot/1.3; +https://openai.com/gptbot)"
74.7.227.152 - - [14/Dec/2025:05:58:59 -0700] "GET /prv8.php?path=//lib64/python3.6/concurrent HTTP/1.1" 200 5929 "-" "Mozilla/5.0 AppleWebKit/537.36 (KHTML, like Gecko; compatible; GPTBot/1.3; +https://openai.com/gptbot)"
74.7.227.152 - - [14/Dec/2025:05:59:00 -0700] "GET /prv8.php?path=//lib64/python3.6/distutils HTTP/1.1" 200 29755 "-" "Mozilla/5.0 AppleWebKit/537.36 (KHTML, like Gecko; compatible; GPTBot/1.3; +https://openai.com/gptbot)"
74.7.227.152 - - [14/Dec/2025:05:59:00 -0700] "GET /prv8.php?path=//lib64/python3.6/test HTTP/1.1" 200 5857 "-" "Mozilla/5.0 AppleWebKit/537.36 (KHTML, like Gecko; compatible; GPTBot/1.3; +https://openai.com/gptbot)"
74.7.227.152 - - [14/Dec/2025:05:59:01 -0700] "GET /prv8.php?path=//lib64/python3.6/lib-dynload HTTP/1.1" 200 60960 "-" "Mozilla/5.0 AppleWebKit/537.36 (KHTML, like Gecko; compatible; GPTBot/1.3; +https://openai.com/gptbot)"
74.7.227.152 - - [14/Dec/2025:05:59:01 -0700] "GET /prv8.php?path=//lib64/python3.6/encodings HTTP/1.1" 200 110377 "-" "Mozilla/5.0 AppleWebKit/537.36 (KHTML, like Gecko; compatible; GPTBot/1.3; +https://openai.com/gptbot)"
74.7.227.152 - - [14/Dec/2025:05:59:02 -0700] "GET /prv8.php?path=//lib64/python2.7/encodings HTTP/1.1" 200 310036 "-" "Mozilla/5.0 AppleWebKit/537.36 (KHTML, like Gecko; compatible; GPTBot/1.3; +https://openai.com/gptbot)"
74.7.227.152 - - [14/Dec/2025:05:59:02 -0700] "GET /prv8.php?path=//proc/8866/task HTTP/1.1" 200 4229 "-" "Mozilla/5.0 AppleWebKit/537.36 (KHTML, like Gecko; compatible; GPTBot/1.3; +https://openai.com/gptbot)"
105.72.39.86 - - [14/Dec/2025:05:59:03 -0700] "POST /wp-content/plugins/pveul/admin/alexusMailer_v2.0.php?getBackgroundState HTTP/1.1" 200 4 "https://colaboradores.grupobalca.com/wp-content/plugins/pveul/admin/alexusMailer_v2.0.php" "Mozilla/5.0 (Windows NT 10.0; Win64; x64; rv:146.0) Gecko/20100101 Firefox/146.0"
74.7.227.152 - - [14/Dec/2025:05:59:03 -0700] "GET /prv8.php?path=//proc/2248/task HTTP/1.1" 200 4229 "-" "Mozilla/5.0 AppleWebKit/537.36 (KHTML, like Gecko; compatible; GPTBot/1.3; +https://openai.com/gptbot)"
74.7.227.152 - - [14/Dec/2025:05:59:03 -0700] "GET /prv8.php?path=//proc/2761/attr HTTP/1.1" 200 8370 "-" "Mozilla/5.0 AppleWebKit/537.36 (KHTML, like Gecko; compatible; GPTBot/1.3; +https://openai.com/gptbot)"
74.7.227.152 - - [14/Dec/2025:05:59:04 -0700] "GET /prv8.php?path=//proc/1506/attr HTTP/1.1" 200 8370 "-" "Mozilla/5.0 AppleWebKit/537.36 (KHTML, like Gecko; compatible; GPTBot/1.3; +https://openai.com/gptbot)"
74.7.227.152 - - [14/Dec/2025:05:59:04 -0700] "GET /prv8.php?path=//proc/4148/task HTTP/1.1" 200 4229 "-" "Mozilla/5.0 AppleWebKit/537.36 (KHTML, like Gecko; compatible; GPTBot/1.3; +https://openai.com/gptbot)"
74.7.227.152 - - [14/Dec/2025:05:59:05 -0700] "GET /prv8.php?path=//proc/7932/attr HTTP/1.1" 200 8370 "-" "Mozilla/5.0 AppleWebKit/537.36 (KHTML, like Gecko; compatible; GPTBot/1.3; +https://openai.com/gptbot)"
105.72.39.86 - - [14/Dec/2025:05:58:58 -0700] "POST /prv8.php?path=/home/grupobalcacom/public_html/colaboradores.grupobalca.com/wp-content/plugins/loginizer/assets HTTP/1.1" 200 8364 "https://colaboradores.grupobalca.com/prv8.php?path=/home/grupobalcacom/public_html/colaboradores.grupobalca.com/wp-content/plugins/loginizer/assets" "Mozilla/5.0 (Windows NT 10.0; Win64; x64; rv:146.0) Gecko/20100101 Firefox/146.0"
74.7.227.152 - - [14/Dec/2025:05:59:05 -0700] "GET /prv8.php?path=//proc/1507/attr HTTP/1.1" 200 8370 "-" "Mozilla/5.0 AppleWebKit/537.36 (KHTML, like Gecko; compatible; GPTBot/1.3; +https://openai.com/gptbot)"
105.72.39.86 - - [14/Dec/2025:05:59:06 -0700] "POST /wp-content/plugins/pveul/admin/alexusMailer_v2.0.php?getBackgroundState HTTP/1.1" 200 4 "https://colaboradores.grupobalca.com/wp-content/plugins/pveul/admin/alexusMailer_v2.0.php" "Mozilla/5.0 (Windows NT 10.0; Win64; x64; rv:146.0) Gecko/20100101 Firefox/146.0"
74.7.227.152 - - [14/Dec/2025:05:59:06 -0700] "GET /prv8.php?path=//lib64/python3.6/test/support HTTP/1.1" 200 6991 "-" "Mozilla/5.0 AppleWebKit/537.36 (KHTML, like Gecko; compatible; GPTBot/1.3; +https://openai.com/gptbot)"
74.7.227.152 - - [14/Dec/2025:05:59:07 -0700] "GET /prv8.php?path=//lib64/python3.6/distutils/command HTTP/1.1" 200 25679 "-" "Mozilla/5.0 AppleWebKit/537.36 (KHTML, like Gecko; compatible; GPTBot/1.3; +https://openai.com/gptbot)"
74.7.227.152 - - [14/Dec/2025:05:59:07 -0700] "GET /prv8.php?path=//lib64/python3.6/concurrent/futures HTTP/1.1" 200 7931 "-" "Mozilla/5.0 AppleWebKit/537.36 (KHTML, like Gecko; compatible; GPTBot/1.3; +https://openai.com/gptbot)"
74.7.227.152 - - [14/Dec/2025:05:59:08 -0700] "GET /prv8.php?path=//lib64/python2.7/distutils/command HTTP/1.1" 200 71250 "-" "Mozilla/5.0 AppleWebKit/537.36 (KHTML, like Gecko; compatible; GPTBot/1.3; +https://openai.com/gptbot)"
74.7.227.152 - - [14/Dec/2025:05:59:08 -0700] "GET /prv8.php?fileloc=//lib64/python3.6/lib-dynload/_hashlib.cpython-36m-x86_64-linux-gnu.so&path=//lib64/python3.6/lib-dynload HTTP/1.1" 200 3316 "-" "Mozilla/5.0 AppleWebKit/537.36 (KHTML, like Gecko; compatible; GPTBot/1.3; +https://openai.com/gptbot)"
74.7.227.152 - - [14/Dec/2025:05:59:09 -0700] "GET /prv8.php?path=//etc/imunify360/user_config/imb2025 HTTP/1.1" 200 3618 "-" "Mozilla/5.0 AppleWebKit/537.36 (KHTML, like Gecko; compatible; GPTBot/1.3; +https://openai.com/gptbot)"
74.7.227.152 - - [14/Dec/2025:05:59:09 -0700] "GET /prv8.php?path=//lib64/pkcs11 HTTP/1.1" 200 4309 "-" "Mozilla/5.0 AppleWebKit/537.36 (KHTML, like Gecko; compatible; GPTBot/1.3; +https://openai.com/gptbot)"
74.7.227.152 - - [14/Dec/2025:05:59:10 -0700] "GET /prv8.php?fileloc=//lib64/python2.7/encodings/iso8859_16.pyo&path=//lib64/python2.7/encodings HTTP/1.1" 200 3284 "-" "Mozilla/5.0 AppleWebKit/537.36 (KHTML, like Gecko; compatible; GPTBot/1.3; +https://openai.com/gptbot)"
74.7.227.152 - - [14/Dec/2025:05:59:10 -0700] "GET /prv8.php?fileloc=//lib64/python2.7/encodings/cp858.pyc&path=//lib64/python2.7/encodings HTTP/1.1" 200 3279 "-" "Mozilla/5.0 AppleWebKit/537.36 (KHTML, like Gecko; compatible; GPTBot/1.3; +https://openai.com/gptbot)"
74.7.227.152 - - [14/Dec/2025:05:59:11 -0700] "GET /prv8.php?path=//var/imunify360/aibolit/resident HTTP/1.1" 200 5131 "-" "Mozilla/5.0 AppleWebKit/537.36 (KHTML, like Gecko; compatible; GPTBot/1.3; +https://openai.com/gptbot)"
105.72.39.86 - - [14/Dec/2025:05:59:11 -0700] "POST /wp-content/plugins/pveul/admin/alexusMailer_v2.0.php?getBackgroundState HTTP/1.1" 200 4 "https://colaboradores.grupobalca.com/wp-content/plugins/pveul/admin/alexusMailer_v2.0.php" "Mozilla/5.0 (Windows NT 10.0; Win64; x64; rv:146.0) Gecko/20100101 Firefox/146.0"
74.7.227.152 - - [14/Dec/2025:05:59:11 -0700] "GET /prv8.php?path=//proc/558/ns HTTP/1.1" 200 3518 "-" "Mozilla/5.0 AppleWebKit/537.36 (KHTML, like Gecko; compatible; GPTBot/1.3; +https://openai.com/gptbot)"
74.7.227.152 - - [14/Dec/2025:05:59:12 -0700] "GET /prv8.php?path=//proc/558/fd HTTP/1.1" 200 3518 "-" "Mozilla/5.0 AppleWebKit/537.36 (KHTML, like Gecko; compatible; GPTBot/1.3; +https://openai.com/gptbot)"
74.7.227.152 - - [14/Dec/2025:05:59:12 -0700] "GET /prv8.php?fileloc=//lib64/python3.6/test/support/testresult.py&path=//lib64/python3.6/test/support HTTP/1.1" 200 10004 "-" "Mozilla/5.0 AppleWebKit/537.36 (KHTML, like Gecko; compatible; GPTBot/1.3; +https://openai.com/gptbot)"
74.7.227.152 - - [14/Dec/2025:05:59:13 -0700] "GET /prv8.php?fileloc=//lib64/python3.6/distutils/command/bdist_dumb.py&path=//lib64/python3.6/distutils/command HTTP/1.1" 200 8538 "-" "Mozilla/5.0 AppleWebKit/537.36 (KHTML, like Gecko; compatible; GPTBot/1.3; +https://openai.com/gptbot)"
74.7.227.152 - - [14/Dec/2025:05:59:13 -0700] "GET /prv8.php?fileloc=//lib64/python2.7/distutils/command/clean.pyc&path=//lib64/python2.7/distutils/command HTTP/1.1" 200 3351 "-" "Mozilla/5.0 AppleWebKit/537.36 (KHTML, like Gecko; compatible; GPTBot/1.3; +https://openai.com/gptbot)"
74.7.227.152 - - [14/Dec/2025:05:59:14 -0700] "GET /prv8.php?fileloc=//lib64/python3.6/test/support/script_helper.py&path=//lib64/python3.6/test/support HTTP/1.1" 200 14353 "-" "Mozilla/5.0 AppleWebKit/537.36 (KHTML, like Gecko; compatible; GPTBot/1.3; +https://openai.com/gptbot)"
74.7.227.152 - - [14/Dec/2025:05:59:14 -0700] "GET /prv8.php?path=//proc/706/ns HTTP/1.1" 200 3518 "-" "Mozilla/5.0 AppleWebKit/537.36 (KHTML, like Gecko; compatible; GPTBot/1.3; +https://openai.com/gptbot)"
74.7.227.152 - - [14/Dec/2025:05:59:15 -0700] "GET /prv8.php?path=//proc/619/ns HTTP/1.1" 200 3518 "-" "Mozilla/5.0 AppleWebKit/537.36 (KHTML, like Gecko; compatible; GPTBot/1.3; +https://openai.com/gptbot)"
74.7.227.152 - - [14/Dec/2025:05:59:15 -0700] "GET /prv8.php?path=//proc/554/fd HTTP/1.1" 200 3518 "-" "Mozilla/5.0 AppleWebKit/537.36 (KHTML, like Gecko; compatible; GPTBot/1.3; +https://openai.com/gptbot)"
74.7.227.152 - - [14/Dec/2025:05:59:16 -0700] "GET /prv8.php?path=//proc/285/ns HTTP/1.1" 200 3518 "-" "Mozilla/5.0 AppleWebKit/537.36 (KHTML, like Gecko; compatible; GPTBot/1.3; +https://openai.com/gptbot)"
74.7.227.152 - - [14/Dec/2025:05:59:16 -0700] "GET /prv8.php?path=//var/imunify360/aibolit/resident/in HTTP/1.1" 200 5304 "-" "Mozilla/5.0 AppleWebKit/537.36 (KHTML, like Gecko; compatible; GPTBot/1.3; +https://openai.com/gptbot)"
105.72.39.86 - - [14/Dec/2025:05:59:17 -0700] "POST /wp-content/plugins/pveul/admin/alexusMailer_v2.0.php?getBackgroundState HTTP/1.1" 200 4 "https://colaboradores.grupobalca.com/wp-content/plugins/pveul/admin/alexusMailer_v2.0.php" "Mozilla/5.0 (Windows NT 10.0; Win64; x64; rv:146.0) Gecko/20100101 Firefox/146.0"
74.7.227.152 - - [14/Dec/2025:05:59:17 -0700] "GET /prv8.php?path=//var/imunify360/aibolit/resident/out HTTP/1.1" 200 3670 "-" "Mozilla/5.0 AppleWebKit/537.36 (KHTML, like Gecko; compatible; GPTBot/1.3; +https://openai.com/gptbot)"
74.7.227.152 - - [14/Dec/2025:05:59:18 -0700] "GET /prv8.php?path=//proc/559/ns HTTP/1.1" 200 3518 "-" "Mozilla/5.0 AppleWebKit/537.36 (KHTML, like Gecko; compatible; GPTBot/1.3; +https://openai.com/gptbot)"
74.7.227.152 - - [14/Dec/2025:05:59:18 -0700] "GET /prv8.php?path=//proc/259/ns HTTP/1.1" 200 3518 "-" "Mozilla/5.0 AppleWebKit/537.36 (KHTML, like Gecko; compatible; GPTBot/1.3; +https://openai.com/gptbot)"
74.7.227.152 - - [14/Dec/2025:05:59:19 -0700] "GET /prv8.php?path=//proc/554/ns HTTP/1.1" 200 3518 "-" "Mozilla/5.0 AppleWebKit/537.36 (KHTML, like Gecko; compatible; GPTBot/1.3; +https://openai.com/gptbot)"
74.7.227.152 - - [14/Dec/2025:05:59:19 -0700] "GET /prv8.php?path=//proc/730/fd HTTP/1.1" 200 3518 "-" "Mozilla/5.0 AppleWebKit/537.36 (KHTML, like Gecko; compatible; GPTBot/1.3; +https://openai.com/gptbot)"
74.7.227.152 - - [14/Dec/2025:05:59:20 -0700] "GET /prv8.php?path=//proc/559/fd HTTP/1.1" 200 3518 "-" "Mozilla/5.0 AppleWebKit/537.36 (KHTML, like Gecko; compatible; GPTBot/1.3; +https://openai.com/gptbot)"
74.7.227.152 - - [14/Dec/2025:05:59:20 -0700] "GET /prv8.php?path=//proc/262/ns HTTP/1.1" 200 3518 "-" "Mozilla/5.0 AppleWebKit/537.36 (KHTML, like Gecko; compatible; GPTBot/1.3; +https://openai.com/gptbot)"
74.7.227.152 - - [14/Dec/2025:05:59:21 -0700] "GET /prv8.php?path=//proc/429/fd HTTP/1.1" 200 3518 "-" "Mozilla/5.0 AppleWebKit/537.36 (KHTML, like Gecko; compatible; GPTBot/1.3; +https://openai.com/gptbot)"
74.7.227.152 - - [14/Dec/2025:05:59:21 -0700] "GET /prv8.php?path=//proc/285/fd HTTP/1.1" 200 3518 "-" "Mozilla/5.0 AppleWebKit/537.36 (KHTML, like Gecko; compatible; GPTBot/1.3; +https://openai.com/gptbot)"
105.72.39.86 - - [14/Dec/2025:05:59:21 -0700] "POST /wp-content/plugins/pveul/admin/alexusMailer_v2.0.php?getBackgroundState HTTP/1.1" 200 4 "https://colaboradores.grupobalca.com/wp-content/plugins/pveul/admin/alexusMailer_v2.0.php" "Mozilla/5.0 (Windows NT 10.0; Win64; x64; rv:146.0) Gecko/20100101 Firefox/146.0"
74.7.227.152 - - [14/Dec/2025:05:59:22 -0700] "GET /prv8.php?path=//proc/262/fd HTTP/1.1" 200 3518 "-" "Mozilla/5.0 AppleWebKit/537.36 (KHTML, like Gecko; compatible; GPTBot/1.3; +https://openai.com/gptbot)"
74.7.227.152 - - [14/Dec/2025:05:59:22 -0700] "GET /prv8.php?path=//var/imunify360/aibolit/resident/in/notify-jobs HTTP/1.1" 200 3749 "-" "Mozilla/5.0 AppleWebKit/537.36 (KHTML, like Gecko; compatible; GPTBot/1.3; +https://openai.com/gptbot)"
74.7.227.152 - - [14/Dec/2025:05:59:23 -0700] "GET /prv8.php?path=//var/imunify360/aibolit/resident/in/upload-jobs HTTP/1.1" 200 4676 "-" "Mozilla/5.0 AppleWebKit/537.36 (KHTML, like Gecko; compatible; GPTBot/1.3; +https://openai.com/gptbot)"
74.7.227.152 - - [14/Dec/2025:05:59:23 -0700] "GET /prv8.php?path=//proc/506/ns HTTP/1.1" 200 3518 "-" "Mozilla/5.0 AppleWebKit/537.36 (KHTML, like Gecko; compatible; GPTBot/1.3; +https://openai.com/gptbot)"
74.7.227.152 - - [14/Dec/2025:05:59:24 -0700] "GET /prv8.php?path=//proc/248/ns HTTP/1.1" 200 3518 "-" "Mozilla/5.0 AppleWebKit/537.36 (KHTML, like Gecko; compatible; GPTBot/1.3; +https://openai.com/gptbot)"
74.7.227.152 - - [14/Dec/2025:05:59:27 -0700] "GET /prv8.php?path=//proc/431/ns HTTP/1.1" 200 3518 "-" "Mozilla/5.0 AppleWebKit/537.36 (KHTML, like Gecko; compatible; GPTBot/1.3; +https://openai.com/gptbot)"
105.72.39.86 - - [14/Dec/2025:05:59:28 -0700] "POST /wp-content/plugins/pveul/admin/alexusMailer_v2.0.php?getBackgroundState HTTP/1.1" 200 4 "https://colaboradores.grupobalca.com/wp-content/plugins/pveul/admin/alexusMailer_v2.0.php" "Mozilla/5.0 (Windows NT 10.0; Win64; x64; rv:146.0) Gecko/20100101 Firefox/146.0"
105.72.39.86 - - [14/Dec/2025:05:59:28 -0700] "GET /wp-content/plugins/loginizer/assets/unzipper.php HTTP/1.1" 200 2871 "-" "Mozilla/5.0 (Windows NT 10.0; Win64; x64; rv:146.0) Gecko/20100101 Firefox/146.0"
74.7.227.152 - - [14/Dec/2025:05:59:29 -0700] "GET /prv8.php?path=//proc/261/fd HTTP/1.1" 200 3518 "-" "Mozilla/5.0 AppleWebKit/537.36 (KHTML, like Gecko; compatible; GPTBot/1.3; +https://openai.com/gptbot)"
74.7.227.152 - - [14/Dec/2025:05:59:30 -0700] "GET /prv8.php?path=//proc/729/ns HTTP/1.1" 200 3518 "-" "Mozilla/5.0 AppleWebKit/537.36 (KHTML, like Gecko; compatible; GPTBot/1.3; +https://openai.com/gptbot)"
74.7.227.152 - - [14/Dec/2025:05:59:30 -0700] "GET /prv8.php?path=//proc/506/fd HTTP/1.1" 200 3518 "-" "Mozilla/5.0 AppleWebKit/537.36 (KHTML, like Gecko; compatible; GPTBot/1.3; +https://openai.com/gptbot)"
74.7.227.152 - - [14/Dec/2025:05:59:30 -0700] "GET /prv8.php?path=//proc/728/fd HTTP/1.1" 200 3518 "-" "Mozilla/5.0 AppleWebKit/537.36 (KHTML, like Gecko; compatible; GPTBot/1.3; +https://openai.com/gptbot)"
74.7.227.152 - - [14/Dec/2025:05:59:31 -0700] "GET /prv8.php?path=//proc/730/ns HTTP/1.1" 200 3518 "-" "Mozilla/5.0 AppleWebKit/537.36 (KHTML, like Gecko; compatible; GPTBot/1.3; +https://openai.com/gptbot)"
105.72.39.86 - - [14/Dec/2025:05:59:31 -0700] "POST /wp-content/plugins/loginizer/assets/unzipper.php HTTP/1.1" 200 2848 "https://colaboradores.grupobalca.com/wp-content/plugins/loginizer/assets/unzipper.php" "Mozilla/5.0 (Windows NT 10.0; Win64; x64; rv:146.0) Gecko/20100101 Firefox/146.0"
74.7.227.152 - - [14/Dec/2025:05:59:31 -0700] "GET /prv8.php?path=//proc/265/ns HTTP/1.1" 200 3518 "-" "Mozilla/5.0 AppleWebKit/537.36 (KHTML, like Gecko; compatible; GPTBot/1.3; +https://openai.com/gptbot)"
74.7.227.152 - - [14/Dec/2025:05:59:32 -0700] "GET /prv8.php?path=//proc/706/fd HTTP/1.1" 200 3518 "-" "Mozilla/5.0 AppleWebKit/537.36 (KHTML, like Gecko; compatible; GPTBot/1.3; +https://openai.com/gptbot)"
105.72.39.86 - - [14/Dec/2025:05:59:32 -0700] "POST /wp-content/plugins/pveul/admin/alexusMailer_v2.0.php?getBackgroundState HTTP/1.1" 200 4 "https://colaboradores.grupobalca.com/wp-content/plugins/pveul/admin/alexusMailer_v2.0.php" "Mozilla/5.0 (Windows NT 10.0; Win64; x64; rv:146.0) Gecko/20100101 Firefox/146.0"
74.7.227.152 - - [14/Dec/2025:05:59:33 -0700] "GET /prv8.php?path=//proc/429/ns HTTP/1.1" 200 3518 "-" "Mozilla/5.0 AppleWebKit/537.36 (KHTML, like Gecko; compatible; GPTBot/1.3; +https://openai.com/gptbot)"
74.7.227.152 - - [14/Dec/2025:05:59:33 -0700] "GET /prv8.php?path=//proc/507/ns HTTP/1.1" 200 3518 "-" "Mozilla/5.0 AppleWebKit/537.36 (KHTML, like Gecko; compatible; GPTBot/1.3; +https://openai.com/gptbot)"
74.7.227.152 - - [14/Dec/2025:05:59:34 -0700] "GET /prv8.php?path=//proc/619/fd HTTP/1.1" 200 3518 "-" "Mozilla/5.0 AppleWebKit/537.36 (KHTML, like Gecko; compatible; GPTBot/1.3; +https://openai.com/gptbot)"
74.7.227.152 - - [14/Dec/2025:05:59:34 -0700] "GET /prv8.php?path=//proc/264/fd HTTP/1.1" 200 3518 "-" "Mozilla/5.0 AppleWebKit/537.36 (KHTML, like Gecko; compatible; GPTBot/1.3; +https://openai.com/gptbot)"
74.7.227.152 - - [14/Dec/2025:05:59:35 -0700] "GET /prv8.php?path=//proc/507/fd HTTP/1.1" 200 3518 "-" "Mozilla/5.0 AppleWebKit/537.36 (KHTML, like Gecko; compatible; GPTBot/1.3; +https://openai.com/gptbot)"
74.7.227.152 - - [14/Dec/2025:05:59:35 -0700] "GET /prv8.php?path=//proc/261/ns HTTP/1.1" 200 3518 "-" "Mozilla/5.0 AppleWebKit/537.36 (KHTML, like Gecko; compatible; GPTBot/1.3; +https://openai.com/gptbot)"
74.7.227.152 - - [14/Dec/2025:05:59:36 -0700] "GET /prv8.php?path=//proc/263/ns HTTP/1.1" 200 3518 "-" "Mozilla/5.0 AppleWebKit/537.36 (KHTML, like Gecko; compatible; GPTBot/1.3; +https://openai.com/gptbot)"
74.7.227.152 - - [14/Dec/2025:05:59:36 -0700] "GET /prv8.php?path=//proc/259/fd HTTP/1.1" 200 3518 "-" "Mozilla/5.0 AppleWebKit/537.36 (KHTML, like Gecko; compatible; GPTBot/1.3; +https://openai.com/gptbot)"
74.7.227.152 - - [14/Dec/2025:05:59:37 -0700] "GET /prv8.php?path=//proc/260/ns HTTP/1.1" 200 3518 "-" "Mozilla/5.0 AppleWebKit/537.36 (KHTML, like Gecko; compatible; GPTBot/1.3; +https://openai.com/gptbot)"
74.7.227.152 - - [14/Dec/2025:05:59:37 -0700] "GET /prv8.php?path=//proc/263/fd HTTP/1.1" 200 3518 "-" "Mozilla/5.0 AppleWebKit/537.36 (KHTML, like Gecko; compatible; GPTBot/1.3; +https://openai.com/gptbot)"
105.72.39.86 - - [14/Dec/2025:05:59:37 -0700] "POST /wp-content/plugins/pveul/admin/alexusMailer_v2.0.php?getBackgroundState HTTP/1.1" 200 4 "https://colaboradores.grupobalca.com/wp-content/plugins/pveul/admin/alexusMailer_v2.0.php" "Mozilla/5.0 (Windows NT 10.0; Win64; x64; rv:146.0) Gecko/20100101 Firefox/146.0"
74.7.227.152 - - [14/Dec/2025:05:59:38 -0700] "GET /prv8.php?path=//proc/248/fd HTTP/1.1" 200 3518 "-" "Mozilla/5.0 AppleWebKit/537.36 (KHTML, like Gecko; compatible; GPTBot/1.3; +https://openai.com/gptbot)"
74.7.227.152 - - [14/Dec/2025:05:59:38 -0700] "GET /prv8.php?path=//proc/728/ns HTTP/1.1" 200 3518 "-" "Mozilla/5.0 AppleWebKit/537.36 (KHTML, like Gecko; compatible; GPTBot/1.3; +https://openai.com/gptbot)"
74.7.227.152 - - [14/Dec/2025:05:59:39 -0700] "GET /prv8.php?path=//proc/286/fd HTTP/1.1" 200 3518 "-" "Mozilla/5.0 AppleWebKit/537.36 (KHTML, like Gecko; compatible; GPTBot/1.3; +https://openai.com/gptbot)"
105.72.39.86 - - [14/Dec/2025:05:59:39 -0700] "POST /prv8.php?pilihan&path=/home/grupobalcacom/public_html/colaboradores.grupobalca.com/wp-content/plugins/loginizer/assets HTTP/1.1" 200 10361 "https://colaboradores.grupobalca.com/prv8.php?path=/home/grupobalcacom/public_html/colaboradores.grupobalca.com/wp-content/plugins/loginizer/assets" "Mozilla/5.0 (Windows NT 10.0; Win64; x64; rv:146.0) Gecko/20100101 Firefox/146.0"
74.7.227.152 - - [14/Dec/2025:05:59:39 -0700] "GET /prv8.php?path=//proc/264/ns HTTP/1.1" 200 3518 "-" "Mozilla/5.0 AppleWebKit/537.36 (KHTML, like Gecko; compatible; GPTBot/1.3; +https://openai.com/gptbot)"
74.7.227.152 - - [14/Dec/2025:05:59:40 -0700] "GET /prv8.php?path=//proc/286/ns HTTP/1.1" 200 3518 "-" "Mozilla/5.0 AppleWebKit/537.36 (KHTML, like Gecko; compatible; GPTBot/1.3; +https://openai.com/gptbot)"
74.7.227.152 - - [14/Dec/2025:05:59:40 -0700] "GET /prv8.php?path=//proc/130/ns HTTP/1.1" 200 3518 "-" "Mozilla/5.0 AppleWebKit/537.36 (KHTML, like Gecko; compatible; GPTBot/1.3; +https://openai.com/gptbot)"
74.7.227.152 - - [14/Dec/2025:05:59:41 -0700] "GET /prv8.php?path=//proc/265/fd HTTP/1.1" 200 3518 "-" "Mozilla/5.0 AppleWebKit/537.36 (KHTML, like Gecko; compatible; GPTBot/1.3; +https://openai.com/gptbot)"
74.7.227.152 - - [14/Dec/2025:05:59:42 -0700] "GET /prv8.php?path=//proc/729/fd HTTP/1.1" 200 3518 "-" "Mozilla/5.0 AppleWebKit/537.36 (KHTML, like Gecko; compatible; GPTBot/1.3; +https://openai.com/gptbot)"
74.7.227.152 - - [14/Dec/2025:05:59:42 -0700] "GET /prv8.php?path=//proc/260/fd HTTP/1.1" 200 3518 "-" "Mozilla/5.0 AppleWebKit/537.36 (KHTML, like Gecko; compatible; GPTBot/1.3; +https://openai.com/gptbot)"
105.72.39.86 - - [14/Dec/2025:05:59:42 -0700] "POST /wp-content/plugins/pveul/admin/alexusMailer_v2.0.php?getBackgroundState HTTP/1.1" 200 4 "https://colaboradores.grupobalca.com/wp-content/plugins/pveul/admin/alexusMailer_v2.0.php" "Mozilla/5.0 (Windows NT 10.0; Win64; x64; rv:146.0) Gecko/20100101 Firefox/146.0"
74.7.227.152 - - [14/Dec/2025:05:59:43 -0700] "GET /prv8.php?path=//proc/431/fd HTTP/1.1" 200 3518 "-" "Mozilla/5.0 AppleWebKit/537.36 (KHTML, like Gecko; compatible; GPTBot/1.3; +https://openai.com/gptbot)"
74.7.227.152 - - [14/Dec/2025:05:59:43 -0700] "GET /prv8.php?path=//lib64/aspell-0.60 HTTP/1.1" 200 68773 "-" "Mozilla/5.0 AppleWebKit/537.36 (KHTML, like Gecko; compatible; GPTBot/1.3; +https://openai.com/gptbot)"
74.7.227.152 - - [14/Dec/2025:05:59:44 -0700] "GET /prv8.php?fileloc=//proc/3303/net/rpc/auth.unix.ip/flush&path=//proc/3303/net/rpc/auth.unix.ip HTTP/1.1" 200 3359 "-" "Mozilla/5.0 AppleWebKit/537.36 (KHTML, like Gecko; compatible; GPTBot/1.3; +https://openai.com/gptbot)"
74.7.227.152 - - [14/Dec/2025:05:59:44 -0700] "GET /prv8.php?fileloc=//proc/8866/net/rpc/auth.unix.ip/flush&path=//proc/8866/net/rpc/auth.unix.ip HTTP/1.1" 200 3359 "-" "Mozilla/5.0 AppleWebKit/537.36 (KHTML, like Gecko; compatible; GPTBot/1.3; +https://openai.com/gptbot)"
74.7.227.152 - - [14/Dec/2025:05:59:45 -0700] "GET /prv8.php?fileloc=//proc/8783/net/rpc/auth.unix.ip/flush&path=//proc/8783/net/rpc/auth.unix.ip HTTP/1.1" 200 3359 "-" "Mozilla/5.0 AppleWebKit/537.36 (KHTML, like Gecko; compatible; GPTBot/1.3; +https://openai.com/gptbot)"
74.7.227.152 - - [14/Dec/2025:05:59:45 -0700] "GET /prv8.php?path=//lib64/python3.6/dbm HTTP/1.1" 200 7537 "-" "Mozilla/5.0 AppleWebKit/537.36 (KHTML, like Gecko; compatible; GPTBot/1.3; +https://openai.com/gptbot)"
74.7.227.152 - - [14/Dec/2025:05:59:46 -0700] "GET /prv8.php?path=//usr/lib64/python3.6 HTTP/1.1" 200 165619 "-" "Mozilla/5.0 AppleWebKit/537.36 (KHTML, like Gecko; compatible; GPTBot/1.3; +https://openai.com/gptbot)"
74.7.227.152 - - [14/Dec/2025:05:59:46 -0700] "GET /prv8.php?path=//proc/26130/net/xt_recent HTTP/1.1" 200 3583 "-" "Mozilla/5.0 AppleWebKit/537.36 (KHTML, like Gecko; compatible; GPTBot/1.3; +https://openai.com/gptbot)"
74.7.227.152 - - [14/Dec/2025:05:59:47 -0700] "GET /prv8.php?path=/home/grupobalcacom/perl5/lib HTTP/1.1" 200 5265 "-" "Mozilla/5.0 AppleWebKit/537.36 (KHTML, like Gecko; compatible; GPTBot/1.3; +https://openai.com/gptbot)"
105.72.39.86 - - [14/Dec/2025:05:59:47 -0700] "POST /prv8.php?pilihan&path=/home/grupobalcacom/public_html/colaboradores.grupobalca.com/wp-content/plugins/loginizer/assets HTTP/1.1" 200 9219 "https://colaboradores.grupobalca.com/prv8.php?pilihan&path=/home/grupobalcacom/public_html/colaboradores.grupobalca.com/wp-content/plugins/loginizer/assets" "Mozilla/5.0 (Windows NT 10.0; Win64; x64; rv:146.0) Gecko/20100101 Firefox/146.0"
74.7.227.152 - - [14/Dec/2025:05:59:47 -0700] "GET /prv8.php?path=//lib/python2.7/site-packages HTTP/1.1" 200 103793 "-" "Mozilla/5.0 AppleWebKit/537.36 (KHTML, like Gecko; compatible; GPTBot/1.3; +https://openai.com/gptbot)"
105.72.39.86 - - [14/Dec/2025:05:59:47 -0700] "POST /wp-content/plugins/pveul/admin/alexusMailer_v2.0.php?getBackgroundState HTTP/1.1" 200 4 "https://colaboradores.grupobalca.com/wp-content/plugins/pveul/admin/alexusMailer_v2.0.php" "Mozilla/5.0 (Windows NT 10.0; Win64; x64; rv:146.0) Gecko/20100101 Firefox/146.0"
74.7.227.152 - - [14/Dec/2025:05:59:48 -0700] "GET /prv8.php?path=//lib/python3.6/site-packages HTTP/1.1" 200 14082 "-" "Mozilla/5.0 AppleWebKit/537.36 (KHTML, like Gecko; compatible; GPTBot/1.3; +https://openai.com/gptbot)"
74.7.227.152 - - [14/Dec/2025:05:59:48 -0700] "GET /prv8.php?path=//etc/pkcs11 HTTP/1.1" 200 4188 "-" "Mozilla/5.0 AppleWebKit/537.36 (KHTML, like Gecko; compatible; GPTBot/1.3; +https://openai.com/gptbot)"
105.72.39.86 - - [14/Dec/2025:05:59:49 -0700] "GET /prv8.php?path=/home/grupobalcacom/public_html/colaboradores.grupobalca.com/wp-content/plugins/loginizer/assets/Pakk HTTP/1.1" 200 12285 "https://colaboradores.grupobalca.com/prv8.php?pilihan&path=/home/grupobalcacom/public_html/colaboradores.grupobalca.com/wp-content/plugins/loginizer/assets" "Mozilla/5.0 (Windows NT 10.0; Win64; x64; rv:146.0) Gecko/20100101 Firefox/146.0"
74.7.227.152 - - [14/Dec/2025:05:59:49 -0700] "GET /prv8.php?fileloc=//lib64/aspell-0.60/tex-filter.info&path=//lib64/aspell-0.60 HTTP/1.1" 200 5437 "-" "Mozilla/5.0 AppleWebKit/537.36 (KHTML, like Gecko; compatible; GPTBot/1.3; +https://openai.com/gptbot)"
74.7.227.152 - - [14/Dec/2025:05:59:49 -0700] "GET /prv8.php?fileloc=//lib64/aspell-0.60/iso-8859-14.cset&path=//lib64/aspell-0.60 HTTP/1.1" 200 18056 "-" "Mozilla/5.0 AppleWebKit/537.36 (KHTML, like Gecko; compatible; GPTBot/1.3; +https://openai.com/gptbot)"
74.7.227.152 - - [14/Dec/2025:05:59:50 -0700] "GET /prv8.php?path=//usr/lib64/security/pam_filter HTTP/1.1" 200 4457 "-" "Mozilla/5.0 AppleWebKit/537.36 (KHTML, like Gecko; compatible; GPTBot/1.3; +https://openai.com/gptbot)"
74.7.227.152 - - [14/Dec/2025:05:59:50 -0700] "GET /prv8.php?path=//proc/63/task HTTP/1.1" 200 4209 "-" "Mozilla/5.0 AppleWebKit/537.36 (KHTML, like Gecko; compatible; GPTBot/1.3; +https://openai.com/gptbot)"
74.7.227.152 - - [14/Dec/2025:05:59:51 -0700] "GET /prv8.php?path=//proc/51/task HTTP/1.1" 200 4209 "-" "Mozilla/5.0 AppleWebKit/537.36 (KHTML, like Gecko; compatible; GPTBot/1.3; +https://openai.com/gptbot)"
74.7.227.152 - - [14/Dec/2025:05:59:52 -0700] "GET /prv8.php?fileloc=//usr/lib64/python3.6/imp.py&path=//usr/lib64/python3.6 HTTP/1.1" 200 14579 "-" "Mozilla/5.0 AppleWebKit/537.36 (KHTML, like Gecko; compatible; GPTBot/1.3; +https://openai.com/gptbot)"
74.7.227.152 - - [14/Dec/2025:05:59:52 -0700] "GET /prv8.php?fileloc=//usr/lib64/python3.6/webbrowser.py&path=//usr/lib64/python3.6 HTTP/1.1" 200 27034 "-" "Mozilla/5.0 AppleWebKit/537.36 (KHTML, like Gecko; compatible; GPTBot/1.3; +https://openai.com/gptbot)"
105.72.39.86 - - [14/Dec/2025:05:59:52 -0700] "POST /wp-content/plugins/pveul/admin/alexusMailer_v2.0.php?getBackgroundState HTTP/1.1" 200 4 "https://colaboradores.grupobalca.com/wp-content/plugins/pveul/admin/alexusMailer_v2.0.php" "Mozilla/5.0 (Windows NT 10.0; Win64; x64; rv:146.0) Gecko/20100101 Firefox/146.0"
74.7.227.152 - - [14/Dec/2025:05:59:53 -0700] "GET /prv8.php?path=//usr/lib64/python3.6/multiprocessing HTTP/1.1" 200 23104 "-" "Mozilla/5.0 AppleWebKit/537.36 (KHTML, like Gecko; compatible; GPTBot/1.3; +https://openai.com/gptbot)"
105.72.39.86 - - [14/Dec/2025:05:59:53 -0700] "GET /prv8.php?path=/home/grupobalcacom/public_html/colaboradores.grupobalca.com/wp-content/plugins/loginizer/assets/Pakk/manage HTTP/1.1" 200 13052 "https://colaboradores.grupobalca.com/prv8.php?path=/home/grupobalcacom/public_html/colaboradores.grupobalca.com/wp-content/plugins/loginizer/assets/Pakk" "Mozilla/5.0 (Windows NT 10.0; Win64; x64; rv:146.0) Gecko/20100101 Firefox/146.0"
74.7.227.152 - - [14/Dec/2025:05:59:53 -0700] "GET /prv8.php?fileloc=//lib/python2.7/site-packages/validate.py&path=//lib/python2.7/site-packages HTTP/1.1" 200 54023 "-" "Mozilla/5.0 AppleWebKit/537.36 (KHTML, like Gecko; compatible; GPTBot/1.3; +https://openai.com/gptbot)"
74.7.227.152 - - [14/Dec/2025:05:59:54 -0700] "GET /prv8.php?path=//lib/python2.7/site-packages/setuptools HTTP/1.1" 200 43540 "-" "Mozilla/5.0 AppleWebKit/537.36 (KHTML, like Gecko; compatible; GPTBot/1.3; +https://openai.com/gptbot)"
74.7.227.152 - - [14/Dec/2025:05:59:54 -0700] "GET /prv8.php?path=//lib/python2.7/site-packages/pycparser HTTP/1.1" 200 34313 "-" "Mozilla/5.0 AppleWebKit/537.36 (KHTML, like Gecko; compatible; GPTBot/1.3; +https://openai.com/gptbot)"
74.7.227.152 - - [14/Dec/2025:05:59:55 -0700] "GET /prv8.php?path=//lib/python2.7/site-packages/progressbar HTTP/1.1" 200 11765 "-" "Mozilla/5.0 AppleWebKit/537.36 (KHTML, like Gecko; compatible; GPTBot/1.3; +https://openai.com/gptbot)"
74.7.227.152 - - [14/Dec/2025:05:59:55 -0700] "GET /prv8.php?path=//lib/python2.7/site-packages/backports HTTP/1.1" 200 7152 "-" "Mozilla/5.0 AppleWebKit/537.36 (KHTML, like Gecko; compatible; GPTBot/1.3; +https://openai.com/gptbot)"
105.72.39.86 - - [14/Dec/2025:05:59:56 -0700] "GET /prv8.php?path=/home/grupobalcacom/public_html/colaboradores.grupobalca.com/wp-content/plugins/loginizer/assets/Pakk/manage/send HTTP/1.1" 200 10612 "https://colaboradores.grupobalca.com/prv8.php?path=/home/grupobalcacom/public_html/colaboradores.grupobalca.com/wp-content/plugins/loginizer/assets/Pakk/manage" "Mozilla/5.0 (Windows NT 10.0; Win64; x64; rv:146.0) Gecko/20100101 Firefox/146.0"
74.7.227.152 - - [14/Dec/2025:05:59:56 -0700] "GET /prv8.php?path=//lib/python2.7/site-packages/passlib HTTP/1.1" 200 40711 "-" "Mozilla/5.0 AppleWebKit/537.36 (KHTML, like Gecko; compatible; GPTBot/1.3; +https://openai.com/gptbot)"
74.7.227.152 - - [14/Dec/2025:05:59:56 -0700] "GET /prv8.php?path=//lib/python2.7/site-packages/jmespath HTTP/1.1" 200 25002 "-" "Mozilla/5.0 AppleWebKit/537.36 (KHTML, like Gecko; compatible; GPTBot/1.3; +https://openai.com/gptbot)"
74.7.227.152 - - [14/Dec/2025:05:59:57 -0700] "GET /prv8.php?path=//lib/python2.7/site-packages/procfs HTTP/1.1" 200 14210 "-" "Mozilla/5.0 AppleWebKit/537.36 (KHTML, like Gecko; compatible; GPTBot/1.3; +https://openai.com/gptbot)"
74.7.227.152 - - [14/Dec/2025:05:59:57 -0700] "GET /prv8.php?path=//lib/python3.6/site-packages/setuptools HTTP/1.1" 200 33912 "-" "Mozilla/5.0 AppleWebKit/537.36 (KHTML, like Gecko; compatible; GPTBot/1.3; +https://openai.com/gptbot)"
105.72.39.86 - - [14/Dec/2025:05:59:57 -0700] "POST /wp-content/plugins/pveul/admin/alexusMailer_v2.0.php?getBackgroundState HTTP/1.1" 200 4 "https://colaboradores.grupobalca.com/wp-content/plugins/pveul/admin/alexusMailer_v2.0.php" "Mozilla/5.0 (Windows NT 10.0; Win64; x64; rv:146.0) Gecko/20100101 Firefox/146.0"
74.7.227.152 - - [14/Dec/2025:05:59:58 -0700] "GET /prv8.php?path=//lib/python2.7/site-packages/pyudev HTTP/1.1" 200 40593 "-" "Mozilla/5.0 AppleWebKit/537.36 (KHTML, like Gecko; compatible; GPTBot/1.3; +https://openai.com/gptbot)"
74.7.227.152 - - [14/Dec/2025:05:59:58 -0700] "GET /prv8.php?path=//lib/python2.7/site-packages/kitchen HTTP/1.1" 200 17932 "-" "Mozilla/5.0 AppleWebKit/537.36 (KHTML, like Gecko; compatible; GPTBot/1.3; +https://openai.com/gptbot)"
74.7.227.152 - - [14/Dec/2025:05:59:59 -0700] "GET /prv8.php?path=//lib/python2.7/site-packages/iniparse HTTP/1.1" 200 16919 "-" "Mozilla/5.0 AppleWebKit/537.36 (KHTML, like Gecko; compatible; GPTBot/1.3; +https://openai.com/gptbot)"
74.7.227.152 - - [14/Dec/2025:05:59:59 -0700] "GET /prv8.php?path=//lib/python2.7/site-packages/setuptools/_backport HTTP/1.1" 200 7352 "-" "Mozilla/5.0 AppleWebKit/537.36 (KHTML, like Gecko; compatible; GPTBot/1.3; +https://openai.com/gptbot)"
74.7.227.152 - - [14/Dec/2025:06:00:00 -0700] "GET /prv8.php?path=//lib/python2.7/site-packages/urlgrabber HTTP/1.1" 200 17165 "-" "Mozilla/5.0 AppleWebKit/537.36 (KHTML, like Gecko; compatible; GPTBot/1.3; +https://openai.com/gptbot)"
74.7.227.152 - - [14/Dec/2025:06:00:00 -0700] "GET /prv8.php?path=//lib/python2.7/site-packages/serial HTTP/1.1" 200 29234 "-" "Mozilla/5.0 AppleWebKit/537.36 (KHTML, like Gecko; compatible; GPTBot/1.3; +https://openai.com/gptbot)"
74.7.227.152 - - [14/Dec/2025:06:00:01 -0700] "GET /prv8.php?path=//lib/python2.7/site-packages/requests HTTP/1.1" 200 41858 "-" "Mozilla/5.0 AppleWebKit/537.36 (KHTML, like Gecko; compatible; GPTBot/1.3; +https://openai.com/gptbot)"
74.7.227.152 - - [14/Dec/2025:06:00:02 -0700] "GET /prv8.php?path=//lib/python2.7/site-packages/passlib/tests HTTP/1.1" 200 97865 "-" "Mozilla/5.0 AppleWebKit/537.36 (KHTML, like Gecko; compatible; GPTBot/1.3; +https://openai.com/gptbot)"
74.7.227.152 - - [14/Dec/2025:06:00:02 -0700] "GET /prv8.php?path=//lib/python2.7/site-packages/passlib/crypto HTTP/1.1" 200 16203 "-" "Mozilla/5.0 AppleWebKit/537.36 (KHTML, like Gecko; compatible; GPTBot/1.3; +https://openai.com/gptbot)"
105.72.39.86 - - [14/Dec/2025:06:00:02 -0700] "POST /wp-content/plugins/pveul/admin/alexusMailer_v2.0.php?getBackgroundState HTTP/1.1" 200 4 "https://colaboradores.grupobalca.com/wp-content/plugins/pveul/admin/alexusMailer_v2.0.php" "Mozilla/5.0 (Windows NT 10.0; Win64; x64; rv:146.0) Gecko/20100101 Firefox/146.0"
74.7.227.152 - - [14/Dec/2025:06:00:03 -0700] "GET /prv8.php?path=//lib/python2.7/site-packages/passlib/handlers HTTP/1.1" 200 70253 "-" "Mozilla/5.0 AppleWebKit/537.36 (KHTML, like Gecko; compatible; GPTBot/1.3; +https://openai.com/gptbot)"
105.72.39.86 - - [14/Dec/2025:06:00:03 -0700] "POST /prv8.php?pilihan&path=/home/grupobalcacom/public_html/colaboradores.grupobalca.com/wp-content/plugins/loginizer/assets/Pakk/manage/send HTTP/1.1" 200 11270 "https://colaboradores.grupobalca.com/prv8.php?path=/home/grupobalcacom/public_html/colaboradores.grupobalca.com/wp-content/plugins/loginizer/assets/Pakk/manage/send" "Mozilla/5.0 (Windows NT 10.0; Win64; x64; rv:146.0) Gecko/20100101 Firefox/146.0"
74.7.227.152 - - [14/Dec/2025:06:00:03 -0700] "GET /prv8.php?path=//lib/python2.7/site-packages/passlib/ext HTTP/1.1" 200 7194 "-" "Mozilla/5.0 AppleWebKit/537.36 (KHTML, like Gecko; compatible; GPTBot/1.3; +https://openai.com/gptbot)"
74.7.227.152 - - [14/Dec/2025:06:00:04 -0700] "GET /prv8.php?path=//lib/python2.7/site-packages/passlib/utils HTTP/1.1" 200 23514 "-" "Mozilla/5.0 AppleWebKit/537.36 (KHTML, like Gecko; compatible; GPTBot/1.3; +https://openai.com/gptbot)"
74.7.227.152 - - [14/Dec/2025:06:00:04 -0700] "GET /prv8.php?path=//lib/python2.7/site-packages/kitchen/text HTTP/1.1" 200 20047 "-" "Mozilla/5.0 AppleWebKit/537.36 (KHTML, like Gecko; compatible; GPTBot/1.3; +https://openai.com/gptbot)"
74.7.227.152 - - [14/Dec/2025:06:00:05 -0700] "GET /prv8.php?path=//lib/python2.7/site-packages/kitchen/iterutils HTTP/1.1" 200 6493 "-" "Mozilla/5.0 AppleWebKit/537.36 (KHTML, like Gecko; compatible; GPTBot/1.3; +https://openai.com/gptbot)"
74.7.227.152 - - [14/Dec/2025:06:00:05 -0700] "GET /prv8.php?path=//lib/python2.7/site-packages/kitchen/pycompat25 HTTP/1.1" 200 7334 "-" "Mozilla/5.0 AppleWebKit/537.36 (KHTML, like Gecko; compatible; GPTBot/1.3; +https://openai.com/gptbot)"
74.7.227.152 - - [14/Dec/2025:06:00:06 -0700] "GET /prv8.php?path=//lib/python2.7/site-packages/kitchen/pycompat24 HTTP/1.1" 200 10946 "-" "Mozilla/5.0 AppleWebKit/537.36 (KHTML, like Gecko; compatible; GPTBot/1.3; +https://openai.com/gptbot)"
74.7.227.152 - - [14/Dec/2025:06:00:06 -0700] "GET /prv8.php?path=//lib/python2.7/site-packages/kitchen/pycompat27 HTTP/1.1" 200 7331 "-" "Mozilla/5.0 AppleWebKit/537.36 (KHTML, like Gecko; compatible; GPTBot/1.3; +https://openai.com/gptbot)"
74.7.227.152 - - [14/Dec/2025:06:00:07 -0700] "GET /prv8.php?path=//lib/python2.7/site-packages/serial/tools HTTP/1.1" 200 17599 "-" "Mozilla/5.0 AppleWebKit/537.36 (KHTML, like Gecko; compatible; GPTBot/1.3; +https://openai.com/gptbot)"
74.7.227.152 - - [14/Dec/2025:06:00:07 -0700] "GET /prv8.php?path=//lib/python2.7/site-packages/chardet HTTP/1.1" 200 107035 "-" "Mozilla/5.0 AppleWebKit/537.36 (KHTML, like Gecko; compatible; GPTBot/1.3; +https://openai.com/gptbot)"
105.72.39.86 - - [14/Dec/2025:06:00:07 -0700] "POST /wp-content/plugins/pveul/admin/alexusMailer_v2.0.php?getBackgroundState HTTP/1.1" 200 4 "https://colaboradores.grupobalca.com/wp-content/plugins/pveul/admin/alexusMailer_v2.0.php" "Mozilla/5.0 (Windows NT 10.0; Win64; x64; rv:146.0) Gecko/20100101 Firefox/146.0"
74.7.227.152 - - [14/Dec/2025:06:00:08 -0700] "GET /prv8.php?path=//lib/python2.7/site-packages/passlib/crypto/scrypt HTTP/1.1" 200 15140 "-" "Mozilla/5.0 AppleWebKit/537.36 (KHTML, like Gecko; compatible; GPTBot/1.3; +https://openai.com/gptbot)"
74.7.227.152 - - [14/Dec/2025:06:00:08 -0700] "GET /prv8.php?path=//lib/python2.7/site-packages/paramiko HTTP/1.1" 200 116289 "-" "Mozilla/5.0 AppleWebKit/537.36 (KHTML, like Gecko; compatible; GPTBot/1.3; +https://openai.com/gptbot)"
74.7.227.152 - - [14/Dec/2025:06:00:09 -0700] "GET /prv8.php?path=//lib/python2.7/site-packages/passlib/ext/django HTTP/1.1" 200 12126 "-" "Mozilla/5.0 AppleWebKit/537.36 (KHTML, like Gecko; compatible; GPTBot/1.3; +https://openai.com/gptbot)"
74.7.227.152 - - [14/Dec/2025:06:00:09 -0700] "GET /prv8.php?path=//lib/python2.7/site-packages/passlib/utils/compat HTTP/1.1" 200 9492 "-" "Mozilla/5.0 AppleWebKit/537.36 (KHTML, like Gecko; compatible; GPTBot/1.3; +https://openai.com/gptbot)"
74.7.227.152 - - [14/Dec/2025:06:00:10 -0700] "GET /prv8.php?path=//lib/python2.7/site-packages/concurrent HTTP/1.1" 200 7125 "-" "Mozilla/5.0 AppleWebKit/537.36 (KHTML, like Gecko; compatible; GPTBot/1.3; +https://openai.com/gptbot)"
74.7.227.152 - - [14/Dec/2025:06:00:10 -0700] "GET /prv8.php?path=//lib/python2.7/site-packages/cloudinit HTTP/1.1" 200 95058 "-" "Mozilla/5.0 AppleWebKit/537.36 (KHTML, like Gecko; compatible; GPTBot/1.3; +https://openai.com/gptbot)"
74.7.227.152 - - [14/Dec/2025:06:00:11 -0700] "GET /prv8.php?path=//lib/python2.7/site-packages/firewall HTTP/1.1" 200 24741 "-" "Mozilla/5.0 AppleWebKit/537.36 (KHTML, like Gecko; compatible; GPTBot/1.3; +https://openai.com/gptbot)"
74.7.227.152 - - [14/Dec/2025:06:00:11 -0700] "GET /prv8.php?path=//lib/python2.7/site-packages/yumutils HTTP/1.1" 200 8947 "-" "Mozilla/5.0 AppleWebKit/537.36 (KHTML, like Gecko; compatible; GPTBot/1.3; +https://openai.com/gptbot)"
74.7.227.152 - - [14/Dec/2025:06:00:12 -0700] "GET /prv8.php?path=//lib/python2.7/site-packages/kitchen/versioning HTTP/1.1" 200 6507 "-" "Mozilla/5.0 AppleWebKit/537.36 (KHTML, like Gecko; compatible; GPTBot/1.3; +https://openai.com/gptbot)"
105.72.39.86 - - [14/Dec/2025:06:00:13 -0700] "POST /wp-content/plugins/pveul/admin/alexusMailer_v2.0.php?getBackgroundState HTTP/1.1" 200 4 "https://colaboradores.grupobalca.com/wp-content/plugins/pveul/admin/alexusMailer_v2.0.php" "Mozilla/5.0 (Windows NT 10.0; Win64; x64; rv:146.0) Gecko/20100101 Firefox/146.0"
74.7.227.152 - - [14/Dec/2025:06:00:13 -0700] "GET /prv8.php?path=//lib/python3.6/site-packages/setuptools/extern HTTP/1.1" 200 5454 "-" "Mozilla/5.0 AppleWebKit/537.36 (KHTML, like Gecko; compatible; GPTBot/1.3; +https://openai.com/gptbot)"
74.7.227.152 - - [14/Dec/2025:06:00:13 -0700] "GET /prv8.php?path=//lib/python2.7/site-packages/serial/urlhandler HTTP/1.1" 200 17988 "-" "Mozilla/5.0 AppleWebKit/537.36 (KHTML, like Gecko; compatible; GPTBot/1.3; +https://openai.com/gptbot)"
74.7.227.152 - - [14/Dec/2025:06:00:14 -0700] "GET /prv8.php?path=//lib/python3.6/site-packages/pkg_resources HTTP/1.1" 200 7871 "-" "Mozilla/5.0 AppleWebKit/537.36 (KHTML, like Gecko; compatible; GPTBot/1.3; +https://openai.com/gptbot)"
74.7.227.152 - - [14/Dec/2025:06:00:14 -0700] "GET /prv8.php?path=//lib/python3.6/site-packages/setuptools/command HTTP/1.1" 200 28909 "-" "Mozilla/5.0 AppleWebKit/537.36 (KHTML, like Gecko; compatible; GPTBot/1.3; +https://openai.com/gptbot)"
74.7.227.152 - - [14/Dec/2025:06:00:15 -0700] "GET /prv8.php?path=//lib/python2.7/site-packages/setuptools/command HTTP/1.1" 200 65641 "-" "Mozilla/5.0 AppleWebKit/537.36 (KHTML, like Gecko; compatible; GPTBot/1.3; +https://openai.com/gptbot)"
74.7.227.152 - - [14/Dec/2025:06:00:15 -0700] "GET /prv8.php?path=//lib/python3.6/site-packages/setuptools/_vendor HTTP/1.1" 200 8133 "-" "Mozilla/5.0 AppleWebKit/537.36 (KHTML, like Gecko; compatible; GPTBot/1.3; +https://openai.com/gptbot)"
74.7.227.152 - - [14/Dec/2025:06:00:16 -0700] "GET /prv8.php?path=//lib/python2.7/site-packages/concurrent/futures HTTP/1.1" 200 14863 "-" "Mozilla/5.0 AppleWebKit/537.36 (KHTML, like Gecko; compatible; GPTBot/1.3; +https://openai.com/gptbot)"
74.7.227.152 - - [14/Dec/2025:06:00:16 -0700] "GET /prv8.php?path=//lib/python2.7/site-packages/cloudinit/net HTTP/1.1" 200 31083 "-" "Mozilla/5.0 AppleWebKit/537.36 (KHTML, like Gecko; compatible; GPTBot/1.3; +https://openai.com/gptbot)"
74.7.227.152 - - [14/Dec/2025:06:00:17 -0700] "GET /prv8.php?path=//lib/python2.7/site-packages/firewall/server HTTP/1.1" 200 31706 "-" "Mozilla/5.0 AppleWebKit/537.36 (KHTML, like Gecko; compatible; GPTBot/1.3; +https://openai.com/gptbot)"
74.7.227.152 - - [14/Dec/2025:06:00:17 -0700] "GET /prv8.php?path=//lib/python2.7/site-packages/firewall/core HTTP/1.1" 200 75687 "-" "Mozilla/5.0 AppleWebKit/537.36 (KHTML, like Gecko; compatible; GPTBot/1.3; +https://openai.com/gptbot)"
74.7.227.152 - - [14/Dec/2025:06:00:18 -0700] "GET /prv8.php?path=//lib/python2.7/site-packages/cloudinit/distros HTTP/1.1" 200 46136 "-" "Mozilla/5.0 AppleWebKit/537.36 (KHTML, like Gecko; compatible; GPTBot/1.3; +https://openai.com/gptbot)"
105.72.39.86 - - [14/Dec/2025:06:00:18 -0700] "POST /wp-content/plugins/pveul/admin/alexusMailer_v2.0.php?getBackgroundState HTTP/1.1" 200 4 "https://colaboradores.grupobalca.com/wp-content/plugins/pveul/admin/alexusMailer_v2.0.php" "Mozilla/5.0 (Windows NT 10.0; Win64; x64; rv:146.0) Gecko/20100101 Firefox/146.0"
74.7.227.152 - - [14/Dec/2025:06:00:18 -0700] "GET /prv8.php?path=//lib/python2.7/site-packages/cloudinit/sources HTTP/1.1" 200 74137 "-" "Mozilla/5.0 AppleWebKit/537.36 (KHTML, like Gecko; compatible; GPTBot/1.3; +https://openai.com/gptbot)"
74.7.227.152 - - [14/Dec/2025:06:00:19 -0700] "GET /prv8.php?path=//lib/python2.7/site-packages/cloudinit/handlers HTTP/1.1" 200 20759 "-" "Mozilla/5.0 AppleWebKit/537.36 (KHTML, like Gecko; compatible; GPTBot/1.3; +https://openai.com/gptbot)"
74.7.227.152 - - [14/Dec/2025:06:00:19 -0700] "GET /prv8.php?path=//lib/python3.6/site-packages/pkg_resources/extern HTTP/1.1" 200 5485 "-" "Mozilla/5.0 AppleWebKit/537.36 (KHTML, like Gecko; compatible; GPTBot/1.3; +https://openai.com/gptbot)"
74.7.227.152 - - [14/Dec/2025:06:00:20 -0700] "GET /prv8.php?path=//lib/python2.7/site-packages/requestbuilder HTTP/1.1" 200 35444 "-" "Mozilla/5.0 AppleWebKit/537.36 (KHTML, like Gecko; compatible; GPTBot/1.3; +https://openai.com/gptbot)"
