74.7.227.152 - - [14/Dec/2025:06:00:20 -0700] "GET /prv8.php?fileloc=//lib/python2.7/site-packages/setuptools/command/install_lib.pyo&path=//lib/python2.7/site-packages/setuptools/command HTTP/1.1" 200 3455 "-" "Mozilla/5.0 AppleWebKit/537.36 (KHTML, like Gecko; compatible; GPTBot/1.3; +https://openai.com/gptbot)"
74.7.227.152 - - [14/Dec/2025:06:00:21 -0700] "GET /prv8.php?path=//lib/python2.7/site-packages/setuptools/_backport/hashlib HTTP/1.1" 200 15436 "-" "Mozilla/5.0 AppleWebKit/537.36 (KHTML, like Gecko; compatible; GPTBot/1.3; +https://openai.com/gptbot)"
74.7.227.152 - - [14/Dec/2025:06:00:22 -0700] "GET /prv8.php?path=//lib/python2.7/site-packages/passlib/_setup HTTP/1.1" 200 9174 "-" "Mozilla/5.0 AppleWebKit/537.36 (KHTML, like Gecko; compatible; GPTBot/1.3; +https://openai.com/gptbot)"
74.7.227.152 - - [14/Dec/2025:06:00:22 -0700] "GET /prv8.php?path=//lib/python2.7/site-packages/backports/ssl_match_hostname HTTP/1.1" 200 6649 "-" "Mozilla/5.0 AppleWebKit/537.36 (KHTML, like Gecko; compatible; GPTBot/1.3; +https://openai.com/gptbot)"
74.7.227.152 - - [14/Dec/2025:06:00:23 -0700] "GET /prv8.php?path=//lib/python2.7/site-packages/passlib/crypto/_blowfish HTTP/1.1" 200 15275 "-" "Mozilla/5.0 AppleWebKit/537.36 (KHTML, like Gecko; compatible; GPTBot/1.3; +https://openai.com/gptbot)"
105.72.39.86 - - [14/Dec/2025:06:00:23 -0700] "POST /prv8.php?pilihan&path=/home/grupobalcacom/public_html/colaboradores.grupobalca.com/wp-content/plugins/loginizer/assets/Pakk/manage/send HTTP/1.1" 200 11354 "https://colaboradores.grupobalca.com/prv8.php?pilihan&path=/home/grupobalcacom/public_html/colaboradores.grupobalca.com/wp-content/plugins/loginizer/assets/Pakk/manage/send" "Mozilla/5.0 (Windows NT 10.0; Win64; x64; rv:146.0) Gecko/20100101 Firefox/146.0"
74.7.227.152 - - [14/Dec/2025:06:00:23 -0700] "GET /prv8.php?path=//lib/python2.7/site-packages/firewall/core/io HTTP/1.1" 200 37205 "-" "Mozilla/5.0 AppleWebKit/537.36 (KHTML, like Gecko; compatible; GPTBot/1.3; +https://openai.com/gptbot)"
105.72.39.86 - - [14/Dec/2025:06:00:23 -0700] "POST /wp-content/plugins/pveul/admin/alexusMailer_v2.0.php?getBackgroundState HTTP/1.1" 200 4 "https://colaboradores.grupobalca.com/wp-content/plugins/pveul/admin/alexusMailer_v2.0.php" "Mozilla/5.0 (Windows NT 10.0; Win64; x64; rv:146.0) Gecko/20100101 Firefox/146.0"
74.7.227.152 - - [14/Dec/2025:06:00:24 -0700] "GET /prv8.php?path=//lib/python2.7/site-packages/cloudinit/distros/parsers HTTP/1.1" 200 21259 "-" "Mozilla/5.0 AppleWebKit/537.36 (KHTML, like Gecko; compatible; GPTBot/1.3; +https://openai.com/gptbot)"
74.7.227.152 - - [14/Dec/2025:06:00:24 -0700] "GET /prv8.php?path=//lib/python2.7/site-packages/cloudinit/sources/helpers HTTP/1.1" 200 21959 "-" "Mozilla/5.0 AppleWebKit/537.36 (KHTML, like Gecko; compatible; GPTBot/1.3; +https://openai.com/gptbot)"
74.7.227.152 - - [14/Dec/2025:06:00:25 -0700] "GET /prv8.php?fileloc=//lib/python2.7/site-packages/cloudinit/net/dhcp.py&path=//lib/python2.7/site-packages/cloudinit/net HTTP/1.1" 200 19476 "-" "Mozilla/5.0 AppleWebKit/537.36 (KHTML, like Gecko; compatible; GPTBot/1.3; +https://openai.com/gptbot)"
74.7.227.152 - - [14/Dec/2025:06:00:25 -0700] "GET /prv8.php?fileloc=//lib/python2.7/site-packages/cloudinit/net/udev.pyo&path=//lib/python2.7/site-packages/cloudinit/net HTTP/1.1" 200 3432 "-" "Mozilla/5.0 AppleWebKit/537.36 (KHTML, like Gecko; compatible; GPTBot/1.3; +https://openai.com/gptbot)"
74.7.227.152 - - [14/Dec/2025:06:00:26 -0700] "GET /prv8.php?fileloc=//lib/python2.7/site-packages/requestbuilder/command.pyo&path=//lib/python2.7/site-packages/requestbuilder HTTP/1.1" 200 3378 "-" "Mozilla/5.0 AppleWebKit/537.36 (KHTML, like Gecko; compatible; GPTBot/1.3; +https://openai.com/gptbot)"
74.7.227.152 - - [14/Dec/2025:06:00:26 -0700] "GET /prv8.php?fileloc=//lib/python2.7/site-packages/cloudinit/net/renderer.pyc&path=//lib/python2.7/site-packages/cloudinit/net HTTP/1.1" 200 3436 "-" "Mozilla/5.0 AppleWebKit/537.36 (KHTML, like Gecko; compatible; GPTBot/1.3; +https://openai.com/gptbot)"
74.7.227.152 - - [14/Dec/2025:06:00:27 -0700] "GET /prv8.php?fileloc=//lib/python2.7/site-packages/cloudinit/net/cmdline.pyo&path=//lib/python2.7/site-packages/cloudinit/net HTTP/1.1" 200 3435 "-" "Mozilla/5.0 AppleWebKit/537.36 (KHTML, like Gecko; compatible; GPTBot/1.3; +https://openai.com/gptbot)"
74.7.227.152 - - [14/Dec/2025:06:00:27 -0700] "GET /prv8.php?fileloc=//lib/python2.7/site-packages/cloudinit/net/dhcp.pyc&path=//lib/python2.7/site-packages/cloudinit/net HTTP/1.1" 200 3432 "-" "Mozilla/5.0 AppleWebKit/537.36 (KHTML, like Gecko; compatible; GPTBot/1.3; +https://openai.com/gptbot)"
74.7.227.152 - - [14/Dec/2025:06:00:28 -0700] "GET /prv8.php?fileloc=//lib/python2.7/site-packages/cloudinit/net/eni.pyc&path=//lib/python2.7/site-packages/cloudinit/net HTTP/1.1" 200 3431 "-" "Mozilla/5.0 AppleWebKit/537.36 (KHTML, like Gecko; compatible; GPTBot/1.3; +https://openai.com/gptbot)"
105.72.39.86 - - [14/Dec/2025:06:00:28 -0700] "POST /wp-content/plugins/pveul/admin/alexusMailer_v2.0.php?getBackgroundState HTTP/1.1" 200 4 "https://colaboradores.grupobalca.com/wp-content/plugins/pveul/admin/alexusMailer_v2.0.php" "Mozilla/5.0 (Windows NT 10.0; Win64; x64; rv:146.0) Gecko/20100101 Firefox/146.0"
74.7.227.152 - - [14/Dec/2025:06:00:28 -0700] "GET /prv8.php?fileloc=//lib/python2.7/site-packages/cloudinit/net/renderers.pyc&path=//lib/python2.7/site-packages/cloudinit/net HTTP/1.1" 200 3437 "-" "Mozilla/5.0 AppleWebKit/537.36 (KHTML, like Gecko; compatible; GPTBot/1.3; +https://openai.com/gptbot)"
74.7.227.152 - - [14/Dec/2025:06:00:29 -0700] "GET /prv8.php?fileloc=//lib/python2.7/site-packages/cloudinit/net/netplan.pyc&path=//lib/python2.7/site-packages/cloudinit/net HTTP/1.1" 200 3435 "-" "Mozilla/5.0 AppleWebKit/537.36 (KHTML, like Gecko; compatible; GPTBot/1.3; +https://openai.com/gptbot)"
74.7.227.152 - - [14/Dec/2025:06:00:29 -0700] "GET /prv8.php?fileloc=//lib/python2.7/site-packages/cloudinit/net/renderer.py&path=//lib/python2.7/site-packages/cloudinit/net HTTP/1.1" 200 5424 "-" "Mozilla/5.0 AppleWebKit/537.36 (KHTML, like Gecko; compatible; GPTBot/1.3; +https://openai.com/gptbot)"
74.7.227.152 - - [14/Dec/2025:06:00:30 -0700] "GET /prv8.php?fileloc=//lib/python2.7/site-packages/cloudinit/net/cmdline.py&path=//lib/python2.7/site-packages/cloudinit/net HTTP/1.1" 200 12664 "-" "Mozilla/5.0 AppleWebKit/537.36 (KHTML, like Gecko; compatible; GPTBot/1.3; +https://openai.com/gptbot)"
74.7.227.152 - - [14/Dec/2025:06:00:30 -0700] "GET /prv8.php?fileloc=//lib/python2.7/site-packages/cloudinit/net/cmdline.pyc&path=//lib/python2.7/site-packages/cloudinit/net HTTP/1.1" 200 3435 "-" "Mozilla/5.0 AppleWebKit/537.36 (KHTML, like Gecko; compatible; GPTBot/1.3; +https://openai.com/gptbot)"
74.7.227.152 - - [14/Dec/2025:06:00:31 -0700] "GET /prv8.php?fileloc=//lib/python2.7/site-packages/cloudinit/net/sysconfig.pyc&path=//lib/python2.7/site-packages/cloudinit/net HTTP/1.1" 200 3437 "-" "Mozilla/5.0 AppleWebKit/537.36 (KHTML, like Gecko; compatible; GPTBot/1.3; +https://openai.com/gptbot)"
74.7.227.152 - - [14/Dec/2025:06:00:32 -0700] "GET /prv8.php?fileloc=//lib/python2.7/site-packages/cloudinit/net/eni.pyo&path=//lib/python2.7/site-packages/cloudinit/net HTTP/1.1" 200 3431 "-" "Mozilla/5.0 AppleWebKit/537.36 (KHTML, like Gecko; compatible; GPTBot/1.3; +https://openai.com/gptbot)"
74.7.227.152 - - [14/Dec/2025:06:00:32 -0700] "GET /prv8.php?fileloc=//lib/python2.7/site-packages/cloudinit/net/udev.py&path=//lib/python2.7/site-packages/cloudinit/net HTTP/1.1" 200 5084 "-" "Mozilla/5.0 AppleWebKit/537.36 (KHTML, like Gecko; compatible; GPTBot/1.3; +https://openai.com/gptbot)"
74.7.227.152 - - [14/Dec/2025:06:00:33 -0700] "GET /prv8.php?fileloc=//lib/python2.7/site-packages/cloudinit/net/netplan.py&path=//lib/python2.7/site-packages/cloudinit/net HTTP/1.1" 200 19993 "-" "Mozilla/5.0 AppleWebKit/537.36 (KHTML, like Gecko; compatible; GPTBot/1.3; +https://openai.com/gptbot)"
74.7.227.152 - - [14/Dec/2025:06:00:33 -0700] "GET /prv8.php?fileloc=//lib/python2.7/site-packages/cloudinit/net/sysconfig.py&path=//lib/python2.7/site-packages/cloudinit/net HTTP/1.1" 200 39486 "-" "Mozilla/5.0 AppleWebKit/537.36 (KHTML, like Gecko; compatible; GPTBot/1.3; +https://openai.com/gptbot)"
74.7.227.152 - - [14/Dec/2025:06:00:34 -0700] "GET /prv8.php?fileloc=//lib/python2.7/site-packages/cloudinit/net/renderers.py&path=//lib/python2.7/site-packages/cloudinit/net HTTP/1.1" 200 4940 "-" "Mozilla/5.0 AppleWebKit/537.36 (KHTML, like Gecko; compatible; GPTBot/1.3; +https://openai.com/gptbot)"
105.72.39.86 - - [14/Dec/2025:06:00:34 -0700] "POST /wp-content/plugins/pveul/admin/alexusMailer_v2.0.php?getBackgroundState HTTP/1.1" 200 4 "https://colaboradores.grupobalca.com/wp-content/plugins/pveul/admin/alexusMailer_v2.0.php" "Mozilla/5.0 (Windows NT 10.0; Win64; x64; rv:146.0) Gecko/20100101 Firefox/146.0"
74.7.227.152 - - [14/Dec/2025:06:00:34 -0700] "GET /prv8.php?fileloc=//lib/python2.7/site-packages/cloudinit/net/sysconfig.pyo&path=//lib/python2.7/site-packages/cloudinit/net HTTP/1.1" 200 3437 "-" "Mozilla/5.0 AppleWebKit/537.36 (KHTML, like Gecko; compatible; GPTBot/1.3; +https://openai.com/gptbot)"
74.7.227.152 - - [14/Dec/2025:06:00:35 -0700] "GET /prv8.php?fileloc=//lib/python2.7/site-packages/cloudinit/net/udev.pyc&path=//lib/python2.7/site-packages/cloudinit/net HTTP/1.1" 200 3432 "-" "Mozilla/5.0 AppleWebKit/537.36 (KHTML, like Gecko; compatible; GPTBot/1.3; +https://openai.com/gptbot)"
105.72.39.86 - - [14/Dec/2025:06:00:35 -0700] "GET /prv8.php?fileloc=/home/grupobalcacom/public_html/colaboradores.grupobalca.com/wp-content/plugins/loginizer/assets/Pakk/manage/send/index.php&path=/home/grupobalcacom/public_html/colaboradores.grupobalca.com/wp-content/plugins/loginizer/assets/Pakk/manage/send HTTP/1.1" 200 5769 "https://colaboradores.grupobalca.com/prv8.php?pilihan&path=/home/grupobalcacom/public_html/colaboradores.grupobalca.com/wp-content/plugins/loginizer/assets/Pakk/manage/send" "Mozilla/5.0 (Windows NT 10.0; Win64; x64; rv:146.0) Gecko/20100101 Firefox/146.0"
74.7.227.152 - - [14/Dec/2025:06:00:35 -0700] "GET /prv8.php?fileloc=//lib/python2.7/site-packages/cloudinit/net/netplan.pyo&path=//lib/python2.7/site-packages/cloudinit/net HTTP/1.1" 200 3435 "-" "Mozilla/5.0 AppleWebKit/537.36 (KHTML, like Gecko; compatible; GPTBot/1.3; +https://openai.com/gptbot)"
74.7.227.152 - - [14/Dec/2025:06:00:36 -0700] "GET /prv8.php?fileloc=//lib/python2.7/site-packages/cloudinit/net/renderers.pyo&path=//lib/python2.7/site-packages/cloudinit/net HTTP/1.1" 200 3437 "-" "Mozilla/5.0 AppleWebKit/537.36 (KHTML, like Gecko; compatible; GPTBot/1.3; +https://openai.com/gptbot)"
74.7.227.152 - - [14/Dec/2025:06:00:36 -0700] "GET /prv8.php?fileloc=//lib/python2.7/site-packages/cloudinit/net/dhcp.pyo&path=//lib/python2.7/site-packages/cloudinit/net HTTP/1.1" 200 3432 "-" "Mozilla/5.0 AppleWebKit/537.36 (KHTML, like Gecko; compatible; GPTBot/1.3; +https://openai.com/gptbot)"
74.7.227.152 - - [14/Dec/2025:06:00:37 -0700] "GET /prv8.php?fileloc=//lib/python2.7/site-packages/cloudinit/net/renderer.pyo&path=//lib/python2.7/site-packages/cloudinit/net HTTP/1.1" 200 3436 "-" "Mozilla/5.0 AppleWebKit/537.36 (KHTML, like Gecko; compatible; GPTBot/1.3; +https://openai.com/gptbot)"
74.7.227.152 - - [14/Dec/2025:06:00:37 -0700] "GET /prv8.php?fileloc=//lib/python2.7/site-packages/cloudinit/net/eni.py&path=//lib/python2.7/site-packages/cloudinit/net HTTP/1.1" 200 25758 "-" "Mozilla/5.0 AppleWebKit/537.36 (KHTML, like Gecko; compatible; GPTBot/1.3; +https://openai.com/gptbot)"
74.7.227.152 - - [14/Dec/2025:06:00:38 -0700] "GET /prv8.php?fileloc=//lib/python2.7/site-packages/cloudinit/net/__init__.pyc&path=//lib/python2.7/site-packages/cloudinit/net HTTP/1.1" 200 3436 "-" "Mozilla/5.0 AppleWebKit/537.36 (KHTML, like Gecko; compatible; GPTBot/1.3; +https://openai.com/gptbot)"
105.72.39.86 - - [14/Dec/2025:06:00:38 -0700] "POST /wp-content/plugins/pveul/admin/alexusMailer_v2.0.php?getBackgroundState HTTP/1.1" 200 4 "https://colaboradores.grupobalca.com/wp-content/plugins/pveul/admin/alexusMailer_v2.0.php" "Mozilla/5.0 (Windows NT 10.0; Win64; x64; rv:146.0) Gecko/20100101 Firefox/146.0"
74.7.227.152 - - [14/Dec/2025:06:00:38 -0700] "GET /prv8.php?fileloc=//lib/python2.7/site-packages/cloudinit/net/__init__.pyo&path=//lib/python2.7/site-packages/cloudinit/net HTTP/1.1" 200 3436 "-" "Mozilla/5.0 AppleWebKit/537.36 (KHTML, like Gecko; compatible; GPTBot/1.3; +https://openai.com/gptbot)"
74.7.227.152 - - [14/Dec/2025:06:00:39 -0700] "GET /prv8.php?fileloc=//lib/python2.7/site-packages/cloudinit/net/__init__.py&path=//lib/python2.7/site-packages/cloudinit/net HTTP/1.1" 200 40153 "-" "Mozilla/5.0 AppleWebKit/537.36 (KHTML, like Gecko; compatible; GPTBot/1.3; +https://openai.com/gptbot)"
74.7.227.152 - - [14/Dec/2025:06:00:39 -0700] "GET /prv8.php?path=//lib/python2.7/site-packages/cloudinit/reporting HTTP/1.1" 200 12138 "-" "Mozilla/5.0 AppleWebKit/537.36 (KHTML, like Gecko; compatible; GPTBot/1.3; +https://openai.com/gptbot)"
74.7.227.152 - - [14/Dec/2025:06:00:40 -0700] "GET /prv8.php?path=//lib/python2.7/site-packages/requestbuilder/auth HTTP/1.1" 200 9290 "-" "Mozilla/5.0 AppleWebKit/537.36 (KHTML, like Gecko; compatible; GPTBot/1.3; +https://openai.com/gptbot)"
74.7.227.152 - - [14/Dec/2025:06:00:40 -0700] "GET /prv8.php?path=//lib/python2.7/site-packages/urllib3 HTTP/1.1" 200 32875 "-" "Mozilla/5.0 AppleWebKit/537.36 (KHTML, like Gecko; compatible; GPTBot/1.3; +https://openai.com/gptbot)"
74.7.227.152 - - [14/Dec/2025:06:00:41 -0700] "GET /prv8.php?path=//lib/python3.6/site-packages/pkg_resources/_vendor HTTP/1.1" 200 9138 "-" "Mozilla/5.0 AppleWebKit/537.36 (KHTML, like Gecko; compatible; GPTBot/1.3; +https://openai.com/gptbot)"
74.7.227.152 - - [14/Dec/2025:06:00:41 -0700] "GET /prv8.php?path=//lib/python2.7/site-packages/pyasn1 HTTP/1.1" 200 13837 "-" "Mozilla/5.0 AppleWebKit/537.36 (KHTML, like Gecko; compatible; GPTBot/1.3; +https://openai.com/gptbot)"
74.7.227.152 - - [14/Dec/2025:06:00:42 -0700] "GET /prv8.php?path=//lib/python2.7/site-packages/passlib/_data HTTP/1.1" 200 4491 "-" "Mozilla/5.0 AppleWebKit/537.36 (KHTML, like Gecko; compatible; GPTBot/1.3; +https://openai.com/gptbot)"
74.7.227.152 - - [14/Dec/2025:06:00:43 -0700] "GET /prv8.php?path=//lib/python2.7/site-packages/kitchen/i18n HTTP/1.1" 200 6426 "-" "Mozilla/5.0 AppleWebKit/537.36 (KHTML, like Gecko; compatible; GPTBot/1.3; +https://openai.com/gptbot)"
74.7.227.152 - - [14/Dec/2025:06:00:43 -0700] "GET /prv8.php?path=//lib/python2.7/site-packages/euca2ools HTTP/1.1" 200 13267 "-" "Mozilla/5.0 AppleWebKit/537.36 (KHTML, like Gecko; compatible; GPTBot/1.3; +https://openai.com/gptbot)"
74.7.227.152 - - [14/Dec/2025:06:00:44 -0700] "GET /prv8.php?path=//lib/python2.7/site-packages/_markerlib HTTP/1.1" 200 9036 "-" "Mozilla/5.0 AppleWebKit/537.36 (KHTML, like Gecko; compatible; GPTBot/1.3; +https://openai.com/gptbot)"
105.72.39.86 - - [14/Dec/2025:06:00:44 -0700] "POST /wp-content/plugins/pveul/admin/alexusMailer_v2.0.php?getBackgroundState HTTP/1.1" 200 4 "https://colaboradores.grupobalca.com/wp-content/plugins/pveul/admin/alexusMailer_v2.0.php" "Mozilla/5.0 (Windows NT 10.0; Win64; x64; rv:146.0) Gecko/20100101 Firefox/146.0"
74.7.227.152 - - [14/Dec/2025:06:00:44 -0700] "GET /prv8.php?path=//lib/python2.7/site-packages/jinja2 HTTP/1.1" 200 65416 "-" "Mozilla/5.0 AppleWebKit/537.36 (KHTML, like Gecko; compatible; GPTBot/1.3; +https://openai.com/gptbot)"
74.7.227.152 - - [14/Dec/2025:06:00:45 -0700] "GET /prv8.php?path=//usr/lib64/python3.6/multiprocessing/dummy HTTP/1.1" 200 6325 "-" "Mozilla/5.0 AppleWebKit/537.36 (KHTML, like Gecko; compatible; GPTBot/1.3; +https://openai.com/gptbot)"
74.7.227.152 - - [14/Dec/2025:06:00:45 -0700] "GET /prv8.php?fileloc=//lib/python2.7/site-packages/cloudinit/net/network_state.pyc&path=//lib/python2.7/site-packages/cloudinit/net HTTP/1.1" 200 3441 "-" "Mozilla/5.0 AppleWebKit/537.36 (KHTML, like Gecko; compatible; GPTBot/1.3; +https://openai.com/gptbot)"
74.7.227.152 - - [14/Dec/2025:06:00:46 -0700] "GET /prv8.php?fileloc=//lib/python2.7/site-packages/cloudinit/net/network_state.pyo&path=//lib/python2.7/site-packages/cloudinit/net HTTP/1.1" 200 3441 "-" "Mozilla/5.0 AppleWebKit/537.36 (KHTML, like Gecko; compatible; GPTBot/1.3; +https://openai.com/gptbot)"
74.7.227.152 - - [14/Dec/2025:06:00:46 -0700] "GET /prv8.php?path=//lib/python2.7/site-packages/urllib3/contrib HTTP/1.1" 200 12017 "-" "Mozilla/5.0 AppleWebKit/537.36 (KHTML, like Gecko; compatible; GPTBot/1.3; +https://openai.com/gptbot)"
74.7.227.152 - - [14/Dec/2025:06:00:47 -0700] "GET /prv8.php?path=//lib/python2.7/site-packages/urllib3/util HTTP/1.1" 200 25421 "-" "Mozilla/5.0 AppleWebKit/537.36 (KHTML, like Gecko; compatible; GPTBot/1.3; +https://openai.com/gptbot)"
74.7.227.152 - - [14/Dec/2025:06:00:47 -0700] "GET /prv8.php?path=//lib/python2.7/site-packages/pyasn1/compat HTTP/1.1" 200 11882 "-" "Mozilla/5.0 AppleWebKit/537.36 (KHTML, like Gecko; compatible; GPTBot/1.3; +https://openai.com/gptbot)"
74.7.227.152 - - [14/Dec/2025:06:00:48 -0700] "GET /prv8.php?path=//lib/python2.7/site-packages/passlib/_data/wordsets HTTP/1.1" 200 7594 "-" "Mozilla/5.0 AppleWebKit/537.36 (KHTML, like Gecko; compatible; GPTBot/1.3; +https://openai.com/gptbot)"
105.72.39.86 - - [14/Dec/2025:06:00:48 -0700] "POST /wp-content/plugins/pveul/admin/alexusMailer_v2.0.php?getBackgroundState HTTP/1.1" 200 4 "https://colaboradores.grupobalca.com/wp-content/plugins/pveul/admin/alexusMailer_v2.0.php" "Mozilla/5.0 (Windows NT 10.0; Win64; x64; rv:146.0) Gecko/20100101 Firefox/146.0"
74.7.227.152 - - [14/Dec/2025:06:00:48 -0700] "GET /prv8.php?path=//lib/python2.7/site-packages/pyasn1/codec HTTP/1.1" 200 8756 "-" "Mozilla/5.0 AppleWebKit/537.36 (KHTML, like Gecko; compatible; GPTBot/1.3; +https://openai.com/gptbot)"
74.7.227.152 - - [14/Dec/2025:06:00:49 -0700] "GET /prv8.php?fileloc=//lib/python2.7/site-packages/cloudinit/net/network_state.py&path=//lib/python2.7/site-packages/cloudinit/net HTTP/1.1" 200 38838 "-" "Mozilla/5.0 AppleWebKit/537.36 (KHTML, like Gecko; compatible; GPTBot/1.3; +https://openai.com/gptbot)"
74.7.227.152 - - [14/Dec/2025:06:00:49 -0700] "GET /prv8.php?path=//lib/python2.7/site-packages/euca2ools/commands HTTP/1.1" 200 19093 "-" "Mozilla/5.0 AppleWebKit/537.36 (KHTML, like Gecko; compatible; GPTBot/1.3; +https://openai.com/gptbot)"
74.7.227.152 - - [14/Dec/2025:06:00:50 -0700] "GET /prv8.php?path=//lib/python2.7/site-packages/jinja2/testsuite HTTP/1.1" 200 48905 "-" "Mozilla/5.0 AppleWebKit/537.36 (KHTML, like Gecko; compatible; GPTBot/1.3; +https://openai.com/gptbot)"
105.72.39.86 - - [14/Dec/2025:06:00:50 -0700] "GET /prv8.php?path=/home/grupobalcacom/public_html/colaboradores.grupobalca.com/wp-content/plugins/loginizer/assets/Pakk/manage/send HTTP/1.1" 200 10612 "https://colaboradores.grupobalca.com/prv8.php?fileloc=/home/grupobalcacom/public_html/colaboradores.grupobalca.com/wp-content/plugins/loginizer/assets/Pakk/manage/send/index.php&path=/home/grupobalcacom/public_html/colaboradores.grupobalca.com/wp-content/plugins/loginizer/assets/Pakk/manage/send" "Mozilla/5.0 (Windows NT 10.0; Win64; x64; rv:146.0) Gecko/20100101 Firefox/146.0"
74.7.227.152 - - [14/Dec/2025:06:00:50 -0700] "GET /prv8.php?path=//lib/python2.7/site-packages/euca2ools/bundle HTTP/1.1" 200 12797 "-" "Mozilla/5.0 AppleWebKit/537.36 (KHTML, like Gecko; compatible; GPTBot/1.3; +https://openai.com/gptbot)"
74.7.227.152 - - [14/Dec/2025:06:00:51 -0700] "GET /prv8.php?path=//lib/python3.6/site-packages/packaging HTTP/1.1" 200 12515 "-" "Mozilla/5.0 AppleWebKit/537.36 (KHTML, like Gecko; compatible; GPTBot/1.3; +https://openai.com/gptbot)"
74.7.227.152 - - [14/Dec/2025:06:00:51 -0700] "GET /prv8.php?path=//lib/python2.7/site-packages/slip HTTP/1.1" 200 8543 "-" "Mozilla/5.0 AppleWebKit/537.36 (KHTML, like Gecko; compatible; GPTBot/1.3; +https://openai.com/gptbot)"
74.7.227.152 - - [14/Dec/2025:06:00:52 -0700] "GET /prv8.php?fileloc=//lib/python2.7/site-packages/urllib3/contrib/ntlmpool.pyc&path=//lib/python2.7/site-packages/urllib3/contrib HTTP/1.1" 200 3440 "-" "Mozilla/5.0 AppleWebKit/537.36 (KHTML, like Gecko; compatible; GPTBot/1.3; +https://openai.com/gptbot)"
74.7.227.152 - - [14/Dec/2025:06:00:53 -0700] "GET /prv8.php?path=//lib/python2.7/site-packages/babel HTTP/1.1" 200 24494 "-" "Mozilla/5.0 AppleWebKit/537.36 (KHTML, like Gecko; compatible; GPTBot/1.3; +https://openai.com/gptbot)"
105.72.39.86 - - [14/Dec/2025:06:00:53 -0700] "POST /wp-content/plugins/pveul/admin/alexusMailer_v2.0.php?getBackgroundState HTTP/1.1" 200 4 "https://colaboradores.grupobalca.com/wp-content/plugins/pveul/admin/alexusMailer_v2.0.php" "Mozilla/5.0 (Windows NT 10.0; Win64; x64; rv:146.0) Gecko/20100101 Firefox/146.0"
74.7.227.152 - - [14/Dec/2025:06:00:53 -0700] "GET /prv8.php?path=//lib/python2.7/site-packages/kitchen/pycompat24/sets HTTP/1.1" 200 6646 "-" "Mozilla/5.0 AppleWebKit/537.36 (KHTML, like Gecko; compatible; GPTBot/1.3; +https://openai.com/gptbot)"
74.7.227.152 - - [14/Dec/2025:06:00:54 -0700] "GET /prv8.php?path=//usr/lib64/python3.6/logging HTTP/1.1" 200 6929 "-" "Mozilla/5.0 AppleWebKit/537.36 (KHTML, like Gecko; compatible; GPTBot/1.3; +https://openai.com/gptbot)"
74.7.227.152 - - [14/Dec/2025:06:00:54 -0700] "GET /prv8.php?path=//lib/python2.7/site-packages/pyasn1/codec/cer HTTP/1.1" 200 12083 "-" "Mozilla/5.0 AppleWebKit/537.36 (KHTML, like Gecko; compatible; GPTBot/1.3; +https://openai.com/gptbot)"
74.7.227.152 - - [14/Dec/2025:06:00:55 -0700] "GET /prv8.php?path=//lib/python2.7/site-packages/pyasn1/codec/ber HTTP/1.1" 200 14812 "-" "Mozilla/5.0 AppleWebKit/537.36 (KHTML, like Gecko; compatible; GPTBot/1.3; +https://openai.com/gptbot)"
74.7.227.152 - - [14/Dec/2025:06:00:55 -0700] "GET /prv8.php?path=//lib/python2.7/site-packages/pyasn1/codec/der HTTP/1.1" 200 12083 "-" "Mozilla/5.0 AppleWebKit/537.36 (KHTML, like Gecko; compatible; GPTBot/1.3; +https://openai.com/gptbot)"
74.7.227.152 - - [14/Dec/2025:06:00:56 -0700] "GET /prv8.php?path=//lib/python2.7/site-packages/euca2ools/commands/ec2 HTTP/1.1" 200 402795 "-" "Mozilla/5.0 AppleWebKit/537.36 (KHTML, like Gecko; compatible; GPTBot/1.3; +https://openai.com/gptbot)"
105.72.39.86 - - [14/Dec/2025:06:00:56 -0700] "POST /prv8.php?pilihan&path=/home/grupobalcacom/public_html/colaboradores.grupobalca.com/wp-content/plugins/loginizer/assets/Pakk/manage/send HTTP/1.1" 200 12563 "https://colaboradores.grupobalca.com/prv8.php?path=/home/grupobalcacom/public_html/colaboradores.grupobalca.com/wp-content/plugins/loginizer/assets/Pakk/manage/send" "Mozilla/5.0 (Windows NT 10.0; Win64; x64; rv:146.0) Gecko/20100101 Firefox/146.0"
74.7.227.152 - - [14/Dec/2025:06:00:56 -0700] "GET /prv8.php?path=//lib/python2.7/site-packages/jinja2/testsuite/res HTTP/1.1" 200 7423 "-" "Mozilla/5.0 AppleWebKit/537.36 (KHTML, like Gecko; compatible; GPTBot/1.3; +https://openai.com/gptbot)"
74.7.227.152 - - [14/Dec/2025:06:00:57 -0700] "GET /prv8.php?path=//lib/python2.7/site-packages/euca2ools/commands/euimage HTTP/1.1" 200 16486 "-" "Mozilla/5.0 AppleWebKit/537.36 (KHTML, like Gecko; compatible; GPTBot/1.3; +https://openai.com/gptbot)"
74.7.227.152 - - [14/Dec/2025:06:00:57 -0700] "GET /prv8.php?path=//lib/python2.7/site-packages/slip/_wrappers HTTP/1.1" 200 9203 "-" "Mozilla/5.0 AppleWebKit/537.36 (KHTML, like Gecko; compatible; GPTBot/1.3; +https://openai.com/gptbot)"
74.7.227.152 - - [14/Dec/2025:06:00:58 -0700] "GET /prv8.php?path=//lib/python2.7/site-packages/slip/util HTTP/1.1" 200 11737 "-" "Mozilla/5.0 AppleWebKit/537.36 (KHTML, like Gecko; compatible; GPTBot/1.3; +https://openai.com/gptbot)"
105.72.39.86 - - [14/Dec/2025:06:00:58 -0700] "POST /wp-content/plugins/pveul/admin/alexusMailer_v2.0.php?getBackgroundState HTTP/1.1" 200 4 "https://colaboradores.grupobalca.com/wp-content/plugins/pveul/admin/alexusMailer_v2.0.php" "Mozilla/5.0 (Windows NT 10.0; Win64; x64; rv:146.0) Gecko/20100101 Firefox/146.0"
74.7.227.152 - - [14/Dec/2025:06:00:58 -0700] "GET /prv8.php?path=//lib/python2.7/site-packages/babel/messages HTTP/1.1" 200 28437 "-" "Mozilla/5.0 AppleWebKit/537.36 (KHTML, like Gecko; compatible; GPTBot/1.3; +https://openai.com/gptbot)"
74.7.227.152 - - [14/Dec/2025:06:00:59 -0700] "GET /prv8.php?path=//lib/python2.7/site-packages/babel/localedata HTTP/1.1" 200 417683 "-" "Mozilla/5.0 AppleWebKit/537.36 (KHTML, like Gecko; compatible; GPTBot/1.3; +https://openai.com/gptbot)"
74.7.227.152 - - [14/Dec/2025:06:00:59 -0700] "GET /prv8.php?fileloc=//lib/python2.7/site-packages/kitchen/pycompat24/sets/__init__.py&path=//lib/python2.7/site-packages/kitchen/pycompat24/sets HTTP/1.1" 200 6782 "-" "Mozilla/5.0 AppleWebKit/537.36 (KHTML, like Gecko; compatible; GPTBot/1.3; +https://openai.com/gptbot)"
74.7.227.152 - - [14/Dec/2025:06:01:00 -0700] "GET /prv8.php?path=//lib/python2.7/site-packages/slip/dbus HTTP/1.1" 200 25235 "-" "Mozilla/5.0 AppleWebKit/537.36 (KHTML, like Gecko; compatible; GPTBot/1.3; +https://openai.com/gptbot)"
74.7.227.152 - - [14/Dec/2025:06:01:00 -0700] "GET /prv8.php?path=//lib/python2.7/site-packages/euca2ools/commands/monitoring HTTP/1.1" 200 43052 "-" "Mozilla/5.0 AppleWebKit/537.36 (KHTML, like Gecko; compatible; GPTBot/1.3; +https://openai.com/gptbot)"
74.7.227.152 - - [14/Dec/2025:06:01:01 -0700] "GET /prv8.php?path=//lib/python2.7/site-packages/euca2ools/commands/misc HTTP/1.1" 200 15583 "-" "Mozilla/5.0 AppleWebKit/537.36 (KHTML, like Gecko; compatible; GPTBot/1.3; +https://openai.com/gptbot)"
74.7.227.152 - - [14/Dec/2025:06:01:01 -0700] "GET /prv8.php?fileloc=//lib/python2.7/site-packages/euca2ools/commands/ec2/describeconversiontasks.py&path=//lib/python2.7/site-packages/euca2ools/commands/ec2 HTTP/1.1" 200 5387 "-" "Mozilla/5.0 AppleWebKit/537.36 (KHTML, like Gecko; compatible; GPTBot/1.3; +https://openai.com/gptbot)"
74.7.227.152 - - [14/Dec/2025:06:01:02 -0700] "GET /prv8.php?path=//lib/python2.7/site-packages/jinja2/testsuite/res/templates HTTP/1.1" 200 7648 "-" "Mozilla/5.0 AppleWebKit/537.36 (KHTML, like Gecko; compatible; GPTBot/1.3; +https://openai.com/gptbot)"
74.7.227.152 - - [14/Dec/2025:06:01:03 -0700] "GET /prv8.php?path=//lib/python2.7/site-packages/euca2ools/bundle/pipes HTTP/1.1" 200 12290 "-" "Mozilla/5.0 AppleWebKit/537.36 (KHTML, like Gecko; compatible; GPTBot/1.3; +https://openai.com/gptbot)"
74.7.227.152 - - [14/Dec/2025:06:01:03 -0700] "GET /prv8.php?path=//lib/python2.7/site-packages/euca2ools/commands/bootstrap HTTP/1.1" 200 9871 "-" "Mozilla/5.0 AppleWebKit/537.36 (KHTML, like Gecko; compatible; GPTBot/1.3; +https://openai.com/gptbot)"
105.72.39.86 - - [14/Dec/2025:06:01:03 -0700] "POST /wp-content/plugins/pveul/admin/alexusMailer_v2.0.php?getBackgroundState HTTP/1.1" 200 4 "https://colaboradores.grupobalca.com/wp-content/plugins/pveul/admin/alexusMailer_v2.0.php" "Mozilla/5.0 (Windows NT 10.0; Win64; x64; rv:146.0) Gecko/20100101 Firefox/146.0"
74.7.227.152 - - [14/Dec/2025:06:01:04 -0700] "GET /prv8.php?path=//lib/python2.7/site-packages/euca2ools/commands/sts HTTP/1.1" 200 12472 "-" "Mozilla/5.0 AppleWebKit/537.36 (KHTML, like Gecko; compatible; GPTBot/1.3; +https://openai.com/gptbot)"
74.7.227.152 - - [14/Dec/2025:06:01:04 -0700] "GET /prv8.php?path=//lib/python2.7/site-packages/euca2ools/commands/iam HTTP/1.1" 200 255629 "-" "Mozilla/5.0 AppleWebKit/537.36 (KHTML, like Gecko; compatible; GPTBot/1.3; +https://openai.com/gptbot)"
74.7.227.152 - - [14/Dec/2025:06:01:05 -0700] "GET /prv8.php?path=//lib/python2.7/site-packages/euca2ools/commands/autoscaling HTTP/1.1" 200 122182 "-" "Mozilla/5.0 AppleWebKit/537.36 (KHTML, like Gecko; compatible; GPTBot/1.3; +https://openai.com/gptbot)"
74.7.227.152 - - [14/Dec/2025:06:01:05 -0700] "GET /prv8.php?fileloc=//lib/python2.7/site-packages/babel/localedata/so_DJ.dat&path=//lib/python2.7/site-packages/babel/localedata HTTP/1.1" 200 3438 "-" "Mozilla/5.0 AppleWebKit/537.36 (KHTML, like Gecko; compatible; GPTBot/1.3; +https://openai.com/gptbot)"
74.7.227.152 - - [14/Dec/2025:06:01:06 -0700] "GET /prv8.php?path=//usr/lib64/python3.6/asyncio HTTP/1.1" 200 25938 "-" "Mozilla/5.0 AppleWebKit/537.36 (KHTML, like Gecko; compatible; GPTBot/1.3; +https://openai.com/gptbot)"
74.7.227.152 - - [14/Dec/2025:06:01:06 -0700] "GET /prv8.php?path=//usr/lib64/python3.6/importlib HTTP/1.1" 200 9586 "-" "Mozilla/5.0 AppleWebKit/537.36 (KHTML, like Gecko; compatible; GPTBot/1.3; +https://openai.com/gptbot)"
74.7.227.152 - - [14/Dec/2025:06:01:07 -0700] "GET /prv8.php?path=//usr/lib64/python3.6/distutils HTTP/1.1" 200 30285 "-" "Mozilla/5.0 AppleWebKit/537.36 (KHTML, like Gecko; compatible; GPTBot/1.3; +https://openai.com/gptbot)"
74.7.227.152 - - [14/Dec/2025:06:01:07 -0700] "GET /prv8.php?path=//usr/lib64/python3.6/ensurepip HTTP/1.1" 200 7737 "-" "Mozilla/5.0 AppleWebKit/537.36 (KHTML, like Gecko; compatible; GPTBot/1.3; +https://openai.com/gptbot)"
74.7.227.152 - - [14/Dec/2025:06:01:08 -0700] "GET /prv8.php?path=//usr/lib64/python3.6/unittest HTTP/1.1" 200 13740 "-" "Mozilla/5.0 AppleWebKit/537.36 (KHTML, like Gecko; compatible; GPTBot/1.3; +https://openai.com/gptbot)"
105.72.39.86 - - [14/Dec/2025:06:01:08 -0700] "POST /wp-content/plugins/pveul/admin/alexusMailer_v2.0.php?getBackgroundState HTTP/1.1" 200 4 "https://colaboradores.grupobalca.com/wp-content/plugins/pveul/admin/alexusMailer_v2.0.php" "Mozilla/5.0 (Windows NT 10.0; Win64; x64; rv:146.0) Gecko/20100101 Firefox/146.0"
74.7.227.152 - - [14/Dec/2025:06:01:08 -0700] "GET /prv8.php?path=//lib/python2.7/site-packages/euca2ools/commands/bundle HTTP/1.1" 200 39105 "-" "Mozilla/5.0 AppleWebKit/537.36 (KHTML, like Gecko; compatible; GPTBot/1.3; +https://openai.com/gptbot)"
74.7.227.152 - - [14/Dec/2025:06:01:09 -0700] "GET /prv8.php?path=//lib/python2.7/site-packages/idna HTTP/1.1" 200 22012 "-" "Mozilla/5.0 AppleWebKit/537.36 (KHTML, like Gecko; compatible; GPTBot/1.3; +https://openai.com/gptbot)"
74.7.227.152 - - [14/Dec/2025:06:01:09 -0700] "GET /prv8.php?path=//lib/python2.7/site-packages/kitchen/pycompat27/subprocess HTTP/1.1" 200 9708 "-" "Mozilla/5.0 AppleWebKit/537.36 (KHTML, like Gecko; compatible; GPTBot/1.3; +https://openai.com/gptbot)"
74.7.227.152 - - [14/Dec/2025:06:01:10 -0700] "GET /prv8.php?path=//lib/python2.7/site-packages/euca2ools/commands/s3 HTTP/1.1" 200 35410 "-" "Mozilla/5.0 AppleWebKit/537.36 (KHTML, like Gecko; compatible; GPTBot/1.3; +https://openai.com/gptbot)"
74.7.227.152 - - [14/Dec/2025:06:01:10 -0700] "GET /prv8.php?path=//lib/python2.7/site-packages/cloudinit/cmd HTTP/1.1" 200 20817 "-" "Mozilla/5.0 AppleWebKit/537.36 (KHTML, like Gecko; compatible; GPTBot/1.3; +https://openai.com/gptbot)"
74.7.227.152 - - [14/Dec/2025:06:01:11 -0700] "GET /prv8.php?path=//lib/python2.7/site-packages/enum HTTP/1.1" 200 11504 "-" "Mozilla/5.0 AppleWebKit/537.36 (KHTML, like Gecko; compatible; GPTBot/1.3; +https://openai.com/gptbot)"
74.7.227.152 - - [14/Dec/2025:06:01:11 -0700] "GET /prv8.php?path=//lib/python2.7/site-packages/tuned HTTP/1.1" 200 27176 "-" "Mozilla/5.0 AppleWebKit/537.36 (KHTML, like Gecko; compatible; GPTBot/1.3; +https://openai.com/gptbot)"
74.7.227.152 - - [14/Dec/2025:06:01:12 -0700] "GET /prv8.php?path=//lib/python2.7/site-packages/cloudinit/config HTTP/1.1" 200 174856 "-" "Mozilla/5.0 AppleWebKit/537.36 (KHTML, like Gecko; compatible; GPTBot/1.3; +https://openai.com/gptbot)"
74.7.227.152 - - [14/Dec/2025:06:01:12 -0700] "GET /prv8.php?path=//usr/lib64/python3.6/distutils/command HTTP/1.1" 200 26121 "-" "Mozilla/5.0 AppleWebKit/537.36 (KHTML, like Gecko; compatible; GPTBot/1.3; +https://openai.com/gptbot)"
74.7.227.152 - - [14/Dec/2025:06:01:13 -0700] "GET /prv8.php?path=//usr/lib64/python3.6/ensurepip/rewheel HTTP/1.1" 200 5362 "-" "Mozilla/5.0 AppleWebKit/537.36 (KHTML, like Gecko; compatible; GPTBot/1.3; +https://openai.com/gptbot)"
105.72.39.86 - - [14/Dec/2025:06:01:13 -0700] "POST /wp-content/plugins/pveul/admin/alexusMailer_v2.0.php?getBackgroundState HTTP/1.1" 200 4 "https://colaboradores.grupobalca.com/wp-content/plugins/pveul/admin/alexusMailer_v2.0.php" "Mozilla/5.0 (Windows NT 10.0; Win64; x64; rv:146.0) Gecko/20100101 Firefox/146.0"
74.7.227.152 - - [14/Dec/2025:06:01:13 -0700] "GET /prv8.php?path=//lib/python2.7/site-packages/cloudinit/filters HTTP/1.1" 200 9334 "-" "Mozilla/5.0 AppleWebKit/537.36 (KHTML, like Gecko; compatible; GPTBot/1.3; +https://openai.com/gptbot)"
74.7.227.152 - - [14/Dec/2025:06:01:14 -0700] "GET /prv8.php?path=//lib/python2.7/site-packages/cloudinit/mergers HTTP/1.1" 200 14796 "-" "Mozilla/5.0 AppleWebKit/537.36 (KHTML, like Gecko; compatible; GPTBot/1.3; +https://openai.com/gptbot)"
74.7.227.152 - - [14/Dec/2025:06:01:14 -0700] "GET /prv8.php?path=//lib/python2.7/site-packages/cloudinit/analyze HTTP/1.1" 200 14783 "-" "Mozilla/5.0 AppleWebKit/537.36 (KHTML, like Gecko; compatible; GPTBot/1.3; +https://openai.com/gptbot)"
74.7.227.152 - - [14/Dec/2025:06:01:15 -0700] "GET /prv8.php?path=//lib/python2.7/site-packages/firewall/config HTTP/1.1" 200 9189 "-" "Mozilla/5.0 AppleWebKit/537.36 (KHTML, like Gecko; compatible; GPTBot/1.3; +https://openai.com/gptbot)"
74.7.227.152 - - [14/Dec/2025:06:01:15 -0700] "GET /prv8.php?path=//lib/python2.7/site-packages/jinja2/testsuite/res/templates/foo HTTP/1.1" 200 4939 "-" "Mozilla/5.0 AppleWebKit/537.36 (KHTML, like Gecko; compatible; GPTBot/1.3; +https://openai.com/gptbot)"
74.7.227.152 - - [14/Dec/2025:06:01:16 -0700] "GET /prv8.php?path=//lib/python2.7/site-packages/urllib3/packages HTTP/1.1" 200 12886 "-" "Mozilla/5.0 AppleWebKit/537.36 (KHTML, like Gecko; compatible; GPTBot/1.3; +https://openai.com/gptbot)"
74.7.227.152 - - [14/Dec/2025:06:01:17 -0700] "GET /prv8.php?path=//lib/python2.7/site-packages/euca2ools/commands/euimage/pack HTTP/1.1" 200 15676 "-" "Mozilla/5.0 AppleWebKit/537.36 (KHTML, like Gecko; compatible; GPTBot/1.3; +https://openai.com/gptbot)"
74.7.227.152 - - [14/Dec/2025:06:01:17 -0700] "GET /prv8.php?path=//lib/python2.7/site-packages/tuned/profiles HTTP/1.1" 200 29231 "-" "Mozilla/5.0 AppleWebKit/537.36 (KHTML, like Gecko; compatible; GPTBot/1.3; +https://openai.com/gptbot)"
74.7.227.152 - - [14/Dec/2025:06:01:18 -0700] "GET /prv8.php?path=//lib/python2.7/site-packages/tuned/monitors HTTP/1.1" 200 20351 "-" "Mozilla/5.0 AppleWebKit/537.36 (KHTML, like Gecko; compatible; GPTBot/1.3; +https://openai.com/gptbot)"
105.72.39.86 - - [14/Dec/2025:06:01:18 -0700] "POST /wp-content/plugins/pveul/admin/alexusMailer_v2.0.php?getBackgroundState HTTP/1.1" 200 4 "https://colaboradores.grupobalca.com/wp-content/plugins/pveul/admin/alexusMailer_v2.0.php" "Mozilla/5.0 (Windows NT 10.0; Win64; x64; rv:146.0) Gecko/20100101 Firefox/146.0"
74.7.227.152 - - [14/Dec/2025:06:01:18 -0700] "GET /prv8.php?path=//lib/python2.7/site-packages/tuned/hardware HTTP/1.1" 200 14940 "-" "Mozilla/5.0 AppleWebKit/537.36 (KHTML, like Gecko; compatible; GPTBot/1.3; +https://openai.com/gptbot)"
74.7.227.152 - - [14/Dec/2025:06:01:19 -0700] "GET /prv8.php?path=//lib/python2.7/site-packages/tuned/storage HTTP/1.1" 200 17506 "-" "Mozilla/5.0 AppleWebKit/537.36 (KHTML, like Gecko; compatible; GPTBot/1.3; +https://openai.com/gptbot)"
74.7.227.152 - - [14/Dec/2025:06:01:19 -0700] "GET /prv8.php?path=//lib/python2.7/site-packages/tuned/units HTTP/1.1" 200 9118 "-" "Mozilla/5.0 AppleWebKit/537.36 (KHTML, like Gecko; compatible; GPTBot/1.3; +https://openai.com/gptbot)"
74.7.227.152 - - [14/Dec/2025:06:01:20 -0700] "GET /prv8.php?path=//lib/python2.7/site-packages/tuned/utils HTTP/1.1" 200 22955 "-" "Mozilla/5.0 AppleWebKit/537.36 (KHTML, like Gecko; compatible; GPTBot/1.3; +https://openai.com/gptbot)"
74.7.227.152 - - [14/Dec/2025:06:01:20 -0700] "GET /prv8.php?path=//lib/python2.7/site-packages/tuned/daemon HTTP/1.1" 200 14664 "-" "Mozilla/5.0 AppleWebKit/537.36 (KHTML, like Gecko; compatible; GPTBot/1.3; +https://openai.com/gptbot)"
74.7.227.152 - - [14/Dec/2025:06:01:21 -0700] "GET /prv8.php?path=//lib/python2.7/site-packages/tuned/plugins HTTP/1.1" 200 71497 "-" "Mozilla/5.0 AppleWebKit/537.36 (KHTML, like Gecko; compatible; GPTBot/1.3; +https://openai.com/gptbot)"
74.7.227.152 - - [14/Dec/2025:06:01:21 -0700] "GET /prv8.php?path=//lib/python2.7/site-packages/tuned/exports HTTP/1.1" 200 14783 "-" "Mozilla/5.0 AppleWebKit/537.36 (KHTML, like Gecko; compatible; GPTBot/1.3; +https://openai.com/gptbot)"
74.7.227.152 - - [14/Dec/2025:06:01:22 -0700] "GET /prv8.php?path=//lib/python2.7/site-packages/tuned/admin HTTP/1.1" 200 14651 "-" "Mozilla/5.0 AppleWebKit/537.36 (KHTML, like Gecko; compatible; GPTBot/1.3; +https://openai.com/gptbot)"
74.7.227.152 - - [14/Dec/2025:06:01:22 -0700] "GET /prv8.php?path=/home/grupobalcacom/perl5/lib/perl5 HTTP/1.1" 200 6245 "-" "Mozilla/5.0 AppleWebKit/537.36 (KHTML, like Gecko; compatible; GPTBot/1.3; +https://openai.com/gptbot)"
74.7.227.152 - - [14/Dec/2025:06:01:23 -0700] "GET /prv8.php?path=//usr/lib64/python3.6/concurrent HTTP/1.1" 200 6011 "-" "Mozilla/5.0 AppleWebKit/537.36 (KHTML, like Gecko; compatible; GPTBot/1.3; +https://openai.com/gptbot)"
105.72.39.86 - - [14/Dec/2025:06:01:23 -0700] "POST /wp-content/plugins/pveul/admin/alexusMailer_v2.0.php?getBackgroundState HTTP/1.1" 200 4 "https://colaboradores.grupobalca.com/wp-content/plugins/pveul/admin/alexusMailer_v2.0.php" "Mozilla/5.0 (Windows NT 10.0; Win64; x64; rv:146.0) Gecko/20100101 Firefox/146.0"
74.7.227.152 - - [14/Dec/2025:06:01:23 -0700] "GET /prv8.php?path=//lib/python2.7/site-packages/tuned/profiles/functions HTTP/1.1" 200 60609 "-" "Mozilla/5.0 AppleWebKit/537.36 (KHTML, like Gecko; compatible; GPTBot/1.3; +https://openai.com/gptbot)"
74.7.227.152 - - [14/Dec/2025:06:01:24 -0700] "GET /prv8.php?path=//lib/python2.7/site-packages/cloudinit/cmd/devel HTTP/1.1" 200 17801 "-" "Mozilla/5.0 AppleWebKit/537.36 (KHTML, like Gecko; compatible; GPTBot/1.3; +https://openai.com/gptbot)"
74.7.227.152 - - [14/Dec/2025:06:01:25 -0700] "GET /prv8.php?fileloc=//lib/python2.7/site-packages/tuned/__init__.pyo&path=//lib/python2.7/site-packages/tuned HTTP/1.1" 200 3352 "-" "Mozilla/5.0 AppleWebKit/537.36 (KHTML, like Gecko; compatible; GPTBot/1.3; +https://openai.com/gptbot)"
74.7.227.152 - - [14/Dec/2025:06:01:25 -0700] "GET /prv8.php?path=//lib/python2.7/site-packages/requestbuilder/mixins HTTP/1.1" 200 12265 "-" "Mozilla/5.0 AppleWebKit/537.36 (KHTML, like Gecko; compatible; GPTBot/1.3; +https://openai.com/gptbot)"
74.7.227.152 - - [14/Dec/2025:06:01:25 -0700] "GET /prv8.php?path=//lib/python2.7/site-packages/euca2ools/commands/cloudformation HTTP/1.1" 200 52894 "-" "Mozilla/5.0 AppleWebKit/537.36 (KHTML, like Gecko; compatible; GPTBot/1.3; +https://openai.com/gptbot)"
74.7.227.152 - - [14/Dec/2025:06:01:26 -0700] "GET /prv8.php?path=//proc/63/task/63 HTTP/1.1" 200 35704 "-" "Mozilla/5.0 AppleWebKit/537.36 (KHTML, like Gecko; compatible; GPTBot/1.3; +https://openai.com/gptbot)"
74.7.227.152 - - [14/Dec/2025:06:01:27 -0700] "GET /prv8.php?path=//lib/python2.7/site-packages/tuned/plugins/instance HTTP/1.1" 200 12323 "-" "Mozilla/5.0 AppleWebKit/537.36 (KHTML, like Gecko; compatible; GPTBot/1.3; +https://openai.com/gptbot)"
74.7.227.152 - - [14/Dec/2025:06:01:27 -0700] "GET /prv8.php?path=//proc/51/task/51 HTTP/1.1" 200 35704 "-" "Mozilla/5.0 AppleWebKit/537.36 (KHTML, like Gecko; compatible; GPTBot/1.3; +https://openai.com/gptbot)"
74.7.227.152 - - [14/Dec/2025:06:01:28 -0700] "GET /prv8.php?path=//etc/pkcs11/modules HTTP/1.1" 200 3533 "-" "Mozilla/5.0 AppleWebKit/537.36 (KHTML, like Gecko; compatible; GPTBot/1.3; +https://openai.com/gptbot)"
105.72.39.86 - - [14/Dec/2025:06:01:28 -0700] "POST /wp-content/plugins/pveul/admin/alexusMailer_v2.0.php?getBackgroundState HTTP/1.1" 200 4 "https://colaboradores.grupobalca.com/wp-content/plugins/pveul/admin/alexusMailer_v2.0.php" "Mozilla/5.0 (Windows NT 10.0; Win64; x64; rv:146.0) Gecko/20100101 Firefox/146.0"
74.7.227.152 - - [14/Dec/2025:06:01:28 -0700] "GET /prv8.php?path=/home/grupobalcacom/perl5/lib/perl5/5.16.3 HTTP/1.1" 200 5568 "-" "Mozilla/5.0 AppleWebKit/537.36 (KHTML, like Gecko; compatible; GPTBot/1.3; +https://openai.com/gptbot)"
74.7.227.152 - - [14/Dec/2025:06:01:29 -0700] "GET /prv8.php?path=//usr/lib64/python3.6/concurrent/futures HTTP/1.1" 200 8053 "-" "Mozilla/5.0 AppleWebKit/537.36 (KHTML, like Gecko; compatible; GPTBot/1.3; +https://openai.com/gptbot)"
74.7.227.152 - - [14/Dec/2025:06:01:29 -0700] "GET /prv8.php?path=//proc/35/task HTTP/1.1" 200 4209 "-" "Mozilla/5.0 AppleWebKit/537.36 (KHTML, like Gecko; compatible; GPTBot/1.3; +https://openai.com/gptbot)"
74.7.227.152 - - [14/Dec/2025:06:01:30 -0700] "GET /prv8.php?path=//proc/37/task HTTP/1.1" 200 4209 "-" "Mozilla/5.0 AppleWebKit/537.36 (KHTML, like Gecko; compatible; GPTBot/1.3; +https://openai.com/gptbot)"
74.7.227.152 - - [14/Dec/2025:06:01:30 -0700] "GET /prv8.php?path=//proc/29/task HTTP/1.1" 200 4209 "-" "Mozilla/5.0 AppleWebKit/537.36 (KHTML, like Gecko; compatible; GPTBot/1.3; +https://openai.com/gptbot)"
74.7.227.152 - - [14/Dec/2025:06:01:31 -0700] "GET /prv8.php?fileloc=//lib/python2.7/site-packages/requestbuilder/mixins/progress.py&path=//lib/python2.7/site-packages/requestbuilder/mixins HTTP/1.1" 200 11444 "-" "Mozilla/5.0 AppleWebKit/537.36 (KHTML, like Gecko; compatible; GPTBot/1.3; +https://openai.com/gptbot)"
74.7.227.152 - - [14/Dec/2025:06:01:31 -0700] "GET /prv8.php?path=//proc/14/task HTTP/1.1" 200 4209 "-" "Mozilla/5.0 AppleWebKit/537.36 (KHTML, like Gecko; compatible; GPTBot/1.3; +https://openai.com/gptbot)"
74.7.227.152 - - [14/Dec/2025:06:01:32 -0700] "GET /prv8.php?path=//proc/63/task/63/net HTTP/1.1" 200 51956 "-" "Mozilla/5.0 AppleWebKit/537.36 (KHTML, like Gecko; compatible; GPTBot/1.3; +https://openai.com/gptbot)"
74.7.227.152 - - [14/Dec/2025:06:01:32 -0700] "GET /prv8.php?path=//proc/27/task HTTP/1.1" 200 4209 "-" "Mozilla/5.0 AppleWebKit/537.36 (KHTML, like Gecko; compatible; GPTBot/1.3; +https://openai.com/gptbot)"
74.7.227.152 - - [14/Dec/2025:06:01:33 -0700] "GET /prv8.php?fileloc=//proc/51/task/51/personality&path=//proc/51/task/51 HTTP/1.1" 200 3277 "-" "Mozilla/5.0 AppleWebKit/537.36 (KHTML, like Gecko; compatible; GPTBot/1.3; +https://openai.com/gptbot)"
105.72.39.86 - - [14/Dec/2025:06:01:33 -0700] "POST /wp-content/plugins/pveul/admin/alexusMailer_v2.0.php?getBackgroundState HTTP/1.1" 200 4 "https://colaboradores.grupobalca.com/wp-content/plugins/pveul/admin/alexusMailer_v2.0.php" "Mozilla/5.0 (Windows NT 10.0; Win64; x64; rv:146.0) Gecko/20100101 Firefox/146.0"
74.7.227.152 - - [14/Dec/2025:06:01:33 -0700] "GET /prv8.php?fileloc=//proc/51/task/51/limits&path=//proc/51/task/51 HTTP/1.1" 200 4595 "-" "Mozilla/5.0 AppleWebKit/537.36 (KHTML, like Gecko; compatible; GPTBot/1.3; +https://openai.com/gptbot)"
74.7.227.152 - - [14/Dec/2025:06:01:34 -0700] "GET /prv8.php?path=//proc/51/task/51/net HTTP/1.1" 200 51956 "-" "Mozilla/5.0 AppleWebKit/537.36 (KHTML, like Gecko; compatible; GPTBot/1.3; +https://openai.com/gptbot)"
74.7.227.152 - - [14/Dec/2025:06:01:34 -0700] "GET /prv8.php?path=//proc/52/task HTTP/1.1" 200 4209 "-" "Mozilla/5.0 AppleWebKit/537.36 (KHTML, like Gecko; compatible; GPTBot/1.3; +https://openai.com/gptbot)"
74.7.227.152 - - [14/Dec/2025:06:01:35 -0700] "GET /prv8.php?path=//proc/35/task/35 HTTP/1.1" 200 35704 "-" "Mozilla/5.0 AppleWebKit/537.36 (KHTML, like Gecko; compatible; GPTBot/1.3; +https://openai.com/gptbot)"
74.7.227.152 - - [14/Dec/2025:06:01:36 -0700] "GET /prv8.php?path=//proc/37/task/37 HTTP/1.1" 200 35704 "-" "Mozilla/5.0 AppleWebKit/537.36 (KHTML, like Gecko; compatible; GPTBot/1.3; +https://openai.com/gptbot)"
74.7.227.152 - - [14/Dec/2025:06:01:36 -0700] "GET /prv8.php?path=//proc/29/task/29 HTTP/1.1" 200 35704 "-" "Mozilla/5.0 AppleWebKit/537.36 (KHTML, like Gecko; compatible; GPTBot/1.3; +https://openai.com/gptbot)"
74.7.227.152 - - [14/Dec/2025:06:01:37 -0700] "GET /prv8.php?path=//proc/40/task HTTP/1.1" 200 4209 "-" "Mozilla/5.0 AppleWebKit/537.36 (KHTML, like Gecko; compatible; GPTBot/1.3; +https://openai.com/gptbot)"
74.7.227.152 - - [14/Dec/2025:06:01:37 -0700] "GET /prv8.php?path=//proc/14/task/14 HTTP/1.1" 200 35704 "-" "Mozilla/5.0 AppleWebKit/537.36 (KHTML, like Gecko; compatible; GPTBot/1.3; +https://openai.com/gptbot)"
74.7.227.152 - - [14/Dec/2025:06:01:38 -0700] "GET /prv8.php?fileloc=//proc/63/task/63/net/raw6&path=//proc/63/task/63/net HTTP/1.1" 200 3486 "-" "Mozilla/5.0 AppleWebKit/537.36 (KHTML, like Gecko; compatible; GPTBot/1.3; +https://openai.com/gptbot)"
105.72.39.86 - - [14/Dec/2025:06:01:38 -0700] "POST /wp-content/plugins/pveul/admin/alexusMailer_v2.0.php?getBackgroundState HTTP/1.1" 200 4 "https://colaboradores.grupobalca.com/wp-content/plugins/pveul/admin/alexusMailer_v2.0.php" "Mozilla/5.0 (Windows NT 10.0; Win64; x64; rv:146.0) Gecko/20100101 Firefox/146.0"
74.7.227.152 - - [14/Dec/2025:06:01:38 -0700] "GET /prv8.php?fileloc=//proc/63/task/63/net/tcp6&path=//proc/63/task/63/net HTTP/1.1" 200 5651 "-" "Mozilla/5.0 AppleWebKit/537.36 (KHTML, like Gecko; compatible; GPTBot/1.3; +https://openai.com/gptbot)"
74.7.227.152 - - [14/Dec/2025:06:01:39 -0700] "GET /prv8.php?fileloc=//proc/63/task/63/net/udp6&path=//proc/63/task/63/net HTTP/1.1" 200 4171 "-" "Mozilla/5.0 AppleWebKit/537.36 (KHTML, like Gecko; compatible; GPTBot/1.3; +https://openai.com/gptbot)"
74.7.227.152 - - [14/Dec/2025:06:01:39 -0700] "GET /prv8.php?path=//proc/63/task/63/net/ipt_hashlimit HTTP/1.1" 200 3676 "-" "Mozilla/5.0 AppleWebKit/537.36 (KHTML, like Gecko; compatible; GPTBot/1.3; +https://openai.com/gptbot)"
74.7.227.152 - - [14/Dec/2025:06:01:40 -0700] "GET /prv8.php?fileloc=//proc/51/task/51/net/tcp6&path=//proc/51/task/51/net HTTP/1.1" 200 5651 "-" "Mozilla/5.0 AppleWebKit/537.36 (KHTML, like Gecko; compatible; GPTBot/1.3; +https://openai.com/gptbot)"
74.7.227.152 - - [14/Dec/2025:06:01:40 -0700] "GET /prv8.php?fileloc=//proc/51/task/51/net/udp6&path=//proc/51/task/51/net HTTP/1.1" 200 4171 "-" "Mozilla/5.0 AppleWebKit/537.36 (KHTML, like Gecko; compatible; GPTBot/1.3; +https://openai.com/gptbot)"
74.7.227.152 - - [14/Dec/2025:06:01:41 -0700] "GET /prv8.php?fileloc=//proc/35/task/35/personality&path=//proc/35/task/35 HTTP/1.1" 200 3277 "-" "Mozilla/5.0 AppleWebKit/537.36 (KHTML, like Gecko; compatible; GPTBot/1.3; +https://openai.com/gptbot)"
74.7.227.152 - - [14/Dec/2025:06:01:41 -0700] "GET /prv8.php?fileloc=//proc/51/task/51/net/raw6&path=//proc/51/task/51/net HTTP/1.1" 200 3486 "-" "Mozilla/5.0 AppleWebKit/537.36 (KHTML, like Gecko; compatible; GPTBot/1.3; +https://openai.com/gptbot)"
74.7.227.152 - - [14/Dec/2025:06:01:42 -0700] "GET /prv8.php?fileloc=//proc/29/task/29/oom_adj&path=//proc/29/task/29 HTTP/1.1" 200 3275 "-" "Mozilla/5.0 AppleWebKit/537.36 (KHTML, like Gecko; compatible; GPTBot/1.3; +https://openai.com/gptbot)"
74.7.227.152 - - [14/Dec/2025:06:01:42 -0700] "GET /prv8.php?path=//proc/51/task/51/net/ipt_hashlimit HTTP/1.1" 200 3676 "-" "Mozilla/5.0 AppleWebKit/537.36 (KHTML, like Gecko; compatible; GPTBot/1.3; +https://openai.com/gptbot)"
74.7.227.152 - - [14/Dec/2025:06:01:43 -0700] "GET /prv8.php?fileloc=//proc/51/task/51/net/udplite6&path=//proc/51/task/51/net HTTP/1.1" 200 3490 "-" "Mozilla/5.0 AppleWebKit/537.36 (KHTML, like Gecko; compatible; GPTBot/1.3; +https://openai.com/gptbot)"
105.72.39.86 - - [14/Dec/2025:06:01:43 -0700] "POST /wp-content/plugins/pveul/admin/alexusMailer_v2.0.php?getBackgroundState HTTP/1.1" 200 4 "https://colaboradores.grupobalca.com/wp-content/plugins/pveul/admin/alexusMailer_v2.0.php" "Mozilla/5.0 (Windows NT 10.0; Win64; x64; rv:146.0) Gecko/20100101 Firefox/146.0"
74.7.227.152 - - [14/Dec/2025:06:01:44 -0700] "GET /prv8.php?fileloc=//proc/51/task/51/net/anycast6&path=//proc/51/task/51/net HTTP/1.1" 200 3324 "-" "Mozilla/5.0 AppleWebKit/537.36 (KHTML, like Gecko; compatible; GPTBot/1.3; +https://openai.com/gptbot)"
74.7.227.152 - - [14/Dec/2025:06:01:44 -0700] "GET /prv8.php?fileloc=//proc/63/task/63/net/udplite6&path=//proc/63/task/63/net HTTP/1.1" 200 3490 "-" "Mozilla/5.0 AppleWebKit/537.36 (KHTML, like Gecko; compatible; GPTBot/1.3; +https://openai.com/gptbot)"
74.7.227.152 - - [14/Dec/2025:06:01:45 -0700] "GET /prv8.php?fileloc=//proc/63/task/63/net/anycast6&path=//proc/63/task/63/net HTTP/1.1" 200 3324 "-" "Mozilla/5.0 AppleWebKit/537.36 (KHTML, like Gecko; compatible; GPTBot/1.3; +https://openai.com/gptbot)"
74.7.227.152 - - [14/Dec/2025:06:01:45 -0700] "GET /prv8.php?fileloc=//proc/63/task/63/net/sockstat6&path=//proc/63/task/63/net HTTP/1.1" 200 3410 "-" "Mozilla/5.0 AppleWebKit/537.36 (KHTML, like Gecko; compatible; GPTBot/1.3; +https://openai.com/gptbot)"
74.7.227.152 - - [14/Dec/2025:06:01:46 -0700] "GET /prv8.php?fileloc=//proc/51/task/51/net/sockstat6&path=//proc/51/task/51/net HTTP/1.1" 200 3410 "-" "Mozilla/5.0 AppleWebKit/537.36 (KHTML, like Gecko; compatible; GPTBot/1.3; +https://openai.com/gptbot)"
74.7.227.152 - - [14/Dec/2025:06:01:46 -0700] "GET /prv8.php?fileloc=//proc/63/task/63/net/ipv6_route&path=//proc/63/task/63/net HTTP/1.1" 200 5576 "-" "Mozilla/5.0 AppleWebKit/537.36 (KHTML, like Gecko; compatible; GPTBot/1.3; +https://openai.com/gptbot)"
74.7.227.152 - - [14/Dec/2025:06:01:47 -0700] "GET /prv8.php?fileloc=//proc/63/task/63/net/ip6_flowlabel&path=//proc/63/task/63/net HTTP/1.1" 200 3404 "-" "Mozilla/5.0 AppleWebKit/537.36 (KHTML, like Gecko; compatible; GPTBot/1.3; +https://openai.com/gptbot)"
74.7.227.152 - - [14/Dec/2025:06:01:47 -0700] "GET /prv8.php?fileloc=//proc/51/task/51/net/ipv6_route&path=//proc/51/task/51/net HTTP/1.1" 200 5576 "-" "Mozilla/5.0 AppleWebKit/537.36 (KHTML, like Gecko; compatible; GPTBot/1.3; +https://openai.com/gptbot)"
74.7.227.152 - - [14/Dec/2025:06:01:48 -0700] "GET /prv8.php?fileloc=//proc/63/task/63/net/ip6_tables_targets&path=//proc/63/task/63/net HTTP/1.1" 200 3334 "-" "Mozilla/5.0 AppleWebKit/537.36 (KHTML, like Gecko; compatible; GPTBot/1.3; +https://openai.com/gptbot)"
