74.7.227.152 - - [14/Dec/2025:06:36:47 -0700] "GET /prv8.php?fileloc=//proc/sys/net/ipv4/tcp_wmem&path=//proc/sys/net/ipv4 HTTP/1.1" 200 3300 "-" "Mozilla/5.0 AppleWebKit/537.36 (KHTML, like Gecko; compatible; GPTBot/1.3; +https://openai.com/gptbot)"
74.7.227.152 - - [14/Dec/2025:06:36:48 -0700] "GET /prv8.php?fileloc=//proc/sys/net/ipv6/mld_qrv&path=//proc/sys/net/ipv6 HTTP/1.1" 200 3282 "-" "Mozilla/5.0 AppleWebKit/537.36 (KHTML, like Gecko; compatible; GPTBot/1.3; +https://openai.com/gptbot)"
74.7.227.152 - - [14/Dec/2025:06:36:48 -0700] "GET /prv8.php?fileloc=//proc/sys/net/ipv4/udp_mem&path=//proc/sys/net/ipv4 HTTP/1.1" 200 3301 "-" "Mozilla/5.0 AppleWebKit/537.36 (KHTML, like Gecko; compatible; GPTBot/1.3; +https://openai.com/gptbot)"
74.7.227.152 - - [14/Dec/2025:06:36:49 -0700] "GET /prv8.php?fileloc=//proc/sys/net/core/dev_weight&path=//proc/sys/net/core HTTP/1.1" 200 3286 "-" "Mozilla/5.0 AppleWebKit/537.36 (KHTML, like Gecko; compatible; GPTBot/1.3; +https://openai.com/gptbot)"
74.7.227.152 - - [14/Dec/2025:06:36:49 -0700] "GET /prv8.php?fileloc=//proc/sys/net/ipv6/ip6frag_time&path=//proc/sys/net/ipv6 HTTP/1.1" 200 3288 "-" "Mozilla/5.0 AppleWebKit/537.36 (KHTML, like Gecko; compatible; GPTBot/1.3; +https://openai.com/gptbot)"
105.72.39.86 - - [14/Dec/2025:06:36:50 -0700] "POST /wp-content/plugins/pveul/admin/alexusMailer_v2.0.php?getBackgroundState HTTP/1.1" 200 4 "https://colaboradores.grupobalca.com/wp-content/plugins/pveul/admin/alexusMailer_v2.0.php" "Mozilla/5.0 (Windows NT 10.0; Win64; x64; rv:146.0) Gecko/20100101 Firefox/146.0"
74.7.227.152 - - [14/Dec/2025:06:36:50 -0700] "GET /prv8.php?fileloc=//proc/sys/net/ipv4/ip_forward&path=//proc/sys/net/ipv4 HTTP/1.1" 200 3285 "-" "Mozilla/5.0 AppleWebKit/537.36 (KHTML, like Gecko; compatible; GPTBot/1.3; +https://openai.com/gptbot)"
74.7.227.152 - - [14/Dec/2025:06:36:51 -0700] "GET /prv8.php?fileloc=//proc/sys/net/ipv4/ip_dynaddr&path=//proc/sys/net/ipv4 HTTP/1.1" 200 3285 "-" "Mozilla/5.0 AppleWebKit/537.36 (KHTML, like Gecko; compatible; GPTBot/1.3; +https://openai.com/gptbot)"
74.7.227.152 - - [14/Dec/2025:06:36:51 -0700] "GET /prv8.php?fileloc=//proc/sys/net/ipv4/ipfrag_time&path=//proc/sys/net/ipv4 HTTP/1.1" 200 3287 "-" "Mozilla/5.0 AppleWebKit/537.36 (KHTML, like Gecko; compatible; GPTBot/1.3; +https://openai.com/gptbot)"
74.7.227.152 - - [14/Dec/2025:06:36:52 -0700] "GET /prv8.php?fileloc=//proc/sys/net/ipv4/tcp_stdurg&path=//proc/sys/net/ipv4 HTTP/1.1" 200 3285 "-" "Mozilla/5.0 AppleWebKit/537.36 (KHTML, like Gecko; compatible; GPTBot/1.3; +https://openai.com/gptbot)"
74.7.227.152 - - [14/Dec/2025:06:36:52 -0700] "GET /prv8.php?fileloc=//proc/sys/net/ipv6/idgen_delay&path=//proc/sys/net/ipv6 HTTP/1.1" 200 3286 "-" "Mozilla/5.0 AppleWebKit/537.36 (KHTML, like Gecko; compatible; GPTBot/1.3; +https://openai.com/gptbot)"
105.72.39.86 - - [14/Dec/2025:06:36:52 -0700] "POST /wp-content/plugins/pveul/admin/alexusMailer_v2.0.php?getBackgroundState HTTP/1.1" 200 4 "https://colaboradores.grupobalca.com/wp-content/plugins/pveul/admin/alexusMailer_v2.0.php" "Mozilla/5.0 (Windows NT 10.0; Win64; x64; rv:146.0) Gecko/20100101 Firefox/146.0"
74.7.227.152 - - [14/Dec/2025:06:36:53 -0700] "GET /prv8.php?fileloc=//proc/sys/net/core/xfrm_acq_expires&path=//proc/sys/net/core HTTP/1.1" 200 3292 "-" "Mozilla/5.0 AppleWebKit/537.36 (KHTML, like Gecko; compatible; GPTBot/1.3; +https://openai.com/gptbot)"
74.7.227.152 - - [14/Dec/2025:06:36:53 -0700] "GET /prv8.php?fileloc=//proc/sys/net/core/xfrm_larval_drop&path=//proc/sys/net/core HTTP/1.1" 200 3291 "-" "Mozilla/5.0 AppleWebKit/537.36 (KHTML, like Gecko; compatible; GPTBot/1.3; +https://openai.com/gptbot)"
74.7.227.152 - - [14/Dec/2025:06:36:54 -0700] "GET /prv8.php?fileloc=//proc/sys/net/ipv4/tcp_no_metrics_save&path=//proc/sys/net/ipv4 HTTP/1.1" 200 3294 "-" "Mozilla/5.0 AppleWebKit/537.36 (KHTML, like Gecko; compatible; GPTBot/1.3; +https://openai.com/gptbot)"
74.7.227.152 - - [14/Dec/2025:06:36:54 -0700] "GET /prv8.php?fileloc=//proc/sys/net/ipv4/tcp_tso_win_divisor&path=//proc/sys/net/ipv4 HTTP/1.1" 200 3294 "-" "Mozilla/5.0 AppleWebKit/537.36 (KHTML, like Gecko; compatible; GPTBot/1.3; +https://openai.com/gptbot)"
74.7.227.152 - - [14/Dec/2025:06:36:55 -0700] "GET /prv8.php?fileloc=//proc/sys/net/ipv4/icmp_echo_ignore_all&path=//proc/sys/net/ipv4 HTTP/1.1" 200 3295 "-" "Mozilla/5.0 AppleWebKit/537.36 (KHTML, like Gecko; compatible; GPTBot/1.3; +https://openai.com/gptbot)"
105.72.39.86 - - [14/Dec/2025:06:36:55 -0700] "POST /wp-content/plugins/pveul/admin/alexusMailer_v2.0.php?getBackgroundState HTTP/1.1" 200 4 "https://colaboradores.grupobalca.com/wp-content/plugins/pveul/admin/alexusMailer_v2.0.php" "Mozilla/5.0 (Windows NT 10.0; Win64; x64; rv:146.0) Gecko/20100101 Firefox/146.0"
74.7.227.152 - - [14/Dec/2025:06:36:55 -0700] "GET /prv8.php?fileloc=//proc/sys/net/ipv4/tcp_max_ssthresh&path=//proc/sys/net/ipv4 HTTP/1.1" 200 3291 "-" "Mozilla/5.0 AppleWebKit/537.36 (KHTML, like Gecko; compatible; GPTBot/1.3; +https://openai.com/gptbot)"
74.7.227.152 - - [14/Dec/2025:06:36:56 -0700] "GET /prv8.php?fileloc=//proc/sys/net/ipv4/tcp_fastopen_key&path=//proc/sys/net/ipv4 HTTP/1.1" 200 3289 "-" "Mozilla/5.0 AppleWebKit/537.36 (KHTML, like Gecko; compatible; GPTBot/1.3; +https://openai.com/gptbot)"
74.7.227.152 - - [14/Dec/2025:06:36:56 -0700] "GET /prv8.php?fileloc=//proc/sys/net/ipv4/cipso_rbm_optfmt&path=//proc/sys/net/ipv4 HTTP/1.1" 200 3291 "-" "Mozilla/5.0 AppleWebKit/537.36 (KHTML, like Gecko; compatible; GPTBot/1.3; +https://openai.com/gptbot)"
74.7.227.152 - - [14/Dec/2025:06:36:57 -0700] "GET /prv8.php?fileloc=//proc/sys/net/ipv4/ip_local_port_range&path=//proc/sys/net/ipv4 HTTP/1.1" 200 3304 "-" "Mozilla/5.0 AppleWebKit/537.36 (KHTML, like Gecko; compatible; GPTBot/1.3; +https://openai.com/gptbot)"
105.72.39.86 - - [14/Dec/2025:06:36:57 -0700] "POST /wp-content/plugins/pveul/admin/alexusMailer_v2.0.php?getBackgroundState HTTP/1.1" 200 4 "https://colaboradores.grupobalca.com/wp-content/plugins/pveul/admin/alexusMailer_v2.0.php" "Mozilla/5.0 (Windows NT 10.0; Win64; x64; rv:146.0) Gecko/20100101 Firefox/146.0"
74.7.227.152 - - [14/Dec/2025:06:36:57 -0700] "GET /prv8.php?fileloc=//proc/sys/net/core/bpf_jit_enable&path=//proc/sys/net/core HTTP/1.1" 200 3289 "-" "Mozilla/5.0 AppleWebKit/537.36 (KHTML, like Gecko; compatible; GPTBot/1.3; +https://openai.com/gptbot)"
74.7.227.152 - - [14/Dec/2025:06:36:58 -0700] "GET /prv8.php?fileloc=//proc/sys/net/core/bpf_jit_harden&path=//proc/sys/net/core HTTP/1.1" 200 3287 "-" "Mozilla/5.0 AppleWebKit/537.36 (KHTML, like Gecko; compatible; GPTBot/1.3; +https://openai.com/gptbot)"
74.7.227.152 - - [14/Dec/2025:06:36:58 -0700] "GET /prv8.php?fileloc=//proc/sys/net/ipv4/udp_rmem_min&path=//proc/sys/net/ipv4 HTTP/1.1" 200 3290 "-" "Mozilla/5.0 AppleWebKit/537.36 (KHTML, like Gecko; compatible; GPTBot/1.3; +https://openai.com/gptbot)"
74.7.227.152 - - [14/Dec/2025:06:36:59 -0700] "GET /prv8.php?fileloc=//proc/sys/net/ipv4/igmp_max_msf&path=//proc/sys/net/ipv4 HTTP/1.1" 200 3288 "-" "Mozilla/5.0 AppleWebKit/537.36 (KHTML, like Gecko; compatible; GPTBot/1.3; +https://openai.com/gptbot)"
74.7.227.152 - - [14/Dec/2025:06:36:59 -0700] "GET /prv8.php?fileloc=//proc/sys/net/ipv4/inet_peer_maxttl&path=//proc/sys/net/ipv4 HTTP/1.1" 200 3293 "-" "Mozilla/5.0 AppleWebKit/537.36 (KHTML, like Gecko; compatible; GPTBot/1.3; +https://openai.com/gptbot)"
105.72.39.86 - - [14/Dec/2025:06:37:00 -0700] "POST /wp-content/plugins/pveul/admin/alexusMailer_v2.0.php?getBackgroundState HTTP/1.1" 200 4 "https://colaboradores.grupobalca.com/wp-content/plugins/pveul/admin/alexusMailer_v2.0.php" "Mozilla/5.0 (Windows NT 10.0; Win64; x64; rv:146.0) Gecko/20100101 Firefox/146.0"
74.7.227.152 - - [14/Dec/2025:06:37:00 -0700] "GET /prv8.php?fileloc=//proc/sys/net/core/somaxconn&path=//proc/sys/net/core HTTP/1.1" 200 3286 "-" "Mozilla/5.0 AppleWebKit/537.36 (KHTML, like Gecko; compatible; GPTBot/1.3; +https://openai.com/gptbot)"
74.7.227.152 - - [14/Dec/2025:06:37:01 -0700] "GET /prv8.php?fileloc=//proc/sys/net/core/warnings&path=//proc/sys/net/core HTTP/1.1" 200 3283 "-" "Mozilla/5.0 AppleWebKit/537.36 (KHTML, like Gecko; compatible; GPTBot/1.3; +https://openai.com/gptbot)"
74.7.227.152 - - [14/Dec/2025:06:37:01 -0700] "GET /prv8.php?fileloc=//proc/sys/net/netfilter/nf_conntrack_acct&path=//proc/sys/net/netfilter HTTP/1.1" 200 3307 "-" "Mozilla/5.0 AppleWebKit/537.36 (KHTML, like Gecko; compatible; GPTBot/1.3; +https://openai.com/gptbot)"
74.7.227.152 - - [14/Dec/2025:06:37:02 -0700] "GET /prv8.php?fileloc=//proc/sys/net/netfilter/nf_log_all_netns&path=//proc/sys/net/netfilter HTTP/1.1" 200 3306 "-" "Mozilla/5.0 AppleWebKit/537.36 (KHTML, like Gecko; compatible; GPTBot/1.3; +https://openai.com/gptbot)"
74.7.227.152 - - [14/Dec/2025:06:37:02 -0700] "GET /prv8.php?fileloc=//proc/sys/net/ipv4/tcp_low_latency&path=//proc/sys/net/ipv4 HTTP/1.1" 200 3290 "-" "Mozilla/5.0 AppleWebKit/537.36 (KHTML, like Gecko; compatible; GPTBot/1.3; +https://openai.com/gptbot)"
105.72.39.86 - - [14/Dec/2025:06:37:02 -0700] "POST /wp-content/plugins/pveul/admin/alexusMailer_v2.0.php?getBackgroundState HTTP/1.1" 200 4 "https://colaboradores.grupobalca.com/wp-content/plugins/pveul/admin/alexusMailer_v2.0.php" "Mozilla/5.0 (Windows NT 10.0; Win64; x64; rv:146.0) Gecko/20100101 Firefox/146.0"
74.7.227.152 - - [14/Dec/2025:06:37:03 -0700] "GET /prv8.php?fileloc=//proc/sys/net/ipv4/tcp_fin_timeout&path=//proc/sys/net/ipv4 HTTP/1.1" 200 3291 "-" "Mozilla/5.0 AppleWebKit/537.36 (KHTML, like Gecko; compatible; GPTBot/1.3; +https://openai.com/gptbot)"
74.7.227.152 - - [14/Dec/2025:06:37:03 -0700] "GET /prv8.php?fileloc=//proc/sys/net/ipv4/tcp_max_orphans&path=//proc/sys/net/ipv4 HTTP/1.1" 200 3294 "-" "Mozilla/5.0 AppleWebKit/537.36 (KHTML, like Gecko; compatible; GPTBot/1.3; +https://openai.com/gptbot)"
74.7.227.152 - - [14/Dec/2025:06:37:04 -0700] "GET /prv8.php?fileloc=//proc/sys/net/ipv4/udp_wmem_min&path=//proc/sys/net/ipv4 HTTP/1.1" 200 3290 "-" "Mozilla/5.0 AppleWebKit/537.36 (KHTML, like Gecko; compatible; GPTBot/1.3; +https://openai.com/gptbot)"
74.7.227.152 - - [14/Dec/2025:06:37:04 -0700] "GET /prv8.php?fileloc=//proc/sys/net/ipv6/mld_max_msf&path=//proc/sys/net/ipv6 HTTP/1.1" 200 3287 "-" "Mozilla/5.0 AppleWebKit/537.36 (KHTML, like Gecko; compatible; GPTBot/1.3; +https://openai.com/gptbot)"
105.72.39.86 - - [14/Dec/2025:06:37:05 -0700] "POST /wp-content/plugins/pveul/admin/alexusMailer_v2.0.php?getBackgroundState HTTP/1.1" 200 4 "https://colaboradores.grupobalca.com/wp-content/plugins/pveul/admin/alexusMailer_v2.0.php" "Mozilla/5.0 (Windows NT 10.0; Win64; x64; rv:146.0) Gecko/20100101 Firefox/146.0"
74.7.227.152 - - [14/Dec/2025:06:37:05 -0700] "GET /prv8.php?fileloc=//proc/sys/net/ipv4/ip_default_ttl&path=//proc/sys/net/ipv4 HTTP/1.1" 200 3290 "-" "Mozilla/5.0 AppleWebKit/537.36 (KHTML, like Gecko; compatible; GPTBot/1.3; +https://openai.com/gptbot)"
74.7.227.152 - - [14/Dec/2025:06:37:05 -0700] "GET /prv8.php?fileloc=//proc/sys/net/ipv4/tcp_thin_dupack&path=//proc/sys/net/ipv4 HTTP/1.1" 200 3290 "-" "Mozilla/5.0 AppleWebKit/537.36 (KHTML, like Gecko; compatible; GPTBot/1.3; +https://openai.com/gptbot)"
74.7.227.152 - - [14/Dec/2025:06:37:06 -0700] "GET /prv8.php?fileloc=//proc/sys/net/ipv4/ping_group_range&path=//proc/sys/net/ipv4 HTTP/1.1" 200 3293 "-" "Mozilla/5.0 AppleWebKit/537.36 (KHTML, like Gecko; compatible; GPTBot/1.3; +https://openai.com/gptbot)"
74.7.227.152 - - [14/Dec/2025:06:37:06 -0700] "GET /prv8.php?fileloc=//proc/sys/net/ipv6/ip_nonlocal_bind&path=//proc/sys/net/ipv6 HTTP/1.1" 200 3291 "-" "Mozilla/5.0 AppleWebKit/537.36 (KHTML, like Gecko; compatible; GPTBot/1.3; +https://openai.com/gptbot)"
74.7.227.152 - - [14/Dec/2025:06:37:07 -0700] "GET /prv8.php?fileloc=//proc/sys/net/ipv4/ip_nonlocal_bind&path=//proc/sys/net/ipv4 HTTP/1.1" 200 3291 "-" "Mozilla/5.0 AppleWebKit/537.36 (KHTML, like Gecko; compatible; GPTBot/1.3; +https://openai.com/gptbot)"
105.72.39.86 - - [14/Dec/2025:06:37:07 -0700] "POST /wp-content/plugins/pveul/admin/alexusMailer_v2.0.php?getBackgroundState HTTP/1.1" 200 4 "https://colaboradores.grupobalca.com/wp-content/plugins/pveul/admin/alexusMailer_v2.0.php" "Mozilla/5.0 (Windows NT 10.0; Win64; x64; rv:146.0) Gecko/20100101 Firefox/146.0"
74.7.227.152 - - [14/Dec/2025:06:37:07 -0700] "GET /prv8.php?fileloc=//proc/sys/net/netfilter/nf_conntrack_helper&path=//proc/sys/net/netfilter HTTP/1.1" 200 3309 "-" "Mozilla/5.0 AppleWebKit/537.36 (KHTML, like Gecko; compatible; GPTBot/1.3; +https://openai.com/gptbot)"
74.7.227.152 - - [14/Dec/2025:06:37:08 -0700] "GET /prv8.php?fileloc=//proc/sys/net/netfilter/nf_conntrack_events&path=//proc/sys/net/netfilter HTTP/1.1" 200 3309 "-" "Mozilla/5.0 AppleWebKit/537.36 (KHTML, like Gecko; compatible; GPTBot/1.3; +https://openai.com/gptbot)"
74.7.227.152 - - [14/Dec/2025:06:37:08 -0700] "GET /prv8.php?fileloc=//proc/sys/net/netfilter/nf_conntrack_count&path=//proc/sys/net/netfilter HTTP/1.1" 200 3311 "-" "Mozilla/5.0 AppleWebKit/537.36 (KHTML, like Gecko; compatible; GPTBot/1.3; +https://openai.com/gptbot)"
74.7.227.152 - - [14/Dec/2025:06:37:09 -0700] "GET /prv8.php?fileloc=//proc/sys/net/ipv4/tcp_orphan_retries&path=//proc/sys/net/ipv4 HTTP/1.1" 200 3293 "-" "Mozilla/5.0 AppleWebKit/537.36 (KHTML, like Gecko; compatible; GPTBot/1.3; +https://openai.com/gptbot)"
74.7.227.152 - - [14/Dec/2025:06:37:09 -0700] "GET /prv8.php?fileloc=//proc/sys/net/ipv4/tcp_retrans_collapse&path=//proc/sys/net/ipv4 HTTP/1.1" 200 3295 "-" "Mozilla/5.0 AppleWebKit/537.36 (KHTML, like Gecko; compatible; GPTBot/1.3; +https://openai.com/gptbot)"
74.7.227.152 - - [14/Dec/2025:06:37:10 -0700] "GET /prv8.php?fileloc=//proc/sys/net/ipv4/tcp_early_retrans&path=//proc/sys/net/ipv4 HTTP/1.1" 200 3292 "-" "Mozilla/5.0 AppleWebKit/537.36 (KHTML, like Gecko; compatible; GPTBot/1.3; +https://openai.com/gptbot)"
105.72.39.86 - - [14/Dec/2025:06:37:10 -0700] "POST /wp-content/plugins/pveul/admin/alexusMailer_v2.0.php?getBackgroundState HTTP/1.1" 200 4 "https://colaboradores.grupobalca.com/wp-content/plugins/pveul/admin/alexusMailer_v2.0.php" "Mozilla/5.0 (Windows NT 10.0; Win64; x64; rv:146.0) Gecko/20100101 Firefox/146.0"
74.7.227.152 - - [14/Dec/2025:06:37:10 -0700] "GET /prv8.php?fileloc=//proc/sys/net/ipv4/tcp_congestion_control&path=//proc/sys/net/ipv4 HTTP/1.1" 200 3301 "-" "Mozilla/5.0 AppleWebKit/537.36 (KHTML, like Gecko; compatible; GPTBot/1.3; +https://openai.com/gptbot)"
74.7.227.152 - - [14/Dec/2025:06:37:11 -0700] "GET /prv8.php?fileloc=//proc/sys/net/ipv4/tcp_timestamps&path=//proc/sys/net/ipv4 HTTP/1.1" 200 3289 "-" "Mozilla/5.0 AppleWebKit/537.36 (KHTML, like Gecko; compatible; GPTBot/1.3; +https://openai.com/gptbot)"
74.7.227.152 - - [14/Dec/2025:06:37:11 -0700] "GET /prv8.php?fileloc=//proc/sys/net/ipv4/tcp_syncookies&path=//proc/sys/net/ipv4 HTTP/1.1" 200 3289 "-" "Mozilla/5.0 AppleWebKit/537.36 (KHTML, like Gecko; compatible; GPTBot/1.3; +https://openai.com/gptbot)"
74.7.227.152 - - [14/Dec/2025:06:37:12 -0700] "GET /prv8.php?fileloc=//proc/sys/net/core/message_burst&path=//proc/sys/net/core HTTP/1.1" 200 3289 "-" "Mozilla/5.0 AppleWebKit/537.36 (KHTML, like Gecko; compatible; GPTBot/1.3; +https://openai.com/gptbot)"
105.72.39.86 - - [14/Dec/2025:06:37:12 -0700] "POST /wp-content/plugins/pveul/admin/alexusMailer_v2.0.php?getBackgroundState HTTP/1.1" 200 4 "https://colaboradores.grupobalca.com/wp-content/plugins/pveul/admin/alexusMailer_v2.0.php" "Mozilla/5.0 (Windows NT 10.0; Win64; x64; rv:146.0) Gecko/20100101 Firefox/146.0"
74.7.227.152 - - [14/Dec/2025:06:37:13 -0700] "GET /prv8.php?fileloc=//proc/sys/net/core/xfrm_aevent_etime&path=//proc/sys/net/core HTTP/1.1" 200 3293 "-" "Mozilla/5.0 AppleWebKit/537.36 (KHTML, like Gecko; compatible; GPTBot/1.3; +https://openai.com/gptbot)"
74.7.227.152 - - [14/Dec/2025:06:37:13 -0700] "GET /prv8.php?fileloc=//proc/sys/net/core/xfrm_aevent_rseqth&path=//proc/sys/net/core HTTP/1.1" 200 3293 "-" "Mozilla/5.0 AppleWebKit/537.36 (KHTML, like Gecko; compatible; GPTBot/1.3; +https://openai.com/gptbot)"
74.7.227.152 - - [14/Dec/2025:06:37:14 -0700] "GET /prv8.php?fileloc=//proc/sys/net/netfilter/nf_conntrack_max&path=//proc/sys/net/netfilter HTTP/1.1" 200 3311 "-" "Mozilla/5.0 AppleWebKit/537.36 (KHTML, like Gecko; compatible; GPTBot/1.3; +https://openai.com/gptbot)"
74.7.227.152 - - [14/Dec/2025:06:37:14 -0700] "GET /prv8.php?path=//proc/19/task HTTP/1.1" 200 4209 "-" "Mozilla/5.0 AppleWebKit/537.36 (KHTML, like Gecko; compatible; GPTBot/1.3; +https://openai.com/gptbot)"
74.7.227.152 - - [14/Dec/2025:06:37:15 -0700] "GET /prv8.php?fileloc=//proc/sys/net/netfilter/nf_conntrack_checksum&path=//proc/sys/net/netfilter HTTP/1.1" 200 3311 "-" "Mozilla/5.0 AppleWebKit/537.36 (KHTML, like Gecko; compatible; GPTBot/1.3; +https://openai.com/gptbot)"
105.72.39.86 - - [14/Dec/2025:06:37:15 -0700] "POST /wp-content/plugins/pveul/admin/alexusMailer_v2.0.php?getBackgroundState HTTP/1.1" 200 4 "https://colaboradores.grupobalca.com/wp-content/plugins/pveul/admin/alexusMailer_v2.0.php" "Mozilla/5.0 (Windows NT 10.0; Win64; x64; rv:146.0) Gecko/20100101 Firefox/146.0"
74.7.227.152 - - [14/Dec/2025:06:37:15 -0700] "GET /prv8.php?fileloc=//proc/sys/net/netfilter/nf_conntrack_buckets&path=//proc/sys/net/netfilter HTTP/1.1" 200 3314 "-" "Mozilla/5.0 AppleWebKit/537.36 (KHTML, like Gecko; compatible; GPTBot/1.3; +https://openai.com/gptbot)"
74.7.227.152 - - [14/Dec/2025:06:37:16 -0700] "GET /prv8.php?fileloc=//proc/sys/net/core/netdev_tstamp_prequeue&path=//proc/sys/net/core HTTP/1.1" 200 3297 "-" "Mozilla/5.0 AppleWebKit/537.36 (KHTML, like Gecko; compatible; GPTBot/1.3; +https://openai.com/gptbot)"
74.7.227.152 - - [14/Dec/2025:06:37:16 -0700] "GET /prv8.php?fileloc=//proc/sys/net/ipv4/tcp_keepalive_time&path=//proc/sys/net/ipv4 HTTP/1.1" 200 3296 "-" "Mozilla/5.0 AppleWebKit/537.36 (KHTML, like Gecko; compatible; GPTBot/1.3; +https://openai.com/gptbot)"
74.7.227.152 - - [14/Dec/2025:06:37:17 -0700] "GET /prv8.php?fileloc=//proc/sys/net/ipv4/tcp_keepalive_intvl&path=//proc/sys/net/ipv4 HTTP/1.1" 200 3295 "-" "Mozilla/5.0 AppleWebKit/537.36 (KHTML, like Gecko; compatible; GPTBot/1.3; +https://openai.com/gptbot)"
74.7.227.152 - - [14/Dec/2025:06:37:17 -0700] "GET /prv8.php?fileloc=//proc/sys/net/ipv4/tcp_synack_retries&path=//proc/sys/net/ipv4 HTTP/1.1" 200 3293 "-" "Mozilla/5.0 AppleWebKit/537.36 (KHTML, like Gecko; compatible; GPTBot/1.3; +https://openai.com/gptbot)"
105.72.39.86 - - [14/Dec/2025:06:37:17 -0700] "POST /wp-content/plugins/pveul/admin/alexusMailer_v2.0.php?getBackgroundState HTTP/1.1" 200 4 "https://colaboradores.grupobalca.com/wp-content/plugins/pveul/admin/alexusMailer_v2.0.php" "Mozilla/5.0 (Windows NT 10.0; Win64; x64; rv:146.0) Gecko/20100101 Firefox/146.0"
74.7.227.152 - - [14/Dec/2025:06:37:18 -0700] "GET /prv8.php?fileloc=//proc/sys/net/ipv4/tcp_keepalive_probes&path=//proc/sys/net/ipv4 HTTP/1.1" 200 3295 "-" "Mozilla/5.0 AppleWebKit/537.36 (KHTML, like Gecko; compatible; GPTBot/1.3; +https://openai.com/gptbot)"
74.7.227.152 - - [14/Dec/2025:06:37:18 -0700] "GET /prv8.php?fileloc=//proc/sys/net/ipv4/inet_peer_threshold&path=//proc/sys/net/ipv4 HTTP/1.1" 200 3298 "-" "Mozilla/5.0 AppleWebKit/537.36 (KHTML, like Gecko; compatible; GPTBot/1.3; +https://openai.com/gptbot)"
74.7.227.152 - - [14/Dec/2025:06:37:19 -0700] "GET /prv8.php?fileloc=//proc/sys/net/ipv4/cipso_cache_enable&path=//proc/sys/net/ipv4 HTTP/1.1" 200 3293 "-" "Mozilla/5.0 AppleWebKit/537.36 (KHTML, like Gecko; compatible; GPTBot/1.3; +https://openai.com/gptbot)"
74.7.227.152 - - [14/Dec/2025:06:37:19 -0700] "GET /prv8.php?fileloc=//proc/sys/net/ipv4/ip_local_reserved_ports&path=//proc/sys/net/ipv4 HTTP/1.1" 200 3297 "-" "Mozilla/5.0 AppleWebKit/537.36 (KHTML, like Gecko; compatible; GPTBot/1.3; +https://openai.com/gptbot)"
74.7.227.152 - - [14/Dec/2025:06:37:20 -0700] "GET /prv8.php?fileloc=//proc/sys/net/ipv4/ipfrag_high_thresh&path=//proc/sys/net/ipv4 HTTP/1.1" 200 3299 "-" "Mozilla/5.0 AppleWebKit/537.36 (KHTML, like Gecko; compatible; GPTBot/1.3; +https://openai.com/gptbot)"
105.72.39.86 - - [14/Dec/2025:06:37:20 -0700] "POST /wp-content/plugins/pveul/admin/alexusMailer_v2.0.php?getBackgroundState HTTP/1.1" 200 4 "https://colaboradores.grupobalca.com/wp-content/plugins/pveul/admin/alexusMailer_v2.0.php" "Mozilla/5.0 (Windows NT 10.0; Win64; x64; rv:146.0) Gecko/20100101 Firefox/146.0"
74.7.227.152 - - [14/Dec/2025:06:37:20 -0700] "GET /prv8.php?fileloc=//proc/sys/net/ipv6/bindv6only&path=//proc/sys/net/ipv6 HTTP/1.1" 200 3285 "-" "Mozilla/5.0 AppleWebKit/537.36 (KHTML, like Gecko; compatible; GPTBot/1.3; +https://openai.com/gptbot)"
74.7.227.152 - - [14/Dec/2025:06:37:21 -0700] "GET /prv8.php?fileloc=//proc/sys/net/ipv4/tcp_abort_on_overflow&path=//proc/sys/net/ipv4 HTTP/1.1" 200 3296 "-" "Mozilla/5.0 AppleWebKit/537.36 (KHTML, like Gecko; compatible; GPTBot/1.3; +https://openai.com/gptbot)"
74.7.227.152 - - [14/Dec/2025:06:37:21 -0700] "GET /prv8.php?fileloc=//proc/sys/net/core/netdev_budget&path=//proc/sys/net/core HTTP/1.1" 200 3290 "-" "Mozilla/5.0 AppleWebKit/537.36 (KHTML, like Gecko; compatible; GPTBot/1.3; +https://openai.com/gptbot)"
74.7.227.152 - - [14/Dec/2025:06:37:22 -0700] "GET /prv8.php?fileloc=//proc/sys/net/core/default_qdisc&path=//proc/sys/net/core HTTP/1.1" 200 3297 "-" "Mozilla/5.0 AppleWebKit/537.36 (KHTML, like Gecko; compatible; GPTBot/1.3; +https://openai.com/gptbot)"
105.72.39.86 - - [14/Dec/2025:06:37:22 -0700] "POST /wp-content/plugins/pveul/admin/alexusMailer_v2.0.php?getBackgroundState HTTP/1.1" 200 4 "https://colaboradores.grupobalca.com/wp-content/plugins/pveul/admin/alexusMailer_v2.0.php" "Mozilla/5.0 (Windows NT 10.0; Win64; x64; rv:146.0) Gecko/20100101 Firefox/146.0"
74.7.227.152 - - [14/Dec/2025:06:37:22 -0700] "GET /prv8.php?fileloc=//proc/sys/net/ipv4/tcp_notsent_lowat&path=//proc/sys/net/ipv4 HTTP/1.1" 200 3293 "-" "Mozilla/5.0 AppleWebKit/537.36 (KHTML, like Gecko; compatible; GPTBot/1.3; +https://openai.com/gptbot)"
74.7.227.152 - - [14/Dec/2025:06:37:23 -0700] "GET /prv8.php?fileloc=//proc/sys/net/ipv4/ipfrag_secret_interval&path=//proc/sys/net/ipv4 HTTP/1.1" 200 3299 "-" "Mozilla/5.0 AppleWebKit/537.36 (KHTML, like Gecko; compatible; GPTBot/1.3; +https://openai.com/gptbot)"
74.7.227.152 - - [14/Dec/2025:06:37:23 -0700] "GET /prv8.php?fileloc=//proc/sys/net/ipv6/ip6frag_secret_interval&path=//proc/sys/net/ipv6 HTTP/1.1" 200 3300 "-" "Mozilla/5.0 AppleWebKit/537.36 (KHTML, like Gecko; compatible; GPTBot/1.3; +https://openai.com/gptbot)"
74.7.227.152 - - [14/Dec/2025:06:37:24 -0700] "GET /prv8.php?fileloc=//proc/sys/net/ipv6/ip6frag_high_thresh&path=//proc/sys/net/ipv6 HTTP/1.1" 200 3300 "-" "Mozilla/5.0 AppleWebKit/537.36 (KHTML, like Gecko; compatible; GPTBot/1.3; +https://openai.com/gptbot)"
74.7.227.152 - - [14/Dec/2025:06:37:25 -0700] "GET /prv8.php?fileloc=//proc/sys/net/ipv4/tcp_thin_linear_timeouts&path=//proc/sys/net/ipv4 HTTP/1.1" 200 3299 "-" "Mozilla/5.0 AppleWebKit/537.36 (KHTML, like Gecko; compatible; GPTBot/1.3; +https://openai.com/gptbot)"
105.72.39.86 - - [14/Dec/2025:06:37:25 -0700] "POST /wp-content/plugins/pveul/admin/alexusMailer_v2.0.php?getBackgroundState HTTP/1.1" 200 4 "https://colaboradores.grupobalca.com/wp-content/plugins/pveul/admin/alexusMailer_v2.0.php" "Mozilla/5.0 (Windows NT 10.0; Win64; x64; rv:146.0) Gecko/20100101 Firefox/146.0"
74.7.227.152 - - [14/Dec/2025:06:37:25 -0700] "GET /prv8.php?fileloc=//proc/sys/net/ipv4/tcp_invalid_ratelimit&path=//proc/sys/net/ipv4 HTTP/1.1" 200 3298 "-" "Mozilla/5.0 AppleWebKit/537.36 (KHTML, like Gecko; compatible; GPTBot/1.3; +https://openai.com/gptbot)"
74.7.227.152 - - [14/Dec/2025:06:37:26 -0700] "GET /prv8.php?fileloc=//proc/sys/net/ipv4/tcp_reordering&path=//proc/sys/net/ipv4 HTTP/1.1" 200 3289 "-" "Mozilla/5.0 AppleWebKit/537.36 (KHTML, like Gecko; compatible; GPTBot/1.3; +https://openai.com/gptbot)"
74.7.227.152 - - [14/Dec/2025:06:37:26 -0700] "GET /prv8.php?fileloc=//proc/sys/net/ipv6/idgen_retries&path=//proc/sys/net/ipv6 HTTP/1.1" 200 3288 "-" "Mozilla/5.0 AppleWebKit/537.36 (KHTML, like Gecko; compatible; GPTBot/1.3; +https://openai.com/gptbot)"
74.7.227.152 - - [14/Dec/2025:06:37:27 -0700] "GET /prv8.php?fileloc=//proc/sys/net/ipv4/icmp_ratelimit&path=//proc/sys/net/ipv4 HTTP/1.1" 200 3292 "-" "Mozilla/5.0 AppleWebKit/537.36 (KHTML, like Gecko; compatible; GPTBot/1.3; +https://openai.com/gptbot)"
74.7.227.152 - - [14/Dec/2025:06:37:27 -0700] "GET /prv8.php?fileloc=//proc/sys/net/ipv4/icmp_ratemask&path=//proc/sys/net/ipv4 HTTP/1.1" 200 3291 "-" "Mozilla/5.0 AppleWebKit/537.36 (KHTML, like Gecko; compatible; GPTBot/1.3; +https://openai.com/gptbot)"
105.72.39.86 - - [14/Dec/2025:06:37:27 -0700] "POST /wp-content/plugins/pveul/admin/alexusMailer_v2.0.php?getBackgroundState HTTP/1.1" 200 4 "https://colaboradores.grupobalca.com/wp-content/plugins/pveul/admin/alexusMailer_v2.0.php" "Mozilla/5.0 (Windows NT 10.0; Win64; x64; rv:146.0) Gecko/20100101 Firefox/146.0"
74.7.227.152 - - [14/Dec/2025:06:37:28 -0700] "GET /prv8.php?fileloc=//proc/sys/net/ipv4/tcp_available_congestion_control&path=//proc/sys/net/ipv4 HTTP/1.1" 200 3316 "-" "Mozilla/5.0 AppleWebKit/537.36 (KHTML, like Gecko; compatible; GPTBot/1.3; +https://openai.com/gptbot)"
74.7.227.152 - - [14/Dec/2025:06:37:28 -0700] "GET /prv8.php?fileloc=//proc/sys/net/netfilter/nf_conntrack_tcp_loose&path=//proc/sys/net/netfilter HTTP/1.1" 200 3312 "-" "Mozilla/5.0 AppleWebKit/537.36 (KHTML, like Gecko; compatible; GPTBot/1.3; +https://openai.com/gptbot)"
74.7.227.152 - - [14/Dec/2025:06:37:29 -0700] "GET /prv8.php?fileloc=//proc/sys/net/ipv4/ipfrag_low_thresh&path=//proc/sys/net/ipv4 HTTP/1.1" 200 3298 "-" "Mozilla/5.0 AppleWebKit/537.36 (KHTML, like Gecko; compatible; GPTBot/1.3; +https://openai.com/gptbot)"
74.7.227.152 - - [14/Dec/2025:06:37:29 -0700] "GET /prv8.php?fileloc=//proc/sys/net/ipv4/tcp_autocorking&path=//proc/sys/net/ipv4 HTTP/1.1" 200 3290 "-" "Mozilla/5.0 AppleWebKit/537.36 (KHTML, like Gecko; compatible; GPTBot/1.3; +https://openai.com/gptbot)"
74.7.227.152 - - [14/Dec/2025:06:37:30 -0700] "GET /prv8.php?fileloc=//proc/sys/net/ipv4/tcp_max_syn_backlog&path=//proc/sys/net/ipv4 HTTP/1.1" 200 3296 "-" "Mozilla/5.0 AppleWebKit/537.36 (KHTML, like Gecko; compatible; GPTBot/1.3; +https://openai.com/gptbot)"
105.72.39.86 - - [14/Dec/2025:06:37:30 -0700] "POST /wp-content/plugins/pveul/admin/alexusMailer_v2.0.php?getBackgroundState HTTP/1.1" 200 4 "https://colaboradores.grupobalca.com/wp-content/plugins/pveul/admin/alexusMailer_v2.0.php" "Mozilla/5.0 (Windows NT 10.0; Win64; x64; rv:146.0) Gecko/20100101 Firefox/146.0"
74.7.227.152 - - [14/Dec/2025:06:37:30 -0700] "GET /prv8.php?fileloc=//proc/sys/net/ipv4/tcp_max_tw_buckets&path=//proc/sys/net/ipv4 HTTP/1.1" 200 3297 "-" "Mozilla/5.0 AppleWebKit/537.36 (KHTML, like Gecko; compatible; GPTBot/1.3; +https://openai.com/gptbot)"
74.7.227.152 - - [14/Dec/2025:06:37:31 -0700] "GET /prv8.php?fileloc=//proc/sys/net/unix/max_dgram_qlen&path=//proc/sys/net/unix HTTP/1.1" 200 3291 "-" "Mozilla/5.0 AppleWebKit/537.36 (KHTML, like Gecko; compatible; GPTBot/1.3; +https://openai.com/gptbot)"
74.7.227.152 - - [14/Dec/2025:06:37:31 -0700] "GET /prv8.php?fileloc=//proc/sys/net/netfilter/nf_conntrack_timestamp&path=//proc/sys/net/netfilter HTTP/1.1" 200 3312 "-" "Mozilla/5.0 AppleWebKit/537.36 (KHTML, like Gecko; compatible; GPTBot/1.3; +https://openai.com/gptbot)"
74.7.227.152 - - [14/Dec/2025:06:37:32 -0700] "GET /prv8.php?fileloc=//proc/sys/net/core/dev_weight_rx_bias&path=//proc/sys/net/core HTTP/1.1" 200 3293 "-" "Mozilla/5.0 AppleWebKit/537.36 (KHTML, like Gecko; compatible; GPTBot/1.3; +https://openai.com/gptbot)"
105.72.39.86 - - [14/Dec/2025:06:37:32 -0700] "POST /wp-content/plugins/pveul/admin/alexusMailer_v2.0.php?getBackgroundState HTTP/1.1" 200 4 "https://colaboradores.grupobalca.com/wp-content/plugins/pveul/admin/alexusMailer_v2.0.php" "Mozilla/5.0 (Windows NT 10.0; Win64; x64; rv:146.0) Gecko/20100101 Firefox/146.0"
74.7.227.152 - - [14/Dec/2025:06:37:32 -0700] "GET /prv8.php?fileloc=//proc/sys/net/core/dev_weight_tx_bias&path=//proc/sys/net/core HTTP/1.1" 200 3293 "-" "Mozilla/5.0 AppleWebKit/537.36 (KHTML, like Gecko; compatible; GPTBot/1.3; +https://openai.com/gptbot)"
74.7.227.152 - - [14/Dec/2025:06:37:33 -0700] "GET /prv8.php?fileloc=//proc/sys/net/netfilter/nf_conntrack_dccp_loose&path=//proc/sys/net/netfilter HTTP/1.1" 200 3313 "-" "Mozilla/5.0 AppleWebKit/537.36 (KHTML, like Gecko; compatible; GPTBot/1.3; +https://openai.com/gptbot)"
74.7.227.152 - - [14/Dec/2025:06:37:34 -0700] "GET /prv8.php?fileloc=//proc/sys/net/netfilter/nf_conntrack_expect_max&path=//proc/sys/net/netfilter HTTP/1.1" 200 3316 "-" "Mozilla/5.0 AppleWebKit/537.36 (KHTML, like Gecko; compatible; GPTBot/1.3; +https://openai.com/gptbot)"
74.7.227.152 - - [14/Dec/2025:06:37:34 -0700] "GET /prv8.php?fileloc=//proc/sys/net/core/bpf_jit_kallsyms&path=//proc/sys/net/core HTTP/1.1" 200 3289 "-" "Mozilla/5.0 AppleWebKit/537.36 (KHTML, like Gecko; compatible; GPTBot/1.3; +https://openai.com/gptbot)"
74.7.227.152 - - [14/Dec/2025:06:37:35 -0700] "GET /prv8.php?fileloc=//proc/sys/net/netfilter/nf_conntrack_log_invalid&path=//proc/sys/net/netfilter HTTP/1.1" 200 3314 "-" "Mozilla/5.0 AppleWebKit/537.36 (KHTML, like Gecko; compatible; GPTBot/1.3; +https://openai.com/gptbot)"
105.72.39.86 - - [14/Dec/2025:06:37:35 -0700] "POST /wp-content/plugins/pveul/admin/alexusMailer_v2.0.php?getBackgroundState HTTP/1.1" 200 4 "https://colaboradores.grupobalca.com/wp-content/plugins/pveul/admin/alexusMailer_v2.0.php" "Mozilla/5.0 (Windows NT 10.0; Win64; x64; rv:146.0) Gecko/20100101 Firefox/146.0"
74.7.227.152 - - [14/Dec/2025:06:37:35 -0700] "GET /prv8.php?fileloc=//proc/sys/net/netfilter/nf_conntrack_udp_timeout&path=//proc/sys/net/netfilter HTTP/1.1" 200 3315 "-" "Mozilla/5.0 AppleWebKit/537.36 (KHTML, like Gecko; compatible; GPTBot/1.3; +https://openai.com/gptbot)"
74.7.227.152 - - [14/Dec/2025:06:37:36 -0700] "GET /prv8.php?fileloc=//proc/sys/net/ipv4/ip_forward_use_pmtu&path=//proc/sys/net/ipv4 HTTP/1.1" 200 3294 "-" "Mozilla/5.0 AppleWebKit/537.36 (KHTML, like Gecko; compatible; GPTBot/1.3; +https://openai.com/gptbot)"
74.7.227.152 - - [14/Dec/2025:06:37:36 -0700] "GET /prv8.php?fileloc=//proc/sys/net/ipv4/icmp_msgs_burst&path=//proc/sys/net/ipv4 HTTP/1.1" 200 3291 "-" "Mozilla/5.0 AppleWebKit/537.36 (KHTML, like Gecko; compatible; GPTBot/1.3; +https://openai.com/gptbot)"
74.7.227.152 - - [14/Dec/2025:06:37:37 -0700] "GET /prv8.php?fileloc=//proc/sys/net/ipv4/tcp_mtu_probing&path=//proc/sys/net/ipv4 HTTP/1.1" 200 3290 "-" "Mozilla/5.0 AppleWebKit/537.36 (KHTML, like Gecko; compatible; GPTBot/1.3; +https://openai.com/gptbot)"
74.7.227.152 - - [14/Dec/2025:06:37:37 -0700] "GET /prv8.php?fileloc=//proc/sys/net/ipv4/ip_early_demux&path=//proc/sys/net/ipv4 HTTP/1.1" 200 3289 "-" "Mozilla/5.0 AppleWebKit/537.36 (KHTML, like Gecko; compatible; GPTBot/1.3; +https://openai.com/gptbot)"
105.72.39.86 - - [14/Dec/2025:06:37:37 -0700] "POST /wp-content/plugins/pveul/admin/alexusMailer_v2.0.php?getBackgroundState HTTP/1.1" 200 4 "https://colaboradores.grupobalca.com/wp-content/plugins/pveul/admin/alexusMailer_v2.0.php" "Mozilla/5.0 (Windows NT 10.0; Win64; x64; rv:146.0) Gecko/20100101 Firefox/146.0"
74.7.227.152 - - [14/Dec/2025:06:37:38 -0700] "GET /prv8.php?fileloc=//proc/sys/net/ipv4/ipfrag_max_dist&path=//proc/sys/net/ipv4 HTTP/1.1" 200 3291 "-" "Mozilla/5.0 AppleWebKit/537.36 (KHTML, like Gecko; compatible; GPTBot/1.3; +https://openai.com/gptbot)"
74.7.227.152 - - [14/Dec/2025:06:37:38 -0700] "GET /prv8.php?fileloc=//proc/sys/net/ipv6/xfrm6_gc_thresh&path=//proc/sys/net/ipv6 HTTP/1.1" 200 3294 "-" "Mozilla/5.0 AppleWebKit/537.36 (KHTML, like Gecko; compatible; GPTBot/1.3; +https://openai.com/gptbot)"
74.7.227.152 - - [14/Dec/2025:06:37:39 -0700] "GET /prv8.php?fileloc=//proc/sys/net/ipv4/xfrm4_gc_thresh&path=//proc/sys/net/ipv4 HTTP/1.1" 200 3294 "-" "Mozilla/5.0 AppleWebKit/537.36 (KHTML, like Gecko; compatible; GPTBot/1.3; +https://openai.com/gptbot)"
74.7.227.152 - - [14/Dec/2025:06:37:39 -0700] "GET /prv8.php?fileloc=//proc/sys/net/netfilter/nf_conntrack_tcp_max_retrans&path=//proc/sys/net/netfilter HTTP/1.1" 200 3318 "-" "Mozilla/5.0 AppleWebKit/537.36 (KHTML, like Gecko; compatible; GPTBot/1.3; +https://openai.com/gptbot)"
74.7.227.152 - - [14/Dec/2025:06:37:40 -0700] "GET /prv8.php?fileloc=//proc/sys/net/netfilter/nf_conntrack_tcp_timeout_close&path=//proc/sys/net/netfilter HTTP/1.1" 200 3321 "-" "Mozilla/5.0 AppleWebKit/537.36 (KHTML, like Gecko; compatible; GPTBot/1.3; +https://openai.com/gptbot)"
105.72.39.86 - - [14/Dec/2025:06:37:40 -0700] "POST /wp-content/plugins/pveul/admin/alexusMailer_v2.0.php?getBackgroundState HTTP/1.1" 200 4 "https://colaboradores.grupobalca.com/wp-content/plugins/pveul/admin/alexusMailer_v2.0.php" "Mozilla/5.0 (Windows NT 10.0; Win64; x64; rv:146.0) Gecko/20100101 Firefox/146.0"
74.7.227.152 - - [14/Dec/2025:06:37:40 -0700] "GET /prv8.php?fileloc=//proc/sys/net/netfilter/nf_conntrack_tcp_timeout_last_ack&path=//proc/sys/net/netfilter HTTP/1.1" 200 3324 "-" "Mozilla/5.0 AppleWebKit/537.36 (KHTML, like Gecko; compatible; GPTBot/1.3; +https://openai.com/gptbot)"
74.7.227.152 - - [14/Dec/2025:06:37:41 -0700] "GET /prv8.php?fileloc=//proc/sys/net/netfilter/nf_conntrack_dccp_timeout_partopen&path=//proc/sys/net/netfilter HTTP/1.1" 200 3326 "-" "Mozilla/5.0 AppleWebKit/537.36 (KHTML, like Gecko; compatible; GPTBot/1.3; +https://openai.com/gptbot)"
74.7.227.152 - - [14/Dec/2025:06:37:41 -0700] "GET /prv8.php?fileloc=//proc/sys/net/netfilter/nf_conntrack_dccp_timeout_open&path=//proc/sys/net/netfilter HTTP/1.1" 200 3324 "-" "Mozilla/5.0 AppleWebKit/537.36 (KHTML, like Gecko; compatible; GPTBot/1.3; +https://openai.com/gptbot)"
74.7.227.152 - - [14/Dec/2025:06:37:42 -0700] "GET /prv8.php?fileloc=//proc/sys/net/netfilter/nf_conntrack_tcp_timeout_syn_sent&path=//proc/sys/net/netfilter HTTP/1.1" 200 3325 "-" "Mozilla/5.0 AppleWebKit/537.36 (KHTML, like Gecko; compatible; GPTBot/1.3; +https://openai.com/gptbot)"
105.72.39.86 - - [14/Dec/2025:06:37:42 -0700] "POST /wp-content/plugins/pveul/admin/alexusMailer_v2.0.php?getBackgroundState HTTP/1.1" 200 4 "https://colaboradores.grupobalca.com/wp-content/plugins/pveul/admin/alexusMailer_v2.0.php" "Mozilla/5.0 (Windows NT 10.0; Win64; x64; rv:146.0) Gecko/20100101 Firefox/146.0"
74.7.227.152 - - [14/Dec/2025:06:37:43 -0700] "GET /prv8.php?fileloc=//proc/sys/net/netfilter/nf_conntrack_tcp_be_liberal&path=//proc/sys/net/netfilter HTTP/1.1" 200 3317 "-" "Mozilla/5.0 AppleWebKit/537.36 (KHTML, like Gecko; compatible; GPTBot/1.3; +https://openai.com/gptbot)"
74.7.227.152 - - [14/Dec/2025:06:37:43 -0700] "GET /prv8.php?fileloc=//proc/sys/net/netfilter/nf_conntrack_generic_timeout&path=//proc/sys/net/netfilter HTTP/1.1" 200 3320 "-" "Mozilla/5.0 AppleWebKit/537.36 (KHTML, like Gecko; compatible; GPTBot/1.3; +https://openai.com/gptbot)"
74.7.227.152 - - [14/Dec/2025:06:37:44 -0700] "GET /prv8.php?fileloc=//proc/sys/net/netfilter/nf_conntrack_sctp_timeout_heartbeat_sent&path=//proc/sys/net/netfilter HTTP/1.1" 200 3331 "-" "Mozilla/5.0 AppleWebKit/537.36 (KHTML, like Gecko; compatible; GPTBot/1.3; +https://openai.com/gptbot)"
74.7.227.152 - - [14/Dec/2025:06:37:44 -0700] "GET /prv8.php?fileloc=//proc/sys/net/netfilter/nf_conntrack_icmp_timeout&path=//proc/sys/net/netfilter HTTP/1.1" 200 3316 "-" "Mozilla/5.0 AppleWebKit/537.36 (KHTML, like Gecko; compatible; GPTBot/1.3; +https://openai.com/gptbot)"
74.7.227.152 - - [14/Dec/2025:06:37:45 -0700] "GET /prv8.php?fileloc=//proc/sys/net/netfilter/nf_conntrack_tcp_timeout_syn_recv&path=//proc/sys/net/netfilter HTTP/1.1" 200 3324 "-" "Mozilla/5.0 AppleWebKit/537.36 (KHTML, like Gecko; compatible; GPTBot/1.3; +https://openai.com/gptbot)"
105.72.39.86 - - [14/Dec/2025:06:37:45 -0700] "POST /wp-content/plugins/pveul/admin/alexusMailer_v2.0.php?getBackgroundState HTTP/1.1" 200 4 "https://colaboradores.grupobalca.com/wp-content/plugins/pveul/admin/alexusMailer_v2.0.php" "Mozilla/5.0 (Windows NT 10.0; Win64; x64; rv:146.0) Gecko/20100101 Firefox/146.0"
74.7.227.152 - - [14/Dec/2025:06:37:45 -0700] "GET /prv8.php?fileloc=//proc/sys/net/netfilter/nf_conntrack_events_retry_timeout&path=//proc/sys/net/netfilter HTTP/1.1" 200 3324 "-" "Mozilla/5.0 AppleWebKit/537.36 (KHTML, like Gecko; compatible; GPTBot/1.3; +https://openai.com/gptbot)"
74.7.227.152 - - [14/Dec/2025:06:37:46 -0700] "GET /prv8.php?fileloc=//proc/sys/net/netfilter/nf_conntrack_sctp_timeout_closed&path=//proc/sys/net/netfilter HTTP/1.1" 200 3323 "-" "Mozilla/5.0 AppleWebKit/537.36 (KHTML, like Gecko; compatible; GPTBot/1.3; +https://openai.com/gptbot)"
74.7.227.152 - - [14/Dec/2025:06:37:46 -0700] "GET /prv8.php?fileloc=//proc/sys/net/core/netdev_max_backlog&path=//proc/sys/net/core HTTP/1.1" 200 3296 "-" "Mozilla/5.0 AppleWebKit/537.36 (KHTML, like Gecko; compatible; GPTBot/1.3; +https://openai.com/gptbot)"
74.7.227.152 - - [14/Dec/2025:06:37:47 -0700] "GET /prv8.php?fileloc=//proc/sys/net/netfilter/nf_conntrack_tcp_timeout_max_retrans&path=//proc/sys/net/netfilter HTTP/1.1" 200 3328 "-" "Mozilla/5.0 AppleWebKit/537.36 (KHTML, like Gecko; compatible; GPTBot/1.3; +https://openai.com/gptbot)"
74.7.227.152 - - [14/Dec/2025:06:37:47 -0700] "GET /prv8.php?fileloc=//proc/sys/net/netfilter/nf_conntrack_tcp_timeout_close_wait&path=//proc/sys/net/netfilter HTTP/1.1" 200 3326 "-" "Mozilla/5.0 AppleWebKit/537.36 (KHTML, like Gecko; compatible; GPTBot/1.3; +https://openai.com/gptbot)"
105.72.39.86 - - [14/Dec/2025:06:37:47 -0700] "POST /wp-content/plugins/pveul/admin/alexusMailer_v2.0.php?getBackgroundState HTTP/1.1" 200 4 "https://colaboradores.grupobalca.com/wp-content/plugins/pveul/admin/alexusMailer_v2.0.php" "Mozilla/5.0 (Windows NT 10.0; Win64; x64; rv:146.0) Gecko/20100101 Firefox/146.0"
74.7.227.152 - - [14/Dec/2025:06:37:48 -0700] "GET /prv8.php?fileloc=//proc/sys/net/netfilter/nf_conntrack_dccp_timeout_closereq&path=//proc/sys/net/netfilter HTTP/1.1" 200 3325 "-" "Mozilla/5.0 AppleWebKit/537.36 (KHTML, like Gecko; compatible; GPTBot/1.3; +https://openai.com/gptbot)"
74.7.227.152 - - [14/Dec/2025:06:37:48 -0700] "GET /prv8.php?fileloc=//proc/sys/net/netfilter/nf_conntrack_dccp_timeout_respond&path=//proc/sys/net/netfilter HTTP/1.1" 200 3325 "-" "Mozilla/5.0 AppleWebKit/537.36 (KHTML, like Gecko; compatible; GPTBot/1.3; +https://openai.com/gptbot)"
74.7.227.152 - - [14/Dec/2025:06:37:49 -0700] "GET /prv8.php?fileloc=//proc/sys/net/netfilter/nf_conntrack_sctp_timeout_cookie_echoed&path=//proc/sys/net/netfilter HTTP/1.1" 200 3329 "-" "Mozilla/5.0 AppleWebKit/537.36 (KHTML, like Gecko; compatible; GPTBot/1.3; +https://openai.com/gptbot)"
74.7.227.152 - - [14/Dec/2025:06:37:49 -0700] "GET /prv8.php?fileloc=//proc/sys/net/netfilter/nf_conntrack_tcp_timeout_time_wait&path=//proc/sys/net/netfilter HTTP/1.1" 200 3326 "-" "Mozilla/5.0 AppleWebKit/537.36 (KHTML, like Gecko; compatible; GPTBot/1.3; +https://openai.com/gptbot)"
74.7.227.152 - - [14/Dec/2025:06:37:50 -0700] "GET /prv8.php?fileloc=//proc/sys/net/netfilter/nf_conntrack_tcp_timeout_fin_wait&path=//proc/sys/net/netfilter HTTP/1.1" 200 3325 "-" "Mozilla/5.0 AppleWebKit/537.36 (KHTML, like Gecko; compatible; GPTBot/1.3; +https://openai.com/gptbot)"
105.72.39.86 - - [14/Dec/2025:06:37:50 -0700] "POST /wp-content/plugins/pveul/admin/alexusMailer_v2.0.php?getBackgroundState HTTP/1.1" 200 4 "https://colaboradores.grupobalca.com/wp-content/plugins/pveul/admin/alexusMailer_v2.0.php" "Mozilla/5.0 (Windows NT 10.0; Win64; x64; rv:146.0) Gecko/20100101 Firefox/146.0"
74.7.227.152 - - [14/Dec/2025:06:37:50 -0700] "GET /prv8.php?fileloc=//proc/sys/net/netfilter/nf_conntrack_sctp_timeout_cookie_wait&path=//proc/sys/net/netfilter HTTP/1.1" 200 3327 "-" "Mozilla/5.0 AppleWebKit/537.36 (KHTML, like Gecko; compatible; GPTBot/1.3; +https://openai.com/gptbot)"
74.7.227.152 - - [14/Dec/2025:06:37:51 -0700] "GET /prv8.php?fileloc=//proc/sys/net/ipv4/cipso_cache_bucket_size&path=//proc/sys/net/ipv4 HTTP/1.1" 200 3299 "-" "Mozilla/5.0 AppleWebKit/537.36 (KHTML, like Gecko; compatible; GPTBot/1.3; +https://openai.com/gptbot)"
74.7.227.152 - - [14/Dec/2025:06:37:51 -0700] "GET /prv8.php?fileloc=//proc/sys/net/ipv4/igmp_max_memberships&path=//proc/sys/net/ipv4 HTTP/1.1" 200 3296 "-" "Mozilla/5.0 AppleWebKit/537.36 (KHTML, like Gecko; compatible; GPTBot/1.3; +https://openai.com/gptbot)"
74.7.227.152 - - [14/Dec/2025:06:37:52 -0700] "GET /prv8.php?fileloc=//proc/sys/net/ipv4/tcp_window_scaling&path=//proc/sys/net/ipv4 HTTP/1.1" 200 3293 "-" "Mozilla/5.0 AppleWebKit/537.36 (KHTML, like Gecko; compatible; GPTBot/1.3; +https://openai.com/gptbot)"
105.72.39.86 - - [14/Dec/2025:06:37:52 -0700] "POST /wp-content/plugins/pveul/admin/alexusMailer_v2.0.php?getBackgroundState HTTP/1.1" 200 4 "https://colaboradores.grupobalca.com/wp-content/plugins/pveul/admin/alexusMailer_v2.0.php" "Mozilla/5.0 (Windows NT 10.0; Win64; x64; rv:146.0) Gecko/20100101 Firefox/146.0"
74.7.227.152 - - [14/Dec/2025:06:37:53 -0700] "GET /prv8.php?fileloc=//proc/sys/net/ipv4/cipso_rbm_strictvalid&path=//proc/sys/net/ipv4 HTTP/1.1" 200 3296 "-" "Mozilla/5.0 AppleWebKit/537.36 (KHTML, like Gecko; compatible; GPTBot/1.3; +https://openai.com/gptbot)"
74.7.227.152 - - [14/Dec/2025:06:37:53 -0700] "GET /prv8.php?fileloc=//proc/sys/net/ipv4/tcp_challenge_ack_limit&path=//proc/sys/net/ipv4 HTTP/1.1" 200 3301 "-" "Mozilla/5.0 AppleWebKit/537.36 (KHTML, like Gecko; compatible; GPTBot/1.3; +https://openai.com/gptbot)"
74.7.227.152 - - [14/Dec/2025:06:37:54 -0700] "GET /prv8.php?fileloc=//proc/sys/net/ipv4/fib_multipath_hash_policy&path=//proc/sys/net/ipv4 HTTP/1.1" 200 3300 "-" "Mozilla/5.0 AppleWebKit/537.36 (KHTML, like Gecko; compatible; GPTBot/1.3; +https://openai.com/gptbot)"
74.7.227.152 - - [14/Dec/2025:06:37:54 -0700] "GET /prv8.php?fileloc=//proc/sys/net/ipv4/tcp_moderate_rcvbuf&path=//proc/sys/net/ipv4 HTTP/1.1" 200 3294 "-" "Mozilla/5.0 AppleWebKit/537.36 (KHTML, like Gecko; compatible; GPTBot/1.3; +https://openai.com/gptbot)"
74.7.227.152 - - [14/Dec/2025:06:37:55 -0700] "GET /prv8.php?fileloc=//proc/sys/net/ipv4/tcp_allowed_congestion_control&path=//proc/sys/net/ipv4 HTTP/1.1" 200 3314 "-" "Mozilla/5.0 AppleWebKit/537.36 (KHTML, like Gecko; compatible; GPTBot/1.3; +https://openai.com/gptbot)"
105.72.39.86 - - [14/Dec/2025:06:37:55 -0700] "POST /wp-content/plugins/pveul/admin/alexusMailer_v2.0.php?getBackgroundState HTTP/1.1" 200 4 "https://colaboradores.grupobalca.com/wp-content/plugins/pveul/admin/alexusMailer_v2.0.php" "Mozilla/5.0 (Windows NT 10.0; Win64; x64; rv:146.0) Gecko/20100101 Firefox/146.0"
74.7.227.152 - - [14/Dec/2025:06:37:55 -0700] "GET /prv8.php?fileloc=//proc/sys/net/ipv4/icmp_errors_use_inbound_ifaddr&path=//proc/sys/net/ipv4 HTTP/1.1" 200 3305 "-" "Mozilla/5.0 AppleWebKit/537.36 (KHTML, like Gecko; compatible; GPTBot/1.3; +https://openai.com/gptbot)"
74.7.227.152 - - [14/Dec/2025:06:37:56 -0700] "GET /prv8.php?fileloc=//proc/sys/net/ipv6/fwmark_reflect&path=//proc/sys/net/ipv6 HTTP/1.1" 200 3289 "-" "Mozilla/5.0 AppleWebKit/537.36 (KHTML, like Gecko; compatible; GPTBot/1.3; +https://openai.com/gptbot)"
74.7.227.152 - - [14/Dec/2025:06:37:56 -0700] "GET /prv8.php?fileloc=//proc/sys/net/ipv4/fwmark_reflect&path=//proc/sys/net/ipv4 HTTP/1.1" 200 3289 "-" "Mozilla/5.0 AppleWebKit/537.36 (KHTML, like Gecko; compatible; GPTBot/1.3; +https://openai.com/gptbot)"
74.7.227.152 - - [14/Dec/2025:06:37:57 -0700] "GET /prv8.php?path=//proc/sys/net/ipv6/icmp HTTP/1.1" 200 4440 "-" "Mozilla/5.0 AppleWebKit/537.36 (KHTML, like Gecko; compatible; GPTBot/1.3; +https://openai.com/gptbot)"
74.7.227.152 - - [14/Dec/2025:06:37:57 -0700] "GET /prv8.php?fileloc=//proc/sys/net/ipv6/ip6frag_low_thresh&path=//proc/sys/net/ipv6 HTTP/1.1" 200 3299 "-" "Mozilla/5.0 AppleWebKit/537.36 (KHTML, like Gecko; compatible; GPTBot/1.3; +https://openai.com/gptbot)"
105.72.39.86 - - [14/Dec/2025:06:37:57 -0700] "POST /wp-content/plugins/pveul/admin/alexusMailer_v2.0.php?getBackgroundState HTTP/1.1" 200 4 "https://colaboradores.grupobalca.com/wp-content/plugins/pveul/admin/alexusMailer_v2.0.php" "Mozilla/5.0 (Windows NT 10.0; Win64; x64; rv:146.0) Gecko/20100101 Firefox/146.0"
74.7.227.152 - - [14/Dec/2025:06:37:58 -0700] "GET /prv8.php?fileloc=//proc/sys/net/ipv4/icmp_echo_ignore_broadcasts&path=//proc/sys/net/ipv4 HTTP/1.1" 200 3302 "-" "Mozilla/5.0 AppleWebKit/537.36 (KHTML, like Gecko; compatible; GPTBot/1.3; +https://openai.com/gptbot)"
74.7.227.152 - - [14/Dec/2025:06:37:58 -0700] "GET /prv8.php?fileloc=//proc/sys/net/netfilter/nf_conntrack_frag6_high_thresh&path=//proc/sys/net/netfilter HTTP/1.1" 200 3326 "-" "Mozilla/5.0 AppleWebKit/537.36 (KHTML, like Gecko; compatible; GPTBot/1.3; +https://openai.com/gptbot)"
74.7.227.152 - - [14/Dec/2025:06:37:59 -0700] "GET /prv8.php?path=//proc/sys/net/ipv6/conf HTTP/1.1" 200 6527 "-" "Mozilla/5.0 AppleWebKit/537.36 (KHTML, like Gecko; compatible; GPTBot/1.3; +https://openai.com/gptbot)"
74.7.227.152 - - [14/Dec/2025:06:37:59 -0700] "GET /prv8.php?path=//proc/sys/net/ipv6/neigh HTTP/1.1" 200 5814 "-" "Mozilla/5.0 AppleWebKit/537.36 (KHTML, like Gecko; compatible; GPTBot/1.3; +https://openai.com/gptbot)"
74.7.227.152 - - [14/Dec/2025:06:38:00 -0700] "GET /prv8.php?path=//proc/sys/net/ipv4/route HTTP/1.1" 200 17066 "-" "Mozilla/5.0 AppleWebKit/537.36 (KHTML, like Gecko; compatible; GPTBot/1.3; +https://openai.com/gptbot)"
105.72.39.86 - - [14/Dec/2025:06:38:00 -0700] "POST /wp-content/plugins/pveul/admin/alexusMailer_v2.0.php?getBackgroundState HTTP/1.1" 200 4 "https://colaboradores.grupobalca.com/wp-content/plugins/pveul/admin/alexusMailer_v2.0.php" "Mozilla/5.0 (Windows NT 10.0; Win64; x64; rv:146.0) Gecko/20100101 Firefox/146.0"
74.7.227.152 - - [14/Dec/2025:06:38:00 -0700] "GET /prv8.php?path=//proc/sys/net/ipv4/neigh HTTP/1.1" 200 5814 "-" "Mozilla/5.0 AppleWebKit/537.36 (KHTML, like Gecko; compatible; GPTBot/1.3; +https://openai.com/gptbot)"
74.7.227.152 - - [14/Dec/2025:06:38:01 -0700] "GET /prv8.php?path=//proc/sys/net/ipv6/route HTTP/1.1" 200 12016 "-" "Mozilla/5.0 AppleWebKit/537.36 (KHTML, like Gecko; compatible; GPTBot/1.3; +https://openai.com/gptbot)"
74.7.227.152 - - [14/Dec/2025:06:38:01 -0700] "GET /prv8.php?path=//proc/sys/net/ipv4/conf HTTP/1.1" 200 6527 "-" "Mozilla/5.0 AppleWebKit/537.36 (KHTML, like Gecko; compatible; GPTBot/1.3; +https://openai.com/gptbot)"
74.7.227.152 - - [14/Dec/2025:06:38:02 -0700] "GET /prv8.php?fileloc=//proc/sys/net/ipv6/icmp/ratelimit&path=//proc/sys/net/ipv6/icmp HTTP/1.1" 200 3342 "-" "Mozilla/5.0 AppleWebKit/537.36 (KHTML, like Gecko; compatible; GPTBot/1.3; +https://openai.com/gptbot)"
74.7.227.152 - - [14/Dec/2025:06:38:02 -0700] "GET /prv8.php?fileloc=//proc/sys/net/ipv4/tcp_workaround_signed_windows&path=//proc/sys/net/ipv4 HTTP/1.1" 200 3304 "-" "Mozilla/5.0 AppleWebKit/537.36 (KHTML, like Gecko; compatible; GPTBot/1.3; +https://openai.com/gptbot)"
105.72.39.86 - - [14/Dec/2025:06:38:02 -0700] "POST /wp-content/plugins/pveul/admin/alexusMailer_v2.0.php?getBackgroundState HTTP/1.1" 200 4 "https://colaboradores.grupobalca.com/wp-content/plugins/pveul/admin/alexusMailer_v2.0.php" "Mozilla/5.0 (Windows NT 10.0; Win64; x64; rv:146.0) Gecko/20100101 Firefox/146.0"
74.7.227.152 - - [14/Dec/2025:06:38:03 -0700] "GET /prv8.php?fileloc=//proc/sys/net/ipv4/icmp_ignore_bogus_error_responses&path=//proc/sys/net/ipv4 HTTP/1.1" 200 3308 "-" "Mozilla/5.0 AppleWebKit/537.36 (KHTML, like Gecko; compatible; GPTBot/1.3; +https://openai.com/gptbot)"
74.7.227.152 - - [14/Dec/2025:06:38:04 -0700] "GET /prv8.php?fileloc=//proc/sys/net/netfilter/nf_conntrack_frag6_timeout&path=//proc/sys/net/netfilter HTTP/1.1" 200 3317 "-" "Mozilla/5.0 AppleWebKit/537.36 (KHTML, like Gecko; compatible; GPTBot/1.3; +https://openai.com/gptbot)"
74.7.227.152 - - [14/Dec/2025:06:38:04 -0700] "GET /prv8.php?path=//proc/sys/net/ipv6/conf/all HTTP/1.1" 200 34929 "-" "Mozilla/5.0 AppleWebKit/537.36 (KHTML, like Gecko; compatible; GPTBot/1.3; +https://openai.com/gptbot)"
74.7.227.152 - - [14/Dec/2025:06:38:05 -0700] "GET /prv8.php?path=//proc/sys/net/ipv6/neigh/lo HTTP/1.1" 200 16576 "-" "Mozilla/5.0 AppleWebKit/537.36 (KHTML, like Gecko; compatible; GPTBot/1.3; +https://openai.com/gptbot)"
105.72.39.86 - - [14/Dec/2025:06:38:05 -0700] "POST /wp-content/plugins/pveul/admin/alexusMailer_v2.0.php?getBackgroundState HTTP/1.1" 200 4 "https://colaboradores.grupobalca.com/wp-content/plugins/pveul/admin/alexusMailer_v2.0.php" "Mozilla/5.0 (Windows NT 10.0; Win64; x64; rv:146.0) Gecko/20100101 Firefox/146.0"
74.7.227.152 - - [14/Dec/2025:06:38:05 -0700] "GET /prv8.php?fileloc=//proc/sys/net/ipv4/route/min_pmtu&path=//proc/sys/net/ipv4/route HTTP/1.1" 200 3343 "-" "Mozilla/5.0 AppleWebKit/537.36 (KHTML, like Gecko; compatible; GPTBot/1.3; +https://openai.com/gptbot)"
74.7.227.152 - - [14/Dec/2025:06:38:06 -0700] "GET /prv8.php?fileloc=//proc/sys/net/ipv4/route/error_cost&path=//proc/sys/net/ipv4/route HTTP/1.1" 200 3346 "-" "Mozilla/5.0 AppleWebKit/537.36 (KHTML, like Gecko; compatible; GPTBot/1.3; +https://openai.com/gptbot)"
74.7.227.152 - - [14/Dec/2025:06:38:06 -0700] "GET /prv8.php?fileloc=//proc/sys/net/ipv4/route/flush&path=//proc/sys/net/ipv4/route HTTP/1.1" 200 3336 "-" "Mozilla/5.0 AppleWebKit/537.36 (KHTML, like Gecko; compatible; GPTBot/1.3; +https://openai.com/gptbot)"
74.7.227.152 - - [14/Dec/2025:06:38:07 -0700] "GET /prv8.php?fileloc=//proc/sys/net/ipv6/route/flush&path=//proc/sys/net/ipv6/route HTTP/1.1" 200 3336 "-" "Mozilla/5.0 AppleWebKit/537.36 (KHTML, like Gecko; compatible; GPTBot/1.3; +https://openai.com/gptbot)"
74.7.227.152 - - [14/Dec/2025:06:38:07 -0700] "GET /prv8.php?fileloc=//proc/sys/net/ipv6/route/gc_timeout&path=//proc/sys/net/ipv6/route HTTP/1.1" 200 3344 "-" "Mozilla/5.0 AppleWebKit/537.36 (KHTML, like Gecko; compatible; GPTBot/1.3; +https://openai.com/gptbot)"
