74.7.227.152 - - [14/Dec/2025:06:34:41 -0700] "GET /prv8.php?fileloc=//proc/10/task/10/net/rpc/auth.unix.gid/flush&path=//proc/10/task/10/net/rpc/auth.unix.gid HTTP/1.1" 200 3463 "-" "Mozilla/5.0 AppleWebKit/537.36 (KHTML, like Gecko; compatible; GPTBot/1.3; +https://openai.com/gptbot)"
74.7.227.152 - - [14/Dec/2025:06:34:42 -0700] "GET /prv8.php?fileloc=//proc/23/task/23/net/rpc/auth.unix.gid/channel&path=//proc/23/task/23/net/rpc/auth.unix.gid HTTP/1.1" 200 3465 "-" "Mozilla/5.0 AppleWebKit/537.36 (KHTML, like Gecko; compatible; GPTBot/1.3; +https://openai.com/gptbot)"
105.72.39.86 - - [14/Dec/2025:06:34:43 -0700] "POST /wp-content/plugins/pveul/admin/alexusMailer_v2.0.php?getBackgroundState HTTP/1.1" 200 4 "https://colaboradores.grupobalca.com/wp-content/plugins/pveul/admin/alexusMailer_v2.0.php" "Mozilla/5.0 (Windows NT 10.0; Win64; x64; rv:146.0) Gecko/20100101 Firefox/146.0"
74.7.227.152 - - [14/Dec/2025:06:34:43 -0700] "GET /prv8.php?fileloc=//proc/14/task/14/net/rpc/auth.unix.gid/channel&path=//proc/14/task/14/net/rpc/auth.unix.gid HTTP/1.1" 200 3465 "-" "Mozilla/5.0 AppleWebKit/537.36 (KHTML, like Gecko; compatible; GPTBot/1.3; +https://openai.com/gptbot)"
74.7.227.152 - - [14/Dec/2025:06:34:45 -0700] "GET /prv8.php?fileloc=//proc/50/task/50/net/rpc/auth.unix.gid/channel&path=//proc/50/task/50/net/rpc/auth.unix.gid HTTP/1.1" 200 3465 "-" "Mozilla/5.0 AppleWebKit/537.36 (KHTML, like Gecko; compatible; GPTBot/1.3; +https://openai.com/gptbot)"
74.7.227.152 - - [14/Dec/2025:06:34:46 -0700] "GET /prv8.php?fileloc=//proc/63/task/63/net/rpc/auth.unix.gid/flush&path=//proc/63/task/63/net/rpc/auth.unix.gid HTTP/1.1" 200 3463 "-" "Mozilla/5.0 AppleWebKit/537.36 (KHTML, like Gecko; compatible; GPTBot/1.3; +https://openai.com/gptbot)"
74.7.227.152 - - [14/Dec/2025:06:34:47 -0700] "GET /prv8.php?fileloc=//proc/36/task/36/net/rpc/auth.unix.gid/channel&path=//proc/36/task/36/net/rpc/auth.unix.gid HTTP/1.1" 200 3465 "-" "Mozilla/5.0 AppleWebKit/537.36 (KHTML, like Gecko; compatible; GPTBot/1.3; +https://openai.com/gptbot)"
74.7.227.152 - - [14/Dec/2025:06:34:48 -0700] "GET /prv8.php?fileloc=//proc/64/task/64/net/rpc/auth.unix.gid/channel&path=//proc/64/task/64/net/rpc/auth.unix.gid HTTP/1.1" 200 3465 "-" "Mozilla/5.0 AppleWebKit/537.36 (KHTML, like Gecko; compatible; GPTBot/1.3; +https://openai.com/gptbot)"
105.72.39.86 - - [14/Dec/2025:06:34:49 -0700] "POST /wp-content/plugins/pveul/admin/alexusMailer_v2.0.php?getBackgroundState HTTP/1.1" 200 4 "https://colaboradores.grupobalca.com/wp-content/plugins/pveul/admin/alexusMailer_v2.0.php" "Mozilla/5.0 (Windows NT 10.0; Win64; x64; rv:146.0) Gecko/20100101 Firefox/146.0"
74.7.227.152 - - [14/Dec/2025:06:34:49 -0700] "GET /prv8.php?fileloc=//proc/67/task/67/net/rpc/auth.unix.gid/flush&path=//proc/67/task/67/net/rpc/auth.unix.gid HTTP/1.1" 200 3463 "-" "Mozilla/5.0 AppleWebKit/537.36 (KHTML, like Gecko; compatible; GPTBot/1.3; +https://openai.com/gptbot)"
74.7.227.152 - - [14/Dec/2025:06:34:50 -0700] "GET /prv8.php?fileloc=//proc/27/task/27/net/rpc/auth.unix.gid/channel&path=//proc/27/task/27/net/rpc/auth.unix.gid HTTP/1.1" 200 3465 "-" "Mozilla/5.0 AppleWebKit/537.36 (KHTML, like Gecko; compatible; GPTBot/1.3; +https://openai.com/gptbot)"
74.7.227.152 - - [14/Dec/2025:06:34:51 -0700] "GET /prv8.php?fileloc=//proc/53/task/53/net/rpc/auth.unix.gid/channel&path=//proc/53/task/53/net/rpc/auth.unix.gid HTTP/1.1" 200 3465 "-" "Mozilla/5.0 AppleWebKit/537.36 (KHTML, like Gecko; compatible; GPTBot/1.3; +https://openai.com/gptbot)"
74.7.227.152 - - [14/Dec/2025:06:34:51 -0700] "GET /prv8.php?fileloc=//proc/51/task/51/net/rpc/auth.unix.gid/flush&path=//proc/51/task/51/net/rpc/auth.unix.gid HTTP/1.1" 200 3463 "-" "Mozilla/5.0 AppleWebKit/537.36 (KHTML, like Gecko; compatible; GPTBot/1.3; +https://openai.com/gptbot)"
74.7.227.152 - - [14/Dec/2025:06:34:52 -0700] "GET /prv8.php?fileloc=//proc/53/task/53/net/rpc/auth.unix.gid/flush&path=//proc/53/task/53/net/rpc/auth.unix.gid HTTP/1.1" 200 3463 "-" "Mozilla/5.0 AppleWebKit/537.36 (KHTML, like Gecko; compatible; GPTBot/1.3; +https://openai.com/gptbot)"
74.7.227.152 - - [14/Dec/2025:06:34:52 -0700] "GET /prv8.php?fileloc=//proc/52/task/52/net/rpc/auth.unix.gid/channel&path=//proc/52/task/52/net/rpc/auth.unix.gid HTTP/1.1" 200 3465 "-" "Mozilla/5.0 AppleWebKit/537.36 (KHTML, like Gecko; compatible; GPTBot/1.3; +https://openai.com/gptbot)"
105.72.39.86 - - [14/Dec/2025:06:34:53 -0700] "POST /wp-content/plugins/pveul/admin/alexusMailer_v2.0.php?getBackgroundState HTTP/1.1" 200 4 "https://colaboradores.grupobalca.com/wp-content/plugins/pveul/admin/alexusMailer_v2.0.php" "Mozilla/5.0 (Windows NT 10.0; Win64; x64; rv:146.0) Gecko/20100101 Firefox/146.0"
74.7.227.152 - - [14/Dec/2025:06:34:53 -0700] "GET /prv8.php?fileloc=//proc/34/task/34/net/rpc/auth.unix.gid/channel&path=//proc/34/task/34/net/rpc/auth.unix.gid HTTP/1.1" 200 3465 "-" "Mozilla/5.0 AppleWebKit/537.36 (KHTML, like Gecko; compatible; GPTBot/1.3; +https://openai.com/gptbot)"
74.7.227.152 - - [14/Dec/2025:06:34:53 -0700] "GET /prv8.php?fileloc=//proc/36/task/36/net/rpc/auth.unix.gid/flush&path=//proc/36/task/36/net/rpc/auth.unix.gid HTTP/1.1" 200 3463 "-" "Mozilla/5.0 AppleWebKit/537.36 (KHTML, like Gecko; compatible; GPTBot/1.3; +https://openai.com/gptbot)"
74.7.227.152 - - [14/Dec/2025:06:34:54 -0700] "GET /prv8.php?fileloc=//proc/35/task/35/net/rpc/auth.unix.gid/flush&path=//proc/35/task/35/net/rpc/auth.unix.gid HTTP/1.1" 200 3463 "-" "Mozilla/5.0 AppleWebKit/537.36 (KHTML, like Gecko; compatible; GPTBot/1.3; +https://openai.com/gptbot)"
74.7.227.152 - - [14/Dec/2025:06:34:54 -0700] "GET /prv8.php?fileloc=//proc/50/task/50/net/rpc/auth.unix.gid/flush&path=//proc/50/task/50/net/rpc/auth.unix.gid HTTP/1.1" 200 3463 "-" "Mozilla/5.0 AppleWebKit/537.36 (KHTML, like Gecko; compatible; GPTBot/1.3; +https://openai.com/gptbot)"
74.7.227.152 - - [14/Dec/2025:06:34:55 -0700] "GET /prv8.php?fileloc=//proc/29/task/29/net/rpc/auth.unix.gid/channel&path=//proc/29/task/29/net/rpc/auth.unix.gid HTTP/1.1" 200 3465 "-" "Mozilla/5.0 AppleWebKit/537.36 (KHTML, like Gecko; compatible; GPTBot/1.3; +https://openai.com/gptbot)"
74.7.227.152 - - [14/Dec/2025:06:34:55 -0700] "GET /prv8.php?fileloc=//proc/16/task/16/net/rpc/auth.unix.gid/channel&path=//proc/16/task/16/net/rpc/auth.unix.gid HTTP/1.1" 200 3465 "-" "Mozilla/5.0 AppleWebKit/537.36 (KHTML, like Gecko; compatible; GPTBot/1.3; +https://openai.com/gptbot)"
74.7.227.152 - - [14/Dec/2025:06:34:56 -0700] "GET /prv8.php?fileloc=//proc/39/task/39/net/rpc/auth.unix.gid/channel&path=//proc/39/task/39/net/rpc/auth.unix.gid HTTP/1.1" 200 3465 "-" "Mozilla/5.0 AppleWebKit/537.36 (KHTML, like Gecko; compatible; GPTBot/1.3; +https://openai.com/gptbot)"
74.7.227.152 - - [14/Dec/2025:06:34:56 -0700] "GET /prv8.php?fileloc=//proc/13/task/13/net/rpc/auth.unix.gid/channel&path=//proc/13/task/13/net/rpc/auth.unix.gid HTTP/1.1" 200 3465 "-" "Mozilla/5.0 AppleWebKit/537.36 (KHTML, like Gecko; compatible; GPTBot/1.3; +https://openai.com/gptbot)"
74.7.227.152 - - [14/Dec/2025:06:34:57 -0700] "GET /prv8.php?fileloc=//proc/17/task/17/net/rpc/auth.unix.gid/channel&path=//proc/17/task/17/net/rpc/auth.unix.gid HTTP/1.1" 200 3465 "-" "Mozilla/5.0 AppleWebKit/537.36 (KHTML, like Gecko; compatible; GPTBot/1.3; +https://openai.com/gptbot)"
74.7.227.152 - - [14/Dec/2025:06:34:57 -0700] "GET /prv8.php?fileloc=//proc/14/task/14/net/rpc/auth.unix.gid/flush&path=//proc/14/task/14/net/rpc/auth.unix.gid HTTP/1.1" 200 3463 "-" "Mozilla/5.0 AppleWebKit/537.36 (KHTML, like Gecko; compatible; GPTBot/1.3; +https://openai.com/gptbot)"
105.72.39.86 - - [14/Dec/2025:06:34:58 -0700] "POST /wp-content/plugins/pveul/admin/alexusMailer_v2.0.php?getBackgroundState HTTP/1.1" 200 4 "https://colaboradores.grupobalca.com/wp-content/plugins/pveul/admin/alexusMailer_v2.0.php" "Mozilla/5.0 (Windows NT 10.0; Win64; x64; rv:146.0) Gecko/20100101 Firefox/146.0"
105.72.39.86 - - [14/Dec/2025:06:35:03 -0700] "POST /wp-content/plugins/pveul/admin/alexusMailer_v2.0.php?getBackgroundState HTTP/1.1" 200 4 "https://colaboradores.grupobalca.com/wp-content/plugins/pveul/admin/alexusMailer_v2.0.php" "Mozilla/5.0 (Windows NT 10.0; Win64; x64; rv:146.0) Gecko/20100101 Firefox/146.0"
105.72.39.86 - - [14/Dec/2025:06:35:09 -0700] "POST /wp-content/plugins/pveul/admin/alexusMailer_v2.0.php?getBackgroundState HTTP/1.1" 200 4 "https://colaboradores.grupobalca.com/wp-content/plugins/pveul/admin/alexusMailer_v2.0.php" "Mozilla/5.0 (Windows NT 10.0; Win64; x64; rv:146.0) Gecko/20100101 Firefox/146.0"
74.7.227.152 - - [14/Dec/2025:06:35:10 -0700] "GET /prv8.php?fileloc=//proc/17/task/17/net/rpc/auth.unix.gid/flush&path=//proc/17/task/17/net/rpc/auth.unix.gid HTTP/1.1" 200 3463 "-" "Mozilla/5.0 AppleWebKit/537.36 (KHTML, like Gecko; compatible; GPTBot/1.3; +https://openai.com/gptbot)"
202.14.4.146 - - [14/Dec/2025:06:35:12 -0700] "GET /?p=987789 HTTP/1.1" 200 2650 "-" "Mozilla/5.0 (X11; Linux x86_64) AppleWebKit/537.36 (KHTML, like Gecko) Chrome/114.0.0.0 Safari/537.36 OPR/89.0.4447.51"
105.72.39.86 - - [14/Dec/2025:06:35:13 -0700] "POST /wp-content/plugins/pveul/admin/alexusMailer_v2.0.php?getBackgroundState HTTP/1.1" 200 4 "https://colaboradores.grupobalca.com/wp-content/plugins/pveul/admin/alexusMailer_v2.0.php" "Mozilla/5.0 (Windows NT 10.0; Win64; x64; rv:146.0) Gecko/20100101 Firefox/146.0"
105.72.39.86 - - [14/Dec/2025:06:35:18 -0700] "POST /wp-content/plugins/pveul/admin/alexusMailer_v2.0.php?getBackgroundState HTTP/1.1" 200 4 "https://colaboradores.grupobalca.com/wp-content/plugins/pveul/admin/alexusMailer_v2.0.php" "Mozilla/5.0 (Windows NT 10.0; Win64; x64; rv:146.0) Gecko/20100101 Firefox/146.0"
105.72.39.86 - - [14/Dec/2025:06:35:24 -0700] "POST /wp-content/plugins/pveul/admin/alexusMailer_v2.0.php?getBackgroundState HTTP/1.1" 200 4 "https://colaboradores.grupobalca.com/wp-content/plugins/pveul/admin/alexusMailer_v2.0.php" "Mozilla/5.0 (Windows NT 10.0; Win64; x64; rv:146.0) Gecko/20100101 Firefox/146.0"
105.72.39.86 - - [14/Dec/2025:06:35:28 -0700] "POST /wp-content/plugins/pveul/admin/alexusMailer_v2.0.php?getBackgroundState HTTP/1.1" 200 4 "https://colaboradores.grupobalca.com/wp-content/plugins/pveul/admin/alexusMailer_v2.0.php" "Mozilla/5.0 (Windows NT 10.0; Win64; x64; rv:146.0) Gecko/20100101 Firefox/146.0"
74.7.227.152 - - [14/Dec/2025:06:35:30 -0700] "GET /prv8.php?fileloc=//proc/26/task/26/net/rpc/auth.unix.gid/flush&path=//proc/26/task/26/net/rpc/auth.unix.gid HTTP/1.1" 200 3463 "-" "Mozilla/5.0 AppleWebKit/537.36 (KHTML, like Gecko; compatible; GPTBot/1.3; +https://openai.com/gptbot)"
74.7.227.152 - - [14/Dec/2025:06:35:31 -0700] "GET /prv8.php?fileloc=//proc/61/task/61/net/rpc/auth.unix.gid/flush&path=//proc/61/task/61/net/rpc/auth.unix.gid HTTP/1.1" 200 3463 "-" "Mozilla/5.0 AppleWebKit/537.36 (KHTML, like Gecko; compatible; GPTBot/1.3; +https://openai.com/gptbot)"
74.7.227.152 - - [14/Dec/2025:06:35:31 -0700] "GET /prv8.php?fileloc=//proc/64/task/64/net/rpc/auth.unix.gid/flush&path=//proc/64/task/64/net/rpc/auth.unix.gid HTTP/1.1" 200 3463 "-" "Mozilla/5.0 AppleWebKit/537.36 (KHTML, like Gecko; compatible; GPTBot/1.3; +https://openai.com/gptbot)"
74.7.227.152 - - [14/Dec/2025:06:35:31 -0700] "GET /prv8.php?fileloc=//proc/10/task/10/net/rpc/auth.unix.gid/channel&path=//proc/10/task/10/net/rpc/auth.unix.gid HTTP/1.1" 200 3465 "-" "Mozilla/5.0 AppleWebKit/537.36 (KHTML, like Gecko; compatible; GPTBot/1.3; +https://openai.com/gptbot)"
74.7.227.152 - - [14/Dec/2025:06:35:32 -0700] "GET /prv8.php?fileloc=//proc/29/task/29/net/rpc/auth.unix.gid/flush&path=//proc/29/task/29/net/rpc/auth.unix.gid HTTP/1.1" 200 3463 "-" "Mozilla/5.0 AppleWebKit/537.36 (KHTML, like Gecko; compatible; GPTBot/1.3; +https://openai.com/gptbot)"
74.7.227.152 - - [14/Dec/2025:06:35:32 -0700] "GET /prv8.php?fileloc=//proc/52/task/52/net/rpc/auth.unix.gid/flush&path=//proc/52/task/52/net/rpc/auth.unix.gid HTTP/1.1" 200 3463 "-" "Mozilla/5.0 AppleWebKit/537.36 (KHTML, like Gecko; compatible; GPTBot/1.3; +https://openai.com/gptbot)"
74.7.227.152 - - [14/Dec/2025:06:35:33 -0700] "GET /prv8.php?fileloc=//proc/51/task/51/net/rpc/auth.unix.gid/channel&path=//proc/51/task/51/net/rpc/auth.unix.gid HTTP/1.1" 200 3465 "-" "Mozilla/5.0 AppleWebKit/537.36 (KHTML, like Gecko; compatible; GPTBot/1.3; +https://openai.com/gptbot)"
105.72.39.86 - - [14/Dec/2025:06:35:33 -0700] "POST /wp-content/plugins/pveul/admin/alexusMailer_v2.0.php?getBackgroundState HTTP/1.1" 200 4 "https://colaboradores.grupobalca.com/wp-content/plugins/pveul/admin/alexusMailer_v2.0.php" "Mozilla/5.0 (Windows NT 10.0; Win64; x64; rv:146.0) Gecko/20100101 Firefox/146.0"
74.7.227.152 - - [14/Dec/2025:06:35:33 -0700] "GET /prv8.php?fileloc=//proc/26/task/26/net/rpc/auth.unix.gid/channel&path=//proc/26/task/26/net/rpc/auth.unix.gid HTTP/1.1" 200 3465 "-" "Mozilla/5.0 AppleWebKit/537.36 (KHTML, like Gecko; compatible; GPTBot/1.3; +https://openai.com/gptbot)"
74.7.227.152 - - [14/Dec/2025:06:35:34 -0700] "GET /prv8.php?fileloc=//proc/37/task/37/net/rpc/auth.unix.gid/flush&path=//proc/37/task/37/net/rpc/auth.unix.gid HTTP/1.1" 200 3463 "-" "Mozilla/5.0 AppleWebKit/537.36 (KHTML, like Gecko; compatible; GPTBot/1.3; +https://openai.com/gptbot)"
18.232.11.247 - - [14/Dec/2025:06:35:36 -0700] "GET /2025/11/01/you-usually-win-a-prize-should-you-match-three-of-the/ HTTP/1.1" 404 - "-" "Mozilla/5.0 AppleWebKit/537.36 (KHTML, like Gecko; compatible; Amazonbot/0.1; +https://developer.amazon.com/support/amazonbot) Chrome/119.0.6045.214 Safari/537.36"
105.72.39.86 - - [14/Dec/2025:06:35:38 -0700] "POST /wp-content/plugins/pveul/admin/alexusMailer_v2.0.php?getBackgroundState HTTP/1.1" 200 4 "https://colaboradores.grupobalca.com/wp-content/plugins/pveul/admin/alexusMailer_v2.0.php" "Mozilla/5.0 (Windows NT 10.0; Win64; x64; rv:146.0) Gecko/20100101 Firefox/146.0"
44.209.89.189 - - [14/Dec/2025:06:35:40 -0700] "GET /2025/11/02/be-cautious-of-offers-that-seem-too-good-to-be-true/ HTTP/1.1" 404 - "-" "Mozilla/5.0 AppleWebKit/537.36 (KHTML, like Gecko; compatible; Amazonbot/0.1; +https://developer.amazon.com/support/amazonbot) Chrome/119.0.6045.214 Safari/537.36"
105.72.39.86 - - [14/Dec/2025:06:35:40 -0700] "POST /wp-content/plugins/pveul/admin/alexusMailer_v2.0.php?send HTTP/1.1" 200 32 "https://colaboradores.grupobalca.com/wp-content/plugins/pveul/admin/alexusMailer_v2.0.php" "Mozilla/5.0 (Windows NT 10.0; Win64; x64; rv:146.0) Gecko/20100101 Firefox/146.0"
74.7.227.152 - - [14/Dec/2025:06:35:41 -0700] "GET /prv8.php?fileloc=//proc/35/task/35/net/rpc/auth.unix.gid/channel&path=//proc/35/task/35/net/rpc/auth.unix.gid HTTP/1.1" 200 3465 "-" "Mozilla/5.0 AppleWebKit/537.36 (KHTML, like Gecko; compatible; GPTBot/1.3; +https://openai.com/gptbot)"
74.7.227.152 - - [14/Dec/2025:06:35:42 -0700] "GET /prv8.php?fileloc=//proc/37/task/37/net/rpc/auth.unix.gid/channel&path=//proc/37/task/37/net/rpc/auth.unix.gid HTTP/1.1" 200 3465 "-" "Mozilla/5.0 AppleWebKit/537.36 (KHTML, like Gecko; compatible; GPTBot/1.3; +https://openai.com/gptbot)"
74.7.227.152 - - [14/Dec/2025:06:35:43 -0700] "GET /prv8.php?fileloc=//proc/12/task/12/net/rpc/auth.unix.gid/channel&path=//proc/12/task/12/net/rpc/auth.unix.gid HTTP/1.1" 200 3465 "-" "Mozilla/5.0 AppleWebKit/537.36 (KHTML, like Gecko; compatible; GPTBot/1.3; +https://openai.com/gptbot)"
74.7.227.152 - - [14/Dec/2025:06:35:43 -0700] "GET /prv8.php?fileloc=//proc/23/task/23/net/rpc/auth.unix.gid/flush&path=//proc/23/task/23/net/rpc/auth.unix.gid HTTP/1.1" 200 3463 "-" "Mozilla/5.0 AppleWebKit/537.36 (KHTML, like Gecko; compatible; GPTBot/1.3; +https://openai.com/gptbot)"
74.7.227.152 - - [14/Dec/2025:06:35:44 -0700] "GET /prv8.php?fileloc=//proc/12/task/12/net/rpc/auth.unix.gid/flush&path=//proc/12/task/12/net/rpc/auth.unix.gid HTTP/1.1" 200 3463 "-" "Mozilla/5.0 AppleWebKit/537.36 (KHTML, like Gecko; compatible; GPTBot/1.3; +https://openai.com/gptbot)"
54.167.32.123 - - [14/Dec/2025:06:35:44 -0700] "GET /2025/11/15/in-case-youre-not-a-fan-of-bulky-sex-toys/ HTTP/1.1" 404 - "-" "Mozilla/5.0 AppleWebKit/537.36 (KHTML, like Gecko; compatible; Amazonbot/0.1; +https://developer.amazon.com/support/amazonbot) Chrome/119.0.6045.214 Safari/537.36"
105.72.39.86 - - [14/Dec/2025:06:35:44 -0700] "POST /wp-content/plugins/pveul/admin/alexusMailer_v2.0.php?getBackgroundState HTTP/1.1" 200 4 "https://colaboradores.grupobalca.com/wp-content/plugins/pveul/admin/alexusMailer_v2.0.php" "Mozilla/5.0 (Windows NT 10.0; Win64; x64; rv:146.0) Gecko/20100101 Firefox/146.0"
74.7.227.152 - - [14/Dec/2025:06:35:44 -0700] "GET /prv8.php?fileloc=//proc/24/task/24/net/rpc/auth.unix.gid/flush&path=//proc/24/task/24/net/rpc/auth.unix.gid HTTP/1.1" 200 3463 "-" "Mozilla/5.0 AppleWebKit/537.36 (KHTML, like Gecko; compatible; GPTBot/1.3; +https://openai.com/gptbot)"
74.7.227.152 - - [14/Dec/2025:06:35:45 -0700] "GET /prv8.php?fileloc=//proc/43/task/43/net/rpc/auth.unix.gid/channel&path=//proc/43/task/43/net/rpc/auth.unix.gid HTTP/1.1" 200 3465 "-" "Mozilla/5.0 AppleWebKit/537.36 (KHTML, like Gecko; compatible; GPTBot/1.3; +https://openai.com/gptbot)"
74.7.227.152 - - [14/Dec/2025:06:35:45 -0700] "GET /prv8.php?path=//opt/alt/python-internal/lib64/python3.11/sqlite3 HTTP/1.1" 200 7383 "-" "Mozilla/5.0 AppleWebKit/537.36 (KHTML, like Gecko; compatible; GPTBot/1.3; +https://openai.com/gptbot)"
74.7.227.152 - - [14/Dec/2025:06:35:46 -0700] "GET /prv8.php?path=//lib/python2.7/site-packages/cloudinit/sources/helpers/vmware HTTP/1.1" 200 7681 "-" "Mozilla/5.0 AppleWebKit/537.36 (KHTML, like Gecko; compatible; GPTBot/1.3; +https://openai.com/gptbot)"
74.7.227.152 - - [14/Dec/2025:06:35:46 -0700] "GET /prv8.php?path=//usr/lib64/aspell-0.60 HTTP/1.1" 200 70075 "-" "Mozilla/5.0 AppleWebKit/537.36 (KHTML, like Gecko; compatible; GPTBot/1.3; +https://openai.com/gptbot)"
74.7.227.152 - - [14/Dec/2025:06:35:47 -0700] "GET /prv8.php?path=/home/grupobalcacom/tmp/awstats HTTP/1.1" 200 83306 "-" "Mozilla/5.0 AppleWebKit/537.36 (KHTML, like Gecko; compatible; GPTBot/1.3; +https://openai.com/gptbot)"
74.7.227.152 - - [14/Dec/2025:06:35:47 -0700] "GET /prv8.php?path=/home/grupobalcacom/public_html HTTP/1.1" 200 16807 "-" "Mozilla/5.0 AppleWebKit/537.36 (KHTML, like Gecko; compatible; GPTBot/1.3; +https://openai.com/gptbot)"
74.7.227.152 - - [14/Dec/2025:06:35:48 -0700] "GET /prv8.php?path=/home/grupobalcacom/.softaculous HTTP/1.1" 200 11876 "-" "Mozilla/5.0 AppleWebKit/537.36 (KHTML, like Gecko; compatible; GPTBot/1.3; +https://openai.com/gptbot)"
54.221.203.24 - - [14/Dec/2025:06:35:48 -0700] "GET /2025/10/29/join-10191-billionaire-style-consumers-who-we-ship-our-weekly/ HTTP/1.1" 404 - "-" "Mozilla/5.0 AppleWebKit/537.36 (KHTML, like Gecko; compatible; Amazonbot/0.1; +https://developer.amazon.com/support/amazonbot) Chrome/119.0.6045.214 Safari/537.36"
74.7.227.152 - - [14/Dec/2025:06:35:48 -0700] "GET /prv8.php?path=/home/grupobalcacom/mail/ftpquota HTTP/1.1" 200 12818 "-" "Mozilla/5.0 AppleWebKit/537.36 (KHTML, like Gecko; compatible; GPTBot/1.3; +https://openai.com/gptbot)"
74.7.227.152 - - [14/Dec/2025:06:35:49 -0700] "GET /prv8.php?path=/home/grupobalcacom/access-logs HTTP/1.1" 200 14613 "-" "Mozilla/5.0 AppleWebKit/537.36 (KHTML, like Gecko; compatible; GPTBot/1.3; +https://openai.com/gptbot)"
74.7.227.152 - - [14/Dec/2025:06:35:49 -0700] "GET /prv8.php?path=//etc/dbus-1/system.d HTTP/1.1" 200 14968 "-" "Mozilla/5.0 AppleWebKit/537.36 (KHTML, like Gecko; compatible; GPTBot/1.3; +https://openai.com/gptbot)"
105.72.39.86 - - [14/Dec/2025:06:35:50 -0700] "POST /wp-content/plugins/pveul/admin/alexusMailer_v2.0.php?getBackgroundState HTTP/1.1" 200 4 "https://colaboradores.grupobalca.com/wp-content/plugins/pveul/admin/alexusMailer_v2.0.php" "Mozilla/5.0 (Windows NT 10.0; Win64; x64; rv:146.0) Gecko/20100101 Firefox/146.0"
74.7.227.152 - - [14/Dec/2025:06:35:50 -0700] "GET /prv8.php?path=//lib/python2.7/site-packages/cloudinit/sources/helpers/vmware/imc HTTP/1.1" 200 53021 "-" "Mozilla/5.0 AppleWebKit/537.36 (KHTML, like Gecko; compatible; GPTBot/1.3; +https://openai.com/gptbot)"
74.7.227.152 - - [14/Dec/2025:06:35:50 -0700] "GET /prv8.php?fileloc=//usr/lib64/aspell-0.60/iso-8859-14.cmap&path=//usr/lib64/aspell-0.60 HTTP/1.1" 200 40233 "-" "Mozilla/5.0 AppleWebKit/537.36 (KHTML, like Gecko; compatible; GPTBot/1.3; +https://openai.com/gptbot)"
74.7.227.152 - - [14/Dec/2025:06:35:51 -0700] "GET /prv8.php?fileloc=/home/grupobalcacom/tmp/awstats/awstats092024.grupobalca.com.txt&path=/home/grupobalcacom/tmp/awstats HTTP/1.1" 200 154628 "-" "Mozilla/5.0 AppleWebKit/537.36 (KHTML, like Gecko; compatible; GPTBot/1.3; +https://openai.com/gptbot)"
74.7.227.152 - - [14/Dec/2025:06:35:51 -0700] "GET /prv8.php?fileloc=//usr/lib64/aspell-0.60/iso-8859-1.cmap&path=//usr/lib64/aspell-0.60 HTTP/1.1" 200 39645 "-" "Mozilla/5.0 AppleWebKit/537.36 (KHTML, like Gecko; compatible; GPTBot/1.3; +https://openai.com/gptbot)"
74.7.227.152 - - [14/Dec/2025:06:35:52 -0700] "GET /prv8.php?fileloc=/home/grupobalcacom/tmp/awstats/awstats062025.colaboradores.grupobalca.com.txt&path=/home/grupobalcacom/tmp/awstats HTTP/1.1" 200 16606 "-" "Mozilla/5.0 AppleWebKit/537.36 (KHTML, like Gecko; compatible; GPTBot/1.3; +https://openai.com/gptbot)"
98.84.131.195 - - [14/Dec/2025:06:35:52 -0700] "GET /2025/12/03/multiple-settings-impressed-by-human-movements/ HTTP/1.1" 404 - "-" "Mozilla/5.0 AppleWebKit/537.36 (KHTML, like Gecko; compatible; Amazonbot/0.1; +https://developer.amazon.com/support/amazonbot) Chrome/119.0.6045.214 Safari/537.36"
74.7.227.152 - - [14/Dec/2025:06:35:53 -0700] "GET /prv8.php?path=/home/grupobalcacom/.softaculous/backups HTTP/1.1" 200 5584 "-" "Mozilla/5.0 AppleWebKit/537.36 (KHTML, like Gecko; compatible; GPTBot/1.3; +https://openai.com/gptbot)"
74.7.227.152 - - [14/Dec/2025:06:35:53 -0700] "GET /prv8.php?path=/home/grupobalcacom/mail/ftpquota/.support@ftpquota HTTP/1.1" 200 19099 "-" "Mozilla/5.0 AppleWebKit/537.36 (KHTML, like Gecko; compatible; GPTBot/1.3; +https://openai.com/gptbot)"
74.7.227.152 - - [14/Dec/2025:06:35:54 -0700] "GET /prv8.php?path=/home/grupobalcacom/.softaculous/tmp HTTP/1.1" 200 4540 "-" "Mozilla/5.0 AppleWebKit/537.36 (KHTML, like Gecko; compatible; GPTBot/1.3; +https://openai.com/gptbot)"
74.7.227.152 - - [14/Dec/2025:06:35:54 -0700] "GET /prv8.php?path=/home/grupobalcacom/.softaculous/sess HTTP/1.1" 200 4546 "-" "Mozilla/5.0 AppleWebKit/537.36 (KHTML, like Gecko; compatible; GPTBot/1.3; +https://openai.com/gptbot)"
105.72.39.86 - - [14/Dec/2025:06:35:54 -0700] "POST /wp-content/plugins/pveul/admin/alexusMailer_v2.0.php?getBackgroundState HTTP/1.1" 200 4 "https://colaboradores.grupobalca.com/wp-content/plugins/pveul/admin/alexusMailer_v2.0.php" "Mozilla/5.0 (Windows NT 10.0; Win64; x64; rv:146.0) Gecko/20100101 Firefox/146.0"
74.7.227.152 - - [14/Dec/2025:06:35:55 -0700] "GET /prv8.php?path=/home/grupobalcacom/.softaculous/logs HTTP/1.1" 200 5466 "-" "Mozilla/5.0 AppleWebKit/537.36 (KHTML, like Gecko; compatible; GPTBot/1.3; +https://openai.com/gptbot)"
74.7.227.152 - - [14/Dec/2025:06:35:55 -0700] "GET /prv8.php?path=/home/grupobalcacom/.softaculous/status HTTP/1.1" 200 4558 "-" "Mozilla/5.0 AppleWebKit/537.36 (KHTML, like Gecko; compatible; GPTBot/1.3; +https://openai.com/gptbot)"
74.7.227.152 - - [14/Dec/2025:06:35:56 -0700] "GET /prv8.php?path=/home/grupobalcacom/tmp/awstats/ssl HTTP/1.1" 200 88072 "-" "Mozilla/5.0 AppleWebKit/537.36 (KHTML, like Gecko; compatible; GPTBot/1.3; +https://openai.com/gptbot)"
74.7.227.152 - - [14/Dec/2025:06:35:56 -0700] "GET /prv8.php?path=/home/grupobalcacom/public_html/images HTTP/1.1" 200 7159 "-" "Mozilla/5.0 AppleWebKit/537.36 (KHTML, like Gecko; compatible; GPTBot/1.3; +https://openai.com/gptbot)"
52.71.203.206 - - [14/Dec/2025:06:35:56 -0700] "GET /2025/02/08/from-local-to-leader-scaling-strategies-for-ambitious-regional-banks/ HTTP/1.1" 404 - "-" "Mozilla/5.0 AppleWebKit/537.36 (KHTML, like Gecko; compatible; Amazonbot/0.1; +https://developer.amazon.com/support/amazonbot) Chrome/119.0.6045.214 Safari/537.36"
74.7.227.152 - - [14/Dec/2025:06:35:57 -0700] "GET /prv8.php?path=/home/grupobalcacom/mail/ftpquota/.info@ftpquota HTTP/1.1" 200 18910 "-" "Mozilla/5.0 AppleWebKit/537.36 (KHTML, like Gecko; compatible; GPTBot/1.3; +https://openai.com/gptbot)"
74.7.227.152 - - [14/Dec/2025:06:35:57 -0700] "GET /prv8.php?path=//lib/python2.7/site-packages/kitchen/pycompat24/base64 HTTP/1.1" 200 9555 "-" "Mozilla/5.0 AppleWebKit/537.36 (KHTML, like Gecko; compatible; GPTBot/1.3; +https://openai.com/gptbot)"
74.7.227.152 - - [14/Dec/2025:06:35:58 -0700] "GET /prv8.php?path=//lib64/python3.6/multiprocessing HTTP/1.1" 200 22718 "-" "Mozilla/5.0 AppleWebKit/537.36 (KHTML, like Gecko; compatible; GPTBot/1.3; +https://openai.com/gptbot)"
74.7.227.152 - - [14/Dec/2025:06:35:58 -0700] "GET /prv8.php?path=//lib64/python2.7/multiprocessing HTTP/1.1" 200 35790 "-" "Mozilla/5.0 AppleWebKit/537.36 (KHTML, like Gecko; compatible; GPTBot/1.3; +https://openai.com/gptbot)"
74.7.227.152 - - [14/Dec/2025:06:35:59 -0700] "GET /prv8.php?path=//proc/sys HTTP/1.1" 200 10341 "-" "Mozilla/5.0 AppleWebKit/537.36 (KHTML, like Gecko; compatible; GPTBot/1.3; +https://openai.com/gptbot)"
105.72.39.86 - - [14/Dec/2025:06:35:59 -0700] "POST /wp-content/plugins/pveul/admin/alexusMailer_v2.0.php?getBackgroundState HTTP/1.1" 200 4 "https://colaboradores.grupobalca.com/wp-content/plugins/pveul/admin/alexusMailer_v2.0.php" "Mozilla/5.0 (Windows NT 10.0; Win64; x64; rv:146.0) Gecko/20100101 Firefox/146.0"
74.7.227.152 - - [14/Dec/2025:06:35:59 -0700] "GET /prv8.php?fileloc=/home/grupobalcacom/mail/ftpquota/.support@ftpquota/dovecot.index.log&path=/home/grupobalcacom/mail/ftpquota/.support@ftpquota HTTP/1.1" 200 3481 "-" "Mozilla/5.0 AppleWebKit/537.36 (KHTML, like Gecko; compatible; GPTBot/1.3; +https://openai.com/gptbot)"
74.7.227.152 - - [14/Dec/2025:06:36:00 -0700] "GET /prv8.php?path=/home/grupobalcacom/mail/ftpquota/.support@ftpquota/tmp HTTP/1.1" 200 4772 "-" "Mozilla/5.0 AppleWebKit/537.36 (KHTML, like Gecko; compatible; GPTBot/1.3; +https://openai.com/gptbot)"
74.7.227.152 - - [14/Dec/2025:06:36:00 -0700] "GET /prv8.php?path=/home/grupobalcacom/mail/ftpquota/.support@ftpquota/cur HTTP/1.1" 200 4772 "-" "Mozilla/5.0 AppleWebKit/537.36 (KHTML, like Gecko; compatible; GPTBot/1.3; +https://openai.com/gptbot)"
74.7.227.152 - - [14/Dec/2025:06:36:01 -0700] "GET /prv8.php?path=//proc/irq HTTP/1.1" 200 26653 "-" "Mozilla/5.0 AppleWebKit/537.36 (KHTML, like Gecko; compatible; GPTBot/1.3; +https://openai.com/gptbot)"
74.7.227.152 - - [14/Dec/2025:06:36:01 -0700] "GET /prv8.php?fileloc=//proc/24/task/24/net/rpc/auth.unix.gid/channel&path=//proc/24/task/24/net/rpc/auth.unix.gid HTTP/1.1" 200 3465 "-" "Mozilla/5.0 AppleWebKit/537.36 (KHTML, like Gecko; compatible; GPTBot/1.3; +https://openai.com/gptbot)"
74.7.227.152 - - [14/Dec/2025:06:36:02 -0700] "GET /prv8.php?path=//proc/tty HTTP/1.1" 200 6408 "-" "Mozilla/5.0 AppleWebKit/537.36 (KHTML, like Gecko; compatible; GPTBot/1.3; +https://openai.com/gptbot)"
74.7.227.152 - - [14/Dec/2025:06:36:03 -0700] "GET /prv8.php?path=//proc/bus HTTP/1.1" 200 4853 "-" "Mozilla/5.0 AppleWebKit/537.36 (KHTML, like Gecko; compatible; GPTBot/1.3; +https://openai.com/gptbot)"
74.7.227.152 - - [14/Dec/2025:06:36:03 -0700] "GET /prv8.php?path=//lib/python3.6/site-packages/setuptools/_vendor/packaging HTTP/1.1" 200 13424 "-" "Mozilla/5.0 AppleWebKit/537.36 (KHTML, like Gecko; compatible; GPTBot/1.3; +https://openai.com/gptbot)"
74.7.227.152 - - [14/Dec/2025:06:36:04 -0700] "GET /prv8.php?path=//sys/bus/clockevents/devices/clockevent4/subsystem/devices/broadcast HTTP/1.1" 200 7702 "-" "Mozilla/5.0 AppleWebKit/537.36 (KHTML, like Gecko; compatible; GPTBot/1.3; +https://openai.com/gptbot)"
74.7.227.152 - - [14/Dec/2025:06:36:04 -0700] "GET /prv8.php?path=//sys/bus/clockevents/devices/broadcast/subsystem/devices/clockevent1 HTTP/1.1" 200 8742 "-" "Mozilla/5.0 AppleWebKit/537.36 (KHTML, like Gecko; compatible; GPTBot/1.3; +https://openai.com/gptbot)"
74.7.227.152 - - [14/Dec/2025:06:36:05 -0700] "GET /prv8.php?path=//sys/bus/clockevents/devices/clockevent3/subsystem/devices/broadcast HTTP/1.1" 200 7702 "-" "Mozilla/5.0 AppleWebKit/537.36 (KHTML, like Gecko; compatible; GPTBot/1.3; +https://openai.com/gptbot)"
105.72.39.86 - - [14/Dec/2025:06:36:05 -0700] "POST /wp-content/plugins/pveul/admin/alexusMailer_v2.0.php?getBackgroundState HTTP/1.1" 200 4 "https://colaboradores.grupobalca.com/wp-content/plugins/pveul/admin/alexusMailer_v2.0.php" "Mozilla/5.0 (Windows NT 10.0; Win64; x64; rv:146.0) Gecko/20100101 Firefox/146.0"
74.7.227.152 - - [14/Dec/2025:06:36:05 -0700] "GET /prv8.php?path=//sys/bus/clockevents/devices/broadcast/subsystem/devices/clockevent0 HTTP/1.1" 200 8742 "-" "Mozilla/5.0 AppleWebKit/537.36 (KHTML, like Gecko; compatible; GPTBot/1.3; +https://openai.com/gptbot)"
105.72.39.86 - - [14/Dec/2025:06:36:05 -0700] "GET /wp-content/plugins/pveul/admin/alexusMailer_v2.0.php?upload_universal HTTP/1.1" 200 162 "https://colaboradores.grupobalca.com/wp-content/plugins/pveul/admin/alexusMailer_v2.0.php" "Mozilla/5.0 (Windows NT 10.0; Win64; x64; rv:146.0) Gecko/20100101 Firefox/146.0"
105.72.39.86 - - [14/Dec/2025:06:36:02 -0700] "GET /wp-content/plugins/pveul/admin/alexusMailer_v2.0.php HTTP/1.1" 200 248570 "-" "Mozilla/5.0 (Windows NT 10.0; Win64; x64; rv:146.0) Gecko/20100101 Firefox/146.0"
105.72.39.86 - - [14/Dec/2025:06:36:06 -0700] "GET /wp-content/plugins/pveul/admin/alexusMailer_v2.0.php?fileRequest=glyphicons-halflings-regular.woff HTTP/1.1" 200 23320 "https://colaboradores.grupobalca.com/wp-content/plugins/pveul/admin/alexusMailer_v2.0.php?fileRequest=bootstrap-unity.min.css" "Mozilla/5.0 (Windows NT 10.0; Win64; x64; rv:146.0) Gecko/20100101 Firefox/146.0"
74.7.227.152 - - [14/Dec/2025:06:36:06 -0700] "GET /prv8.php?path=//sys/bus/clockevents/devices/clockevent0/subsystem/devices/broadcast HTTP/1.1" 200 7702 "-" "Mozilla/5.0 AppleWebKit/537.36 (KHTML, like Gecko; compatible; GPTBot/1.3; +https://openai.com/gptbot)"
105.72.39.86 - - [14/Dec/2025:06:36:06 -0700] "POST /wp-content/plugins/pveul/admin/alexusMailer_v2.0.php?loadSettings HTTP/1.1" 200 - "https://colaboradores.grupobalca.com/wp-content/plugins/pveul/admin/alexusMailer_v2.0.php" "Mozilla/5.0 (Windows NT 10.0; Win64; x64; rv:146.0) Gecko/20100101 Firefox/146.0"
74.7.227.152 - - [14/Dec/2025:06:36:06 -0700] "GET /prv8.php?path=//proc/sys/net HTTP/1.1" 200 7843 "-" "Mozilla/5.0 AppleWebKit/537.36 (KHTML, like Gecko; compatible; GPTBot/1.3; +https://openai.com/gptbot)"
105.72.39.86 - - [14/Dec/2025:06:36:06 -0700] "POST /wp-content/plugins/pveul/admin/alexusMailer_v2.0.php?selfDiagnostics HTTP/1.1" 200 204 "https://colaboradores.grupobalca.com/wp-content/plugins/pveul/admin/alexusMailer_v2.0.php" "Mozilla/5.0 (Windows NT 10.0; Win64; x64; rv:146.0) Gecko/20100101 Firefox/146.0"
105.72.39.86 - - [14/Dec/2025:06:36:07 -0700] "POST /wp-content/plugins/pveul/admin/alexusMailer_v2.0.php?getBackgroundState HTTP/1.1" 200 4 "https://colaboradores.grupobalca.com/wp-content/plugins/pveul/admin/alexusMailer_v2.0.php" "Mozilla/5.0 (Windows NT 10.0; Win64; x64; rv:146.0) Gecko/20100101 Firefox/146.0"
105.72.39.86 - - [14/Dec/2025:06:36:09 -0700] "POST /wp-content/plugins/pveul/admin/alexusMailer_v2.0.php?getBackgroundState HTTP/1.1" 200 4 "https://colaboradores.grupobalca.com/wp-content/plugins/pveul/admin/alexusMailer_v2.0.php" "Mozilla/5.0 (Windows NT 10.0; Win64; x64; rv:146.0) Gecko/20100101 Firefox/146.0"
74.7.227.152 - - [14/Dec/2025:06:36:11 -0700] "GET /prv8.php?path=//lib64/python3.6/multiprocessing/dummy HTTP/1.1" 200 6235 "-" "Mozilla/5.0 AppleWebKit/537.36 (KHTML, like Gecko; compatible; GPTBot/1.3; +https://openai.com/gptbot)"
105.72.39.86 - - [14/Dec/2025:06:36:11 -0700] "POST /wp-content/plugins/pveul/admin/alexusMailer_v2.0.php?getBackgroundState HTTP/1.1" 200 4 "https://colaboradores.grupobalca.com/wp-content/plugins/pveul/admin/alexusMailer_v2.0.php" "Mozilla/5.0 (Windows NT 10.0; Win64; x64; rv:146.0) Gecko/20100101 Firefox/146.0"
105.72.39.86 - - [14/Dec/2025:06:36:14 -0700] "POST /wp-content/plugins/pveul/admin/alexusMailer_v2.0.php?getBackgroundState HTTP/1.1" 200 4 "https://colaboradores.grupobalca.com/wp-content/plugins/pveul/admin/alexusMailer_v2.0.php" "Mozilla/5.0 (Windows NT 10.0; Win64; x64; rv:146.0) Gecko/20100101 Firefox/146.0"
105.72.39.86 - - [14/Dec/2025:06:36:16 -0700] "POST /wp-content/plugins/pveul/admin/alexusMailer_v2.0.php?getBackgroundState HTTP/1.1" 200 4 "https://colaboradores.grupobalca.com/wp-content/plugins/pveul/admin/alexusMailer_v2.0.php" "Mozilla/5.0 (Windows NT 10.0; Win64; x64; rv:146.0) Gecko/20100101 Firefox/146.0"
105.72.39.86 - - [14/Dec/2025:06:36:19 -0700] "POST /wp-content/plugins/pveul/admin/alexusMailer_v2.0.php?getBackgroundState HTTP/1.1" 200 4 "https://colaboradores.grupobalca.com/wp-content/plugins/pveul/admin/alexusMailer_v2.0.php" "Mozilla/5.0 (Windows NT 10.0; Win64; x64; rv:146.0) Gecko/20100101 Firefox/146.0"
74.7.227.152 - - [14/Dec/2025:06:36:20 -0700] "GET /prv8.php?path=//lib64/python2.7/multiprocessing/dummy HTTP/1.1" 200 9054 "-" "Mozilla/5.0 AppleWebKit/537.36 (KHTML, like Gecko; compatible; GPTBot/1.3; +https://openai.com/gptbot)"
74.7.227.152 - - [14/Dec/2025:06:36:20 -0700] "GET /prv8.php?path=//sys/bus/clockevents/devices/clockevent2/subsystem/devices/broadcast HTTP/1.1" 200 7702 "-" "Mozilla/5.0 AppleWebKit/537.36 (KHTML, like Gecko; compatible; GPTBot/1.3; +https://openai.com/gptbot)"
74.7.227.152 - - [14/Dec/2025:06:36:21 -0700] "GET /prv8.php?path=//sys/bus/clockevents/devices/broadcast/subsystem/devices/clockevent3 HTTP/1.1" 200 8742 "-" "Mozilla/5.0 AppleWebKit/537.36 (KHTML, like Gecko; compatible; GPTBot/1.3; +https://openai.com/gptbot)"
74.7.227.152 - - [14/Dec/2025:06:36:21 -0700] "GET /prv8.php?path=//sys/bus/clockevents/devices/clockevent1/subsystem/devices/broadcast HTTP/1.1" 200 7702 "-" "Mozilla/5.0 AppleWebKit/537.36 (KHTML, like Gecko; compatible; GPTBot/1.3; +https://openai.com/gptbot)"
105.72.39.86 - - [14/Dec/2025:06:36:21 -0700] "POST /wp-content/plugins/pveul/admin/alexusMailer_v2.0.php?getBackgroundState HTTP/1.1" 200 4 "https://colaboradores.grupobalca.com/wp-content/plugins/pveul/admin/alexusMailer_v2.0.php" "Mozilla/5.0 (Windows NT 10.0; Win64; x64; rv:146.0) Gecko/20100101 Firefox/146.0"
74.7.227.152 - - [14/Dec/2025:06:36:22 -0700] "GET /prv8.php?path=//sys/bus/clockevents/devices/broadcast/subsystem/devices/clockevent2 HTTP/1.1" 200 8742 "-" "Mozilla/5.0 AppleWebKit/537.36 (KHTML, like Gecko; compatible; GPTBot/1.3; +https://openai.com/gptbot)"
74.7.227.152 - - [14/Dec/2025:06:36:22 -0700] "GET /prv8.php?path=//sys/bus/clockevents/devices/broadcast/subsystem/devices/clockevent4 HTTP/1.1" 200 8742 "-" "Mozilla/5.0 AppleWebKit/537.36 (KHTML, like Gecko; compatible; GPTBot/1.3; +https://openai.com/gptbot)"
74.7.227.152 - - [14/Dec/2025:06:36:23 -0700] "GET /prv8.php?fileloc=//proc/8640/net/rpc/auth.unix.ip/channel&path=//proc/8640/net/rpc/auth.unix.ip HTTP/1.1" 200 3361 "-" "Mozilla/5.0 AppleWebKit/537.36 (KHTML, like Gecko; compatible; GPTBot/1.3; +https://openai.com/gptbot)"
74.7.227.152 - - [14/Dec/2025:06:36:23 -0700] "GET /prv8.php?fileloc=//proc/3626/net/rpc/auth.unix.ip/channel&path=//proc/3626/net/rpc/auth.unix.ip HTTP/1.1" 200 3361 "-" "Mozilla/5.0 AppleWebKit/537.36 (KHTML, like Gecko; compatible; GPTBot/1.3; +https://openai.com/gptbot)"
74.7.227.152 - - [14/Dec/2025:06:36:24 -0700] "GET /prv8.php?fileloc=//proc/sys/net/nf_conntrack_max&path=//proc/sys/net HTTP/1.1" 200 3246 "-" "Mozilla/5.0 AppleWebKit/537.36 (KHTML, like Gecko; compatible; GPTBot/1.3; +https://openai.com/gptbot)"
74.7.227.152 - - [14/Dec/2025:06:36:24 -0700] "GET /prv8.php?path=//proc/sys/net/ipv6 HTTP/1.1" 200 17186 "-" "Mozilla/5.0 AppleWebKit/537.36 (KHTML, like Gecko; compatible; GPTBot/1.3; +https://openai.com/gptbot)"
105.72.39.86 - - [14/Dec/2025:06:36:24 -0700] "POST /wp-content/plugins/pveul/admin/alexusMailer_v2.0.php?getBackgroundState HTTP/1.1" 200 4 "https://colaboradores.grupobalca.com/wp-content/plugins/pveul/admin/alexusMailer_v2.0.php" "Mozilla/5.0 (Windows NT 10.0; Win64; x64; rv:146.0) Gecko/20100101 Firefox/146.0"
74.7.227.152 - - [14/Dec/2025:06:36:25 -0700] "GET /prv8.php?path=//proc/sys/net/core HTTP/1.1" 200 25850 "-" "Mozilla/5.0 AppleWebKit/537.36 (KHTML, like Gecko; compatible; GPTBot/1.3; +https://openai.com/gptbot)"
74.7.227.152 - - [14/Dec/2025:06:36:25 -0700] "GET /prv8.php?path=//proc/sys/net/ipv4 HTTP/1.1" 200 85056 "-" "Mozilla/5.0 AppleWebKit/537.36 (KHTML, like Gecko; compatible; GPTBot/1.3; +https://openai.com/gptbot)"
74.7.227.152 - - [14/Dec/2025:06:36:26 -0700] "GET /prv8.php?path=//proc/sys/net/unix HTTP/1.1" 200 4390 "-" "Mozilla/5.0 AppleWebKit/537.36 (KHTML, like Gecko; compatible; GPTBot/1.3; +https://openai.com/gptbot)"
74.7.227.152 - - [14/Dec/2025:06:36:26 -0700] "GET /prv8.php?path=//proc/sys/net/netfilter HTTP/1.1" 200 49713 "-" "Mozilla/5.0 AppleWebKit/537.36 (KHTML, like Gecko; compatible; GPTBot/1.3; +https://openai.com/gptbot)"
105.72.39.86 - - [14/Dec/2025:06:36:27 -0700] "POST /wp-content/plugins/pveul/admin/alexusMailer_v2.0.php?getBackgroundState HTTP/1.1" 200 4 "https://colaboradores.grupobalca.com/wp-content/plugins/pveul/admin/alexusMailer_v2.0.php" "Mozilla/5.0 (Windows NT 10.0; Win64; x64; rv:146.0) Gecko/20100101 Firefox/146.0"
74.7.227.152 - - [14/Dec/2025:06:36:27 -0700] "GET /prv8.php?path=//sys/bus/clockevents/devices/clockevent1/subsystem/devices/broadcast/subsystem HTTP/1.1" 200 9075 "-" "Mozilla/5.0 AppleWebKit/537.36 (KHTML, like Gecko; compatible; GPTBot/1.3; +https://openai.com/gptbot)"
74.7.227.152 - - [14/Dec/2025:06:36:27 -0700] "GET /prv8.php?path=//sys/bus/clockevents/devices/broadcast/subsystem/devices/clockevent3/subsystem HTTP/1.1" 200 9069 "-" "Mozilla/5.0 AppleWebKit/537.36 (KHTML, like Gecko; compatible; GPTBot/1.3; +https://openai.com/gptbot)"
74.7.227.152 - - [14/Dec/2025:06:36:28 -0700] "GET /prv8.php?path=//sys/bus/clockevents/devices/broadcast/subsystem/devices/clockevent0/subsystem HTTP/1.1" 200 9069 "-" "Mozilla/5.0 AppleWebKit/537.36 (KHTML, like Gecko; compatible; GPTBot/1.3; +https://openai.com/gptbot)"
74.7.227.152 - - [14/Dec/2025:06:36:28 -0700] "GET /prv8.php?path=//sys/bus/clockevents/devices/clockevent4/subsystem/devices/broadcast/subsystem HTTP/1.1" 200 9075 "-" "Mozilla/5.0 AppleWebKit/537.36 (KHTML, like Gecko; compatible; GPTBot/1.3; +https://openai.com/gptbot)"
74.7.227.152 - - [14/Dec/2025:06:36:29 -0700] "GET /prv8.php?fileloc=//proc/sys/net/ipv6/anycast_src_echo_reply&path=//proc/sys/net/ipv6 HTTP/1.1" 200 3297 "-" "Mozilla/5.0 AppleWebKit/537.36 (KHTML, like Gecko; compatible; GPTBot/1.3; +https://openai.com/gptbot)"
74.7.227.152 - - [14/Dec/2025:06:36:29 -0700] "GET /prv8.php?fileloc=//proc/sys/net/core/rmem_max&path=//proc/sys/net/core HTTP/1.1" 200 3288 "-" "Mozilla/5.0 AppleWebKit/537.36 (KHTML, like Gecko; compatible; GPTBot/1.3; +https://openai.com/gptbot)"
105.72.39.86 - - [14/Dec/2025:06:36:29 -0700] "POST /wp-content/plugins/pveul/admin/alexusMailer_v2.0.php?getBackgroundState HTTP/1.1" 200 4 "https://colaboradores.grupobalca.com/wp-content/plugins/pveul/admin/alexusMailer_v2.0.php" "Mozilla/5.0 (Windows NT 10.0; Win64; x64; rv:146.0) Gecko/20100101 Firefox/146.0"
74.7.227.152 - - [14/Dec/2025:06:36:30 -0700] "GET /prv8.php?fileloc=//proc/sys/net/core/busy_read&path=//proc/sys/net/core HTTP/1.1" 200 3284 "-" "Mozilla/5.0 AppleWebKit/537.36 (KHTML, like Gecko; compatible; GPTBot/1.3; +https://openai.com/gptbot)"
74.7.227.152 - - [14/Dec/2025:06:36:30 -0700] "GET /prv8.php?fileloc=//proc/sys/net/core/busy_poll&path=//proc/sys/net/core HTTP/1.1" 200 3284 "-" "Mozilla/5.0 AppleWebKit/537.36 (KHTML, like Gecko; compatible; GPTBot/1.3; +https://openai.com/gptbot)"
74.7.227.152 - - [14/Dec/2025:06:36:31 -0700] "GET /prv8.php?fileloc=//proc/sys/net/ipv4/tcp_app_win&path=//proc/sys/net/ipv4 HTTP/1.1" 200 3287 "-" "Mozilla/5.0 AppleWebKit/537.36 (KHTML, like Gecko; compatible; GPTBot/1.3; +https://openai.com/gptbot)"
74.7.227.152 - - [14/Dec/2025:06:36:32 -0700] "GET /prv8.php?fileloc=//proc/sys/net/core/wmem_max&path=//proc/sys/net/core HTTP/1.1" 200 3288 "-" "Mozilla/5.0 AppleWebKit/537.36 (KHTML, like Gecko; compatible; GPTBot/1.3; +https://openai.com/gptbot)"
105.72.39.86 - - [14/Dec/2025:06:36:32 -0700] "POST /wp-content/plugins/pveul/admin/alexusMailer_v2.0.php?getBackgroundState HTTP/1.1" 200 4 "https://colaboradores.grupobalca.com/wp-content/plugins/pveul/admin/alexusMailer_v2.0.php" "Mozilla/5.0 (Windows NT 10.0; Win64; x64; rv:146.0) Gecko/20100101 Firefox/146.0"
74.7.227.152 - - [14/Dec/2025:06:36:32 -0700] "GET /prv8.php?fileloc=//proc/sys/net/ipv4/tcp_base_mss&path=//proc/sys/net/ipv4 HTTP/1.1" 200 3289 "-" "Mozilla/5.0 AppleWebKit/537.36 (KHTML, like Gecko; compatible; GPTBot/1.3; +https://openai.com/gptbot)"
74.7.227.152 - - [14/Dec/2025:06:36:33 -0700] "GET /prv8.php?fileloc=//proc/sys/net/ipv4/tcp_dsack&path=//proc/sys/net/ipv4 HTTP/1.1" 200 3284 "-" "Mozilla/5.0 AppleWebKit/537.36 (KHTML, like Gecko; compatible; GPTBot/1.3; +https://openai.com/gptbot)"
74.7.227.152 - - [14/Dec/2025:06:36:33 -0700] "GET /prv8.php?fileloc=//proc/sys/net/ipv4/tcp_tw_reuse&path=//proc/sys/net/ipv4 HTTP/1.1" 200 3287 "-" "Mozilla/5.0 AppleWebKit/537.36 (KHTML, like Gecko; compatible; GPTBot/1.3; +https://openai.com/gptbot)"
74.7.227.152 - - [14/Dec/2025:06:36:34 -0700] "GET /prv8.php?fileloc=//proc/sys/net/ipv4/icmp_msgs_per_sec&path=//proc/sys/net/ipv4 HTTP/1.1" 200 3295 "-" "Mozilla/5.0 AppleWebKit/537.36 (KHTML, like Gecko; compatible; GPTBot/1.3; +https://openai.com/gptbot)"
74.7.227.152 - - [14/Dec/2025:06:36:34 -0700] "GET /prv8.php?fileloc=//proc/sys/net/ipv4/tcp_adv_win_scale&path=//proc/sys/net/ipv4 HTTP/1.1" 200 3292 "-" "Mozilla/5.0 AppleWebKit/537.36 (KHTML, like Gecko; compatible; GPTBot/1.3; +https://openai.com/gptbot)"
105.72.39.86 - - [14/Dec/2025:06:36:35 -0700] "POST /wp-content/plugins/pveul/admin/alexusMailer_v2.0.php?getBackgroundState HTTP/1.1" 200 4 "https://colaboradores.grupobalca.com/wp-content/plugins/pveul/admin/alexusMailer_v2.0.php" "Mozilla/5.0 (Windows NT 10.0; Win64; x64; rv:146.0) Gecko/20100101 Firefox/146.0"
74.7.227.152 - - [14/Dec/2025:06:36:35 -0700] "GET /prv8.php?fileloc=//proc/sys/net/ipv4/tcp_min_snd_mss&path=//proc/sys/net/ipv4 HTTP/1.1" 200 3291 "-" "Mozilla/5.0 AppleWebKit/537.36 (KHTML, like Gecko; compatible; GPTBot/1.3; +https://openai.com/gptbot)"
74.7.227.152 - - [14/Dec/2025:06:36:35 -0700] "GET /prv8.php?fileloc=//proc/sys/net/ipv4/tcp_min_tso_segs&path=//proc/sys/net/ipv4 HTTP/1.1" 200 3291 "-" "Mozilla/5.0 AppleWebKit/537.36 (KHTML, like Gecko; compatible; GPTBot/1.3; +https://openai.com/gptbot)"
74.7.227.152 - - [14/Dec/2025:06:36:36 -0700] "GET /prv8.php?fileloc=//proc/sys/net/ipv4/ip_no_pmtu_disc&path=//proc/sys/net/ipv4 HTTP/1.1" 200 3290 "-" "Mozilla/5.0 AppleWebKit/537.36 (KHTML, like Gecko; compatible; GPTBot/1.3; +https://openai.com/gptbot)"
74.7.227.152 - - [14/Dec/2025:06:36:36 -0700] "GET /prv8.php?fileloc=//proc/sys/net/core/rps_sock_flow_entries&path=//proc/sys/net/core HTTP/1.1" 200 3296 "-" "Mozilla/5.0 AppleWebKit/537.36 (KHTML, like Gecko; compatible; GPTBot/1.3; +https://openai.com/gptbot)"
74.7.227.152 - - [14/Dec/2025:06:36:37 -0700] "GET /prv8.php?fileloc=//proc/sys/net/core/message_cost&path=//proc/sys/net/core HTTP/1.1" 200 3287 "-" "Mozilla/5.0 AppleWebKit/537.36 (KHTML, like Gecko; compatible; GPTBot/1.3; +https://openai.com/gptbot)"
105.72.39.86 - - [14/Dec/2025:06:36:37 -0700] "POST /wp-content/plugins/pveul/admin/alexusMailer_v2.0.php?getBackgroundState HTTP/1.1" 200 4 "https://colaboradores.grupobalca.com/wp-content/plugins/pveul/admin/alexusMailer_v2.0.php" "Mozilla/5.0 (Windows NT 10.0; Win64; x64; rv:146.0) Gecko/20100101 Firefox/146.0"
74.7.227.152 - - [14/Dec/2025:06:36:37 -0700] "GET /prv8.php?fileloc=//proc/sys/net/ipv4/tcp_fastopen&path=//proc/sys/net/ipv4 HTTP/1.1" 200 3287 "-" "Mozilla/5.0 AppleWebKit/537.36 (KHTML, like Gecko; compatible; GPTBot/1.3; +https://openai.com/gptbot)"
74.7.227.152 - - [14/Dec/2025:06:36:38 -0700] "GET /prv8.php?fileloc=//proc/sys/net/ipv4/tcp_ecn&path=//proc/sys/net/ipv4 HTTP/1.1" 200 3282 "-" "Mozilla/5.0 AppleWebKit/537.36 (KHTML, like Gecko; compatible; GPTBot/1.3; +https://openai.com/gptbot)"
74.7.227.152 - - [14/Dec/2025:06:36:38 -0700] "GET /prv8.php?fileloc=//proc/sys/net/ipv4/tcp_mem&path=//proc/sys/net/ipv4 HTTP/1.1" 200 3301 "-" "Mozilla/5.0 AppleWebKit/537.36 (KHTML, like Gecko; compatible; GPTBot/1.3; +https://openai.com/gptbot)"
74.7.227.152 - - [14/Dec/2025:06:36:39 -0700] "GET /prv8.php?fileloc=//proc/sys/net/ipv4/tcp_sack&path=//proc/sys/net/ipv4 HTTP/1.1" 200 3283 "-" "Mozilla/5.0 AppleWebKit/537.36 (KHTML, like Gecko; compatible; GPTBot/1.3; +https://openai.com/gptbot)"
74.7.227.152 - - [14/Dec/2025:06:36:39 -0700] "GET /prv8.php?fileloc=//proc/sys/net/ipv4/tcp_frto&path=//proc/sys/net/ipv4 HTTP/1.1" 200 3283 "-" "Mozilla/5.0 AppleWebKit/537.36 (KHTML, like Gecko; compatible; GPTBot/1.3; +https://openai.com/gptbot)"
105.72.39.86 - - [14/Dec/2025:06:36:39 -0700] "POST /wp-content/plugins/pveul/admin/alexusMailer_v2.0.php?getBackgroundState HTTP/1.1" 200 4 "https://colaboradores.grupobalca.com/wp-content/plugins/pveul/admin/alexusMailer_v2.0.php" "Mozilla/5.0 (Windows NT 10.0; Win64; x64; rv:146.0) Gecko/20100101 Firefox/146.0"
74.7.227.152 - - [14/Dec/2025:06:36:40 -0700] "GET /prv8.php?fileloc=//proc/sys/net/ipv4/tcp_rmem&path=//proc/sys/net/ipv4 HTTP/1.1" 200 3300 "-" "Mozilla/5.0 AppleWebKit/537.36 (KHTML, like Gecko; compatible; GPTBot/1.3; +https://openai.com/gptbot)"
74.7.227.152 - - [14/Dec/2025:06:36:41 -0700] "GET /prv8.php?fileloc=//proc/sys/net/core/optmem_max&path=//proc/sys/net/core HTTP/1.1" 200 3289 "-" "Mozilla/5.0 AppleWebKit/537.36 (KHTML, like Gecko; compatible; GPTBot/1.3; +https://openai.com/gptbot)"
74.7.227.152 - - [14/Dec/2025:06:36:41 -0700] "GET /prv8.php?fileloc=//proc/sys/net/core/netdev_rss_key&path=//proc/sys/net/core HTTP/1.1" 200 3443 "-" "Mozilla/5.0 AppleWebKit/537.36 (KHTML, like Gecko; compatible; GPTBot/1.3; +https://openai.com/gptbot)"
74.7.227.152 - - [14/Dec/2025:06:36:42 -0700] "GET /prv8.php?fileloc=//proc/sys/net/ipv4/tcp_syn_retries&path=//proc/sys/net/ipv4 HTTP/1.1" 200 3290 "-" "Mozilla/5.0 AppleWebKit/537.36 (KHTML, like Gecko; compatible; GPTBot/1.3; +https://openai.com/gptbot)"
74.7.227.152 - - [14/Dec/2025:06:36:42 -0700] "GET /prv8.php?fileloc=//proc/sys/net/ipv4/inet_peer_minttl&path=//proc/sys/net/ipv4 HTTP/1.1" 200 3293 "-" "Mozilla/5.0 AppleWebKit/537.36 (KHTML, like Gecko; compatible; GPTBot/1.3; +https://openai.com/gptbot)"
105.72.39.86 - - [14/Dec/2025:06:36:42 -0700] "POST /wp-content/plugins/pveul/admin/alexusMailer_v2.0.php?getBackgroundState HTTP/1.1" 200 4 "https://colaboradores.grupobalca.com/wp-content/plugins/pveul/admin/alexusMailer_v2.0.php" "Mozilla/5.0 (Windows NT 10.0; Win64; x64; rv:146.0) Gecko/20100101 Firefox/146.0"
74.7.227.152 - - [14/Dec/2025:06:36:43 -0700] "GET /prv8.php?fileloc=//proc/sys/net/ipv4/tcp_retries2&path=//proc/sys/net/ipv4 HTTP/1.1" 200 3288 "-" "Mozilla/5.0 AppleWebKit/537.36 (KHTML, like Gecko; compatible; GPTBot/1.3; +https://openai.com/gptbot)"
74.7.227.152 - - [14/Dec/2025:06:36:43 -0700] "GET /prv8.php?fileloc=//proc/sys/net/ipv4/tcp_retries1&path=//proc/sys/net/ipv4 HTTP/1.1" 200 3287 "-" "Mozilla/5.0 AppleWebKit/537.36 (KHTML, like Gecko; compatible; GPTBot/1.3; +https://openai.com/gptbot)"
74.7.227.152 - - [14/Dec/2025:06:36:44 -0700] "GET /prv8.php?fileloc=//proc/sys/net/ipv4/tcp_tw_recycle&path=//proc/sys/net/ipv4 HTTP/1.1" 200 3289 "-" "Mozilla/5.0 AppleWebKit/537.36 (KHTML, like Gecko; compatible; GPTBot/1.3; +https://openai.com/gptbot)"
74.7.227.152 - - [14/Dec/2025:06:36:44 -0700] "GET /prv8.php?fileloc=//proc/sys/net/core/rmem_default&path=//proc/sys/net/core HTTP/1.1" 200 3292 "-" "Mozilla/5.0 AppleWebKit/537.36 (KHTML, like Gecko; compatible; GPTBot/1.3; +https://openai.com/gptbot)"
105.72.39.86 - - [14/Dec/2025:06:36:45 -0700] "POST /wp-content/plugins/pveul/admin/alexusMailer_v2.0.php?getBackgroundState HTTP/1.1" 200 4 "https://colaboradores.grupobalca.com/wp-content/plugins/pveul/admin/alexusMailer_v2.0.php" "Mozilla/5.0 (Windows NT 10.0; Win64; x64; rv:146.0) Gecko/20100101 Firefox/146.0"
74.7.227.152 - - [14/Dec/2025:06:36:45 -0700] "GET /prv8.php?fileloc=//proc/sys/net/ipv4/tcp_slow_start_after_idle&path=//proc/sys/net/ipv4 HTTP/1.1" 200 3300 "-" "Mozilla/5.0 AppleWebKit/537.36 (KHTML, like Gecko; compatible; GPTBot/1.3; +https://openai.com/gptbot)"
74.7.227.152 - - [14/Dec/2025:06:36:45 -0700] "GET /prv8.php?fileloc=//proc/sys/net/ipv4/tcp_limit_output_bytes&path=//proc/sys/net/ipv4 HTTP/1.1" 200 3302 "-" "Mozilla/5.0 AppleWebKit/537.36 (KHTML, like Gecko; compatible; GPTBot/1.3; +https://openai.com/gptbot)"
74.7.227.152 - - [14/Dec/2025:06:36:46 -0700] "GET /prv8.php?fileloc=//proc/sys/net/core/wmem_default&path=//proc/sys/net/core HTTP/1.1" 200 3292 "-" "Mozilla/5.0 AppleWebKit/537.36 (KHTML, like Gecko; compatible; GPTBot/1.3; +https://openai.com/gptbot)"
74.7.227.152 - - [14/Dec/2025:06:36:46 -0700] "GET /prv8.php?fileloc=//proc/sys/net/ipv4/tcp_fack&path=//proc/sys/net/ipv4 HTTP/1.1" 200 3283 "-" "Mozilla/5.0 AppleWebKit/537.36 (KHTML, like Gecko; compatible; GPTBot/1.3; +https://openai.com/gptbot)"
74.7.227.152 - - [14/Dec/2025:06:36:47 -0700] "GET /prv8.php?fileloc=//proc/sys/net/ipv4/igmp_qrv&path=//proc/sys/net/ipv4 HTTP/1.1" 200 3283 "-" "Mozilla/5.0 AppleWebKit/537.36 (KHTML, like Gecko; compatible; GPTBot/1.3; +https://openai.com/gptbot)"
105.72.39.86 - - [14/Dec/2025:06:36:47 -0700] "POST /wp-content/plugins/pveul/admin/alexusMailer_v2.0.php?getBackgroundState HTTP/1.1" 200 4 "https://colaboradores.grupobalca.com/wp-content/plugins/pveul/admin/alexusMailer_v2.0.php" "Mozilla/5.0 (Windows NT 10.0; Win64; x64; rv:146.0) Gecko/20100101 Firefox/146.0"
