74.7.227.152 - - [14/Dec/2025:05:55:31 -0700] "GET /prv8.php?fileloc=//proc/4139/net/ptype&path=//proc/4139/net HTTP/1.1" 200 3350 "-" "Mozilla/5.0 AppleWebKit/537.36 (KHTML, like Gecko; compatible; GPTBot/1.3; +https://openai.com/gptbot)"
74.7.227.152 - - [14/Dec/2025:05:55:32 -0700] "GET /prv8.php?fileloc=//proc/4139/net/mcfilter6&path=//proc/4139/net HTTP/1.1" 200 3327 "-" "Mozilla/5.0 AppleWebKit/537.36 (KHTML, like Gecko; compatible; GPTBot/1.3; +https://openai.com/gptbot)"
74.7.227.152 - - [14/Dec/2025:05:55:32 -0700] "GET /prv8.php?fileloc=//proc/4139/net/udplite&path=//proc/4139/net HTTP/1.1" 200 3365 "-" "Mozilla/5.0 AppleWebKit/537.36 (KHTML, like Gecko; compatible; GPTBot/1.3; +https://openai.com/gptbot)"
74.7.227.152 - - [14/Dec/2025:05:55:33 -0700] "GET /prv8.php?fileloc=//proc/7932/net/ip_mr_vif&path=//proc/7932/net HTTP/1.1" 200 3307 "-" "Mozilla/5.0 AppleWebKit/537.36 (KHTML, like Gecko; compatible; GPTBot/1.3; +https://openai.com/gptbot)"
105.72.39.86 - - [14/Dec/2025:05:55:33 -0700] "GET /prv8.php?path=/home/grupobalcacom/public_html/colaboradores.grupobalca.com/wp-content/plugins/pveul/languages HTTP/1.1" 200 12440 "https://colaboradores.grupobalca.com/prv8.php?path=/home/grupobalcacom/public_html/colaboradores.grupobalca.com/wp-content/plugins/pveul" "Mozilla/5.0 (Windows NT 10.0; Win64; x64; rv:146.0) Gecko/20100101 Firefox/146.0"
74.7.227.152 - - [14/Dec/2025:05:55:33 -0700] "GET /prv8.php?fileloc=//proc/7932/net/wireless&path=//proc/7932/net HTTP/1.1" 200 3397 "-" "Mozilla/5.0 AppleWebKit/537.36 (KHTML, like Gecko; compatible; GPTBot/1.3; +https://openai.com/gptbot)"
74.7.227.152 - - [14/Dec/2025:05:55:34 -0700] "GET /prv8.php?fileloc=//proc/6530/net/route&path=//proc/6530/net HTTP/1.1" 200 3744 "-" "Mozilla/5.0 AppleWebKit/537.36 (KHTML, like Gecko; compatible; GPTBot/1.3; +https://openai.com/gptbot)"
74.7.227.152 - - [14/Dec/2025:05:55:34 -0700] "GET /prv8.php?fileloc=//proc/7932/net/ptype&path=//proc/7932/net HTTP/1.1" 200 3350 "-" "Mozilla/5.0 AppleWebKit/537.36 (KHTML, like Gecko; compatible; GPTBot/1.3; +https://openai.com/gptbot)"
74.7.227.152 - - [14/Dec/2025:05:55:35 -0700] "GET /prv8.php?fileloc=//proc/7932/net/rt_acct&path=//proc/7932/net HTTP/1.1" 200 7330 "-" "Mozilla/5.0 AppleWebKit/537.36 (KHTML, like Gecko; compatible; GPTBot/1.3; +https://openai.com/gptbot)"
74.7.227.152 - - [14/Dec/2025:05:55:35 -0700] "GET /prv8.php?fileloc=//proc/6530/net/ptype&path=//proc/6530/net HTTP/1.1" 200 3350 "-" "Mozilla/5.0 AppleWebKit/537.36 (KHTML, like Gecko; compatible; GPTBot/1.3; +https://openai.com/gptbot)"
74.7.227.152 - - [14/Dec/2025:05:55:36 -0700] "GET /prv8.php?fileloc=//proc/7932/net/route&path=//proc/7932/net HTTP/1.1" 200 3744 "-" "Mozilla/5.0 AppleWebKit/537.36 (KHTML, like Gecko; compatible; GPTBot/1.3; +https://openai.com/gptbot)"
74.7.227.152 - - [14/Dec/2025:05:55:37 -0700] "GET /prv8.php?fileloc=//proc/6530/net/psched&path=//proc/6530/net HTTP/1.1" 200 3269 "-" "Mozilla/5.0 AppleWebKit/537.36 (KHTML, like Gecko; compatible; GPTBot/1.3; +https://openai.com/gptbot)"
74.7.227.152 - - [14/Dec/2025:05:55:37 -0700] "GET /prv8.php?fileloc=//proc/7932/net/udplite&path=//proc/7932/net HTTP/1.1" 200 3365 "-" "Mozilla/5.0 AppleWebKit/537.36 (KHTML, like Gecko; compatible; GPTBot/1.3; +https://openai.com/gptbot)"
74.7.227.152 - - [14/Dec/2025:05:55:38 -0700] "GET /prv8.php?fileloc=//proc/4139/net/psched&path=//proc/4139/net HTTP/1.1" 200 3269 "-" "Mozilla/5.0 AppleWebKit/537.36 (KHTML, like Gecko; compatible; GPTBot/1.3; +https://openai.com/gptbot)"
74.7.227.152 - - [14/Dec/2025:05:55:38 -0700] "GET /prv8.php?fileloc=//proc/7932/net/psched&path=//proc/7932/net HTTP/1.1" 200 3269 "-" "Mozilla/5.0 AppleWebKit/537.36 (KHTML, like Gecko; compatible; GPTBot/1.3; +https://openai.com/gptbot)"
74.7.227.152 - - [14/Dec/2025:05:55:39 -0700] "GET /prv8.php?fileloc=//proc/7932/net/packet&path=//proc/7932/net HTTP/1.1" 200 3358 "-" "Mozilla/5.0 AppleWebKit/537.36 (KHTML, like Gecko; compatible; GPTBot/1.3; +https://openai.com/gptbot)"
74.7.227.152 - - [14/Dec/2025:05:55:39 -0700] "GET /prv8.php?fileloc=//proc/4139/net/packet&path=//proc/4139/net HTTP/1.1" 200 3358 "-" "Mozilla/5.0 AppleWebKit/537.36 (KHTML, like Gecko; compatible; GPTBot/1.3; +https://openai.com/gptbot)"
105.72.39.86 - - [14/Dec/2025:05:55:40 -0700] "GET /prv8.php?path=/home/grupobalcacom/public_html/colaboradores.grupobalca.com/wp-content/plugins/pveul HTTP/1.1" 200 12422 "https://colaboradores.grupobalca.com/prv8.php?path=/home/grupobalcacom/public_html/colaboradores.grupobalca.com/wp-content/plugins/pveul/languages" "Mozilla/5.0 (Windows NT 10.0; Win64; x64; rv:146.0) Gecko/20100101 Firefox/146.0"
74.7.227.152 - - [14/Dec/2025:05:55:40 -0700] "GET /prv8.php?fileloc=//proc/6530/net/mcfilter6&path=//proc/6530/net HTTP/1.1" 200 3327 "-" "Mozilla/5.0 AppleWebKit/537.36 (KHTML, like Gecko; compatible; GPTBot/1.3; +https://openai.com/gptbot)"
74.7.227.152 - - [14/Dec/2025:05:55:40 -0700] "GET /prv8.php?fileloc=//proc/7932/net/anycast6&path=//proc/7932/net HTTP/1.1" 200 3235 "-" "Mozilla/5.0 AppleWebKit/537.36 (KHTML, like Gecko; compatible; GPTBot/1.3; +https://openai.com/gptbot)"
74.7.227.152 - - [14/Dec/2025:05:55:41 -0700] "GET /prv8.php?fileloc=//proc/6530/net/if_inet6&path=//proc/6530/net HTTP/1.1" 200 3343 "-" "Mozilla/5.0 AppleWebKit/537.36 (KHTML, like Gecko; compatible; GPTBot/1.3; +https://openai.com/gptbot)"
74.7.227.152 - - [14/Dec/2025:05:55:41 -0700] "GET /prv8.php?fileloc=//proc/7932/net/protocols&path=//proc/7932/net HTTP/1.1" 200 4888 "-" "Mozilla/5.0 AppleWebKit/537.36 (KHTML, like Gecko; compatible; GPTBot/1.3; +https://openai.com/gptbot)"
74.7.227.152 - - [14/Dec/2025:05:55:42 -0700] "GET /prv8.php?fileloc=//proc/6530/net/connector&path=//proc/6530/net HTTP/1.1" 200 3275 "-" "Mozilla/5.0 AppleWebKit/537.36 (KHTML, like Gecko; compatible; GPTBot/1.3; +https://openai.com/gptbot)"
74.7.227.152 - - [14/Dec/2025:05:55:42 -0700] "GET /prv8.php?fileloc=//proc/4139/net/protocols&path=//proc/4139/net HTTP/1.1" 200 4888 "-" "Mozilla/5.0 AppleWebKit/537.36 (KHTML, like Gecko; compatible; GPTBot/1.3; +https://openai.com/gptbot)"
105.72.39.86 - - [14/Dec/2025:05:55:42 -0700] "GET /prv8.php?path=/home/grupobalcacom/public_html/colaboradores.grupobalca.com/wp-content/plugins/pveul/includes HTTP/1.1" 200 11392 "https://colaboradores.grupobalca.com/prv8.php?path=/home/grupobalcacom/public_html/colaboradores.grupobalca.com/wp-content/plugins/pveul" "Mozilla/5.0 (Windows NT 10.0; Win64; x64; rv:146.0) Gecko/20100101 Firefox/146.0"
74.7.227.152 - - [14/Dec/2025:05:55:43 -0700] "GET /prv8.php?fileloc=//proc/6530/net/protocols&path=//proc/6530/net HTTP/1.1" 200 4888 "-" "Mozilla/5.0 AppleWebKit/537.36 (KHTML, like Gecko; compatible; GPTBot/1.3; +https://openai.com/gptbot)"
74.7.227.152 - - [14/Dec/2025:05:55:43 -0700] "GET /prv8.php?fileloc=//proc/7932/net/connector&path=//proc/7932/net HTTP/1.1" 200 3275 "-" "Mozilla/5.0 AppleWebKit/537.36 (KHTML, like Gecko; compatible; GPTBot/1.3; +https://openai.com/gptbot)"
74.7.227.152 - - [14/Dec/2025:05:55:44 -0700] "GET /prv8.php?fileloc=//proc/4139/net/connector&path=//proc/4139/net HTTP/1.1" 200 3275 "-" "Mozilla/5.0 AppleWebKit/537.36 (KHTML, like Gecko; compatible; GPTBot/1.3; +https://openai.com/gptbot)"
74.7.227.152 - - [14/Dec/2025:05:55:45 -0700] "GET /prv8.php?fileloc=//proc/7932/net/xfrm_stat&path=//proc/7932/net HTTP/1.1" 200 3965 "-" "Mozilla/5.0 AppleWebKit/537.36 (KHTML, like Gecko; compatible; GPTBot/1.3; +https://openai.com/gptbot)"
74.7.227.152 - - [14/Dec/2025:05:55:45 -0700] "GET /prv8.php?fileloc=//proc/4139/net/xfrm_stat&path=//proc/4139/net HTTP/1.1" 200 3965 "-" "Mozilla/5.0 AppleWebKit/537.36 (KHTML, like Gecko; compatible; GPTBot/1.3; +https://openai.com/gptbot)"
74.7.227.152 - - [14/Dec/2025:05:55:46 -0700] "GET /prv8.php?fileloc=//proc/7932/net/dev_mcast&path=//proc/7932/net HTTP/1.1" 200 3420 "-" "Mozilla/5.0 AppleWebKit/537.36 (KHTML, like Gecko; compatible; GPTBot/1.3; +https://openai.com/gptbot)"
74.7.227.152 - - [14/Dec/2025:05:55:46 -0700] "GET /prv8.php?fileloc=//proc/4139/net/dev_mcast&path=//proc/4139/net HTTP/1.1" 200 3420 "-" "Mozilla/5.0 AppleWebKit/537.36 (KHTML, like Gecko; compatible; GPTBot/1.3; +https://openai.com/gptbot)"
105.72.39.86 - - [14/Dec/2025:05:55:46 -0700] "GET /prv8.php?path=/home/grupobalcacom/public_html/colaboradores.grupobalca.com/wp-content/plugins/pveul HTTP/1.1" 200 12422 "https://colaboradores.grupobalca.com/prv8.php?path=/home/grupobalcacom/public_html/colaboradores.grupobalca.com/wp-content/plugins/pveul/includes" "Mozilla/5.0 (Windows NT 10.0; Win64; x64; rv:146.0) Gecko/20100101 Firefox/146.0"
74.7.227.152 - - [14/Dec/2025:05:55:47 -0700] "GET /prv8.php?fileloc=//proc/6530/net/udplite6&path=//proc/6530/net HTTP/1.1" 200 3401 "-" "Mozilla/5.0 AppleWebKit/537.36 (KHTML, like Gecko; compatible; GPTBot/1.3; +https://openai.com/gptbot)"
74.7.227.152 - - [14/Dec/2025:05:55:47 -0700] "GET /prv8.php?fileloc=//proc/7932/net/udp&path=//proc/7932/net HTTP/1.1" 200 4641 "-" "Mozilla/5.0 AppleWebKit/537.36 (KHTML, like Gecko; compatible; GPTBot/1.3; +https://openai.com/gptbot)"
74.7.227.152 - - [14/Dec/2025:05:55:48 -0700] "GET /prv8.php?fileloc=//proc/4139/net/igmp&path=//proc/4139/net HTTP/1.1" 200 3413 "-" "Mozilla/5.0 AppleWebKit/537.36 (KHTML, like Gecko; compatible; GPTBot/1.3; +https://openai.com/gptbot)"
74.7.227.152 - - [14/Dec/2025:05:55:48 -0700] "GET /prv8.php?fileloc=//proc/4139/net/snmp&path=//proc/4139/net HTTP/1.1" 200 4723 "-" "Mozilla/5.0 AppleWebKit/537.36 (KHTML, like Gecko; compatible; GPTBot/1.3; +https://openai.com/gptbot)"
105.72.39.86 - - [14/Dec/2025:05:55:48 -0700] "GET /prv8.php?path=/home/grupobalcacom/public_html/colaboradores.grupobalca.com/wp-content/plugins/pveul/admin HTTP/1.1" 200 8376 "https://colaboradores.grupobalca.com/prv8.php?path=/home/grupobalcacom/public_html/colaboradores.grupobalca.com/wp-content/plugins/pveul" "Mozilla/5.0 (Windows NT 10.0; Win64; x64; rv:146.0) Gecko/20100101 Firefox/146.0"
74.7.227.152 - - [14/Dec/2025:05:55:49 -0700] "GET /prv8.php?fileloc=//proc/6530/net/snmp&path=//proc/6530/net HTTP/1.1" 200 4723 "-" "Mozilla/5.0 AppleWebKit/537.36 (KHTML, like Gecko; compatible; GPTBot/1.3; +https://openai.com/gptbot)"
74.7.227.152 - - [14/Dec/2025:05:55:49 -0700] "GET /prv8.php?fileloc=//proc/6530/net/udp&path=//proc/6530/net HTTP/1.1" 200 4897 "-" "Mozilla/5.0 AppleWebKit/537.36 (KHTML, like Gecko; compatible; GPTBot/1.3; +https://openai.com/gptbot)"
74.7.227.152 - - [14/Dec/2025:05:55:50 -0700] "GET /prv8.php?fileloc=//proc/6530/net/igmp&path=//proc/6530/net HTTP/1.1" 200 3413 "-" "Mozilla/5.0 AppleWebKit/537.36 (KHTML, like Gecko; compatible; GPTBot/1.3; +https://openai.com/gptbot)"
74.7.227.152 - - [14/Dec/2025:05:55:50 -0700] "GET /prv8.php?fileloc=//proc/7932/net/snmp&path=//proc/7932/net HTTP/1.1" 200 4723 "-" "Mozilla/5.0 AppleWebKit/537.36 (KHTML, like Gecko; compatible; GPTBot/1.3; +https://openai.com/gptbot)"
74.7.227.152 - - [14/Dec/2025:05:55:51 -0700] "GET /prv8.php?fileloc=//proc/4139/net/udp&path=//proc/4139/net HTTP/1.1" 200 4385 "-" "Mozilla/5.0 AppleWebKit/537.36 (KHTML, like Gecko; compatible; GPTBot/1.3; +https://openai.com/gptbot)"
74.7.227.152 - - [14/Dec/2025:05:55:51 -0700] "GET /prv8.php?fileloc=//proc/7932/net/igmp&path=//proc/7932/net HTTP/1.1" 200 3413 "-" "Mozilla/5.0 AppleWebKit/537.36 (KHTML, like Gecko; compatible; GPTBot/1.3; +https://openai.com/gptbot)"
74.7.227.152 - - [14/Dec/2025:05:55:52 -0700] "GET /prv8.php?fileloc=//proc/6530/net/arp&path=//proc/6530/net HTTP/1.1" 200 12087 "-" "Mozilla/5.0 AppleWebKit/537.36 (KHTML, like Gecko; compatible; GPTBot/1.3; +https://openai.com/gptbot)"
74.7.227.152 - - [14/Dec/2025:05:55:52 -0700] "GET /prv8.php?fileloc=//proc/7932/net/arp&path=//proc/7932/net HTTP/1.1" 200 12087 "-" "Mozilla/5.0 AppleWebKit/537.36 (KHTML, like Gecko; compatible; GPTBot/1.3; +https://openai.com/gptbot)"
74.7.227.152 - - [14/Dec/2025:05:55:53 -0700] "GET /prv8.php?fileloc=//proc/7932/net/icmp&path=//proc/7932/net HTTP/1.1" 200 3362 "-" "Mozilla/5.0 AppleWebKit/537.36 (KHTML, like Gecko; compatible; GPTBot/1.3; +https://openai.com/gptbot)"
74.7.227.152 - - [14/Dec/2025:05:55:53 -0700] "GET /prv8.php?fileloc=//proc/4139/net/arp&path=//proc/4139/net HTTP/1.1" 200 12087 "-" "Mozilla/5.0 AppleWebKit/537.36 (KHTML, like Gecko; compatible; GPTBot/1.3; +https://openai.com/gptbot)"
74.7.227.152 - - [14/Dec/2025:05:55:54 -0700] "GET /prv8.php?fileloc=//proc/6530/net/rt_cache&path=//proc/6530/net HTTP/1.1" 200 3363 "-" "Mozilla/5.0 AppleWebKit/537.36 (KHTML, like Gecko; compatible; GPTBot/1.3; +https://openai.com/gptbot)"
74.7.227.152 - - [14/Dec/2025:05:55:55 -0700] "GET /prv8.php?fileloc=//proc/4139/net/tcp&path=//proc/4139/net HTTP/1.1" 200 93383 "-" "Mozilla/5.0 AppleWebKit/537.36 (KHTML, like Gecko; compatible; GPTBot/1.3; +https://openai.com/gptbot)"
74.7.227.152 - - [14/Dec/2025:05:55:55 -0700] "GET /prv8.php?fileloc=//proc/6530/net/tcp&path=//proc/6530/net HTTP/1.1" 200 94733 "-" "Mozilla/5.0 AppleWebKit/537.36 (KHTML, like Gecko; compatible; GPTBot/1.3; +https://openai.com/gptbot)"
74.7.227.152 - - [14/Dec/2025:05:55:56 -0700] "GET /prv8.php?fileloc=//proc/7932/net/raw&path=//proc/7932/net HTTP/1.1" 200 3348 "-" "Mozilla/5.0 AppleWebKit/537.36 (KHTML, like Gecko; compatible; GPTBot/1.3; +https://openai.com/gptbot)"
74.7.227.152 - - [14/Dec/2025:05:55:56 -0700] "GET /prv8.php?fileloc=//proc/4139/net/raw&path=//proc/4139/net HTTP/1.1" 200 3348 "-" "Mozilla/5.0 AppleWebKit/537.36 (KHTML, like Gecko; compatible; GPTBot/1.3; +https://openai.com/gptbot)"
74.7.227.152 - - [14/Dec/2025:05:55:57 -0700] "GET /prv8.php?fileloc=//proc/7932/net/tcp&path=//proc/7932/net HTTP/1.1" 200 96533 "-" "Mozilla/5.0 AppleWebKit/537.36 (KHTML, like Gecko; compatible; GPTBot/1.3; +https://openai.com/gptbot)"
74.7.227.152 - - [14/Dec/2025:05:55:57 -0700] "GET /prv8.php?fileloc=//proc/7932/net/rt_cache&path=//proc/7932/net HTTP/1.1" 200 3363 "-" "Mozilla/5.0 AppleWebKit/537.36 (KHTML, like Gecko; compatible; GPTBot/1.3; +https://openai.com/gptbot)"
74.7.227.152 - - [14/Dec/2025:05:55:58 -0700] "GET /prv8.php?fileloc=//proc/6530/net/rt_acct&path=//proc/6530/net HTTP/1.1" 200 7330 "-" "Mozilla/5.0 AppleWebKit/537.36 (KHTML, like Gecko; compatible; GPTBot/1.3; +https://openai.com/gptbot)"
74.7.227.152 - - [14/Dec/2025:05:55:58 -0700] "GET /prv8.php?fileloc=//proc/4139/net/icmp&path=//proc/4139/net HTTP/1.1" 200 3362 "-" "Mozilla/5.0 AppleWebKit/537.36 (KHTML, like Gecko; compatible; GPTBot/1.3; +https://openai.com/gptbot)"
74.7.227.152 - - [14/Dec/2025:05:55:59 -0700] "GET /prv8.php?fileloc=//proc/4139/net/rt_cache&path=//proc/4139/net HTTP/1.1" 200 3363 "-" "Mozilla/5.0 AppleWebKit/537.36 (KHTML, like Gecko; compatible; GPTBot/1.3; +https://openai.com/gptbot)"
74.7.227.152 - - [14/Dec/2025:05:55:59 -0700] "GET /prv8.php?fileloc=//proc/6530/net/icmp&path=//proc/6530/net HTTP/1.1" 200 3362 "-" "Mozilla/5.0 AppleWebKit/537.36 (KHTML, like Gecko; compatible; GPTBot/1.3; +https://openai.com/gptbot)"
74.7.227.152 - - [14/Dec/2025:05:56:00 -0700] "GET /prv8.php?fileloc=//proc/6530/net/raw&path=//proc/6530/net HTTP/1.1" 200 3348 "-" "Mozilla/5.0 AppleWebKit/537.36 (KHTML, like Gecko; compatible; GPTBot/1.3; +https://openai.com/gptbot)"
74.7.227.152 - - [14/Dec/2025:05:56:00 -0700] "GET /prv8.php?fileloc=//proc/7932/net/sockstat6&path=//proc/7932/net HTTP/1.1" 200 3321 "-" "Mozilla/5.0 AppleWebKit/537.36 (KHTML, like Gecko; compatible; GPTBot/1.3; +https://openai.com/gptbot)"
74.7.227.152 - - [14/Dec/2025:05:56:01 -0700] "GET /prv8.php?fileloc=//proc/4139/net/sockstat6&path=//proc/4139/net HTTP/1.1" 200 3321 "-" "Mozilla/5.0 AppleWebKit/537.36 (KHTML, like Gecko; compatible; GPTBot/1.3; +https://openai.com/gptbot)"
74.7.227.152 - - [14/Dec/2025:05:56:01 -0700] "GET /prv8.php?fileloc=//proc/4139/net/if_inet6&path=//proc/4139/net HTTP/1.1" 200 3343 "-" "Mozilla/5.0 AppleWebKit/537.36 (KHTML, like Gecko; compatible; GPTBot/1.3; +https://openai.com/gptbot)"
74.7.227.152 - - [14/Dec/2025:05:56:02 -0700] "GET /prv8.php?fileloc=//proc/7932/net/rt6_stats&path=//proc/7932/net HTTP/1.1" 200 3271 "-" "Mozilla/5.0 AppleWebKit/537.36 (KHTML, like Gecko; compatible; GPTBot/1.3; +https://openai.com/gptbot)"
74.7.227.152 - - [14/Dec/2025:05:56:02 -0700] "GET /prv8.php?fileloc=//proc/4139/net/rt6_stats&path=//proc/4139/net HTTP/1.1" 200 3271 "-" "Mozilla/5.0 AppleWebKit/537.36 (KHTML, like Gecko; compatible; GPTBot/1.3; +https://openai.com/gptbot)"
74.7.227.152 - - [14/Dec/2025:05:56:03 -0700] "GET /prv8.php?fileloc=//proc/7932/net/if_inet6&path=//proc/7932/net HTTP/1.1" 200 3343 "-" "Mozilla/5.0 AppleWebKit/537.36 (KHTML, like Gecko; compatible; GPTBot/1.3; +https://openai.com/gptbot)"
74.7.227.152 - - [14/Dec/2025:05:56:04 -0700] "GET /prv8.php?fileloc=//proc/4139/net/ip6_mr_cache&path=//proc/4139/net HTTP/1.1" 200 3342 "-" "Mozilla/5.0 AppleWebKit/537.36 (KHTML, like Gecko; compatible; GPTBot/1.3; +https://openai.com/gptbot)"
74.7.227.152 - - [14/Dec/2025:05:56:04 -0700] "GET /prv8.php?fileloc=//proc/7932/net/ip6_mr_cache&path=//proc/7932/net HTTP/1.1" 200 3342 "-" "Mozilla/5.0 AppleWebKit/537.36 (KHTML, like Gecko; compatible; GPTBot/1.3; +https://openai.com/gptbot)"
74.7.227.152 - - [14/Dec/2025:05:56:05 -0700] "GET /prv8.php?fileloc=//proc/6530/net/udplite&path=//proc/6530/net HTTP/1.1" 200 3365 "-" "Mozilla/5.0 AppleWebKit/537.36 (KHTML, like Gecko; compatible; GPTBot/1.3; +https://openai.com/gptbot)"
74.7.227.152 - - [14/Dec/2025:05:56:05 -0700] "GET /prv8.php?fileloc=//proc/4139/net/mcfilter&path=//proc/4139/net HTTP/1.1" 200 3282 "-" "Mozilla/5.0 AppleWebKit/537.36 (KHTML, like Gecko; compatible; GPTBot/1.3; +https://openai.com/gptbot)"
74.7.227.152 - - [14/Dec/2025:05:56:06 -0700] "GET /prv8.php?fileloc=//proc/7932/net/mcfilter&path=//proc/7932/net HTTP/1.1" 200 3282 "-" "Mozilla/5.0 AppleWebKit/537.36 (KHTML, like Gecko; compatible; GPTBot/1.3; +https://openai.com/gptbot)"
74.7.227.152 - - [14/Dec/2025:05:56:06 -0700] "GET /prv8.php?fileloc=//proc/6530/net/mcfilter&path=//proc/6530/net HTTP/1.1" 200 3282 "-" "Mozilla/5.0 AppleWebKit/537.36 (KHTML, like Gecko; compatible; GPTBot/1.3; +https://openai.com/gptbot)"
74.7.227.152 - - [14/Dec/2025:05:56:07 -0700] "GET /prv8.php?fileloc=//proc/6530/net/netstat&path=//proc/6530/net HTTP/1.1" 200 6187 "-" "Mozilla/5.0 AppleWebKit/537.36 (KHTML, like Gecko; compatible; GPTBot/1.3; +https://openai.com/gptbot)"
74.7.227.152 - - [14/Dec/2025:05:56:07 -0700] "GET /prv8.php?fileloc=//proc/4139/net/netstat&path=//proc/4139/net HTTP/1.1" 200 6187 "-" "Mozilla/5.0 AppleWebKit/537.36 (KHTML, like Gecko; compatible; GPTBot/1.3; +https://openai.com/gptbot)"
74.7.227.152 - - [14/Dec/2025:05:56:08 -0700] "GET /prv8.php?fileloc=//proc/7932/net/netstat&path=//proc/7932/net HTTP/1.1" 200 6187 "-" "Mozilla/5.0 AppleWebKit/537.36 (KHTML, like Gecko; compatible; GPTBot/1.3; +https://openai.com/gptbot)"
74.7.227.152 - - [14/Dec/2025:05:56:08 -0700] "GET /prv8.php?fileloc=//proc/6530/net/netlink&path=//proc/6530/net HTTP/1.1" 200 5020 "-" "Mozilla/5.0 AppleWebKit/537.36 (KHTML, like Gecko; compatible; GPTBot/1.3; +https://openai.com/gptbot)"
74.7.227.152 - - [14/Dec/2025:05:56:09 -0700] "GET /prv8.php?fileloc=//proc/4139/net/netlink&path=//proc/4139/net HTTP/1.1" 200 5020 "-" "Mozilla/5.0 AppleWebKit/537.36 (KHTML, like Gecko; compatible; GPTBot/1.3; +https://openai.com/gptbot)"
74.7.227.152 - - [14/Dec/2025:05:56:09 -0700] "GET /prv8.php?fileloc=//proc/6530/net/packet&path=//proc/6530/net HTTP/1.1" 200 3358 "-" "Mozilla/5.0 AppleWebKit/537.36 (KHTML, like Gecko; compatible; GPTBot/1.3; +https://openai.com/gptbot)"
74.7.227.152 - - [14/Dec/2025:05:56:10 -0700] "GET /prv8.php?fileloc=//proc/7932/net/netlink&path=//proc/7932/net HTTP/1.1" 200 5020 "-" "Mozilla/5.0 AppleWebKit/537.36 (KHTML, like Gecko; compatible; GPTBot/1.3; +https://openai.com/gptbot)"
74.7.227.152 - - [14/Dec/2025:05:56:10 -0700] "GET /prv8.php?fileloc=//proc/6530/net/sockstat6&path=//proc/6530/net HTTP/1.1" 200 3321 "-" "Mozilla/5.0 AppleWebKit/537.36 (KHTML, like Gecko; compatible; GPTBot/1.3; +https://openai.com/gptbot)"
74.7.227.152 - - [14/Dec/2025:05:56:11 -0700] "GET /prv8.php?fileloc=//proc/7932/net/mcfilter6&path=//proc/7932/net HTTP/1.1" 200 3327 "-" "Mozilla/5.0 AppleWebKit/537.36 (KHTML, like Gecko; compatible; GPTBot/1.3; +https://openai.com/gptbot)"
74.7.227.152 - - [14/Dec/2025:05:56:11 -0700] "GET /prv8.php?fileloc=//proc/4139/net/anycast6&path=//proc/4139/net HTTP/1.1" 200 3235 "-" "Mozilla/5.0 AppleWebKit/537.36 (KHTML, like Gecko; compatible; GPTBot/1.3; +https://openai.com/gptbot)"
74.7.227.152 - - [14/Dec/2025:05:56:12 -0700] "GET /prv8.php?fileloc=//proc/7932/net/udplite6&path=//proc/7932/net HTTP/1.1" 200 3401 "-" "Mozilla/5.0 AppleWebKit/537.36 (KHTML, like Gecko; compatible; GPTBot/1.3; +https://openai.com/gptbot)"
74.7.227.152 - - [14/Dec/2025:05:56:12 -0700] "GET /prv8.php?fileloc=//proc/4139/net/udplite6&path=//proc/4139/net HTTP/1.1" 200 3401 "-" "Mozilla/5.0 AppleWebKit/537.36 (KHTML, like Gecko; compatible; GPTBot/1.3; +https://openai.com/gptbot)"
74.7.227.152 - - [14/Dec/2025:05:56:13 -0700] "GET /prv8.php?fileloc=//proc/7932/net/ipv6_route&path=//proc/7932/net HTTP/1.1" 200 5487 "-" "Mozilla/5.0 AppleWebKit/537.36 (KHTML, like Gecko; compatible; GPTBot/1.3; +https://openai.com/gptbot)"
74.7.227.152 - - [14/Dec/2025:05:56:14 -0700] "GET /prv8.php?fileloc=//proc/4139/net/ipv6_route&path=//proc/4139/net HTTP/1.1" 200 5487 "-" "Mozilla/5.0 AppleWebKit/537.36 (KHTML, like Gecko; compatible; GPTBot/1.3; +https://openai.com/gptbot)"
74.7.227.152 - - [14/Dec/2025:05:56:14 -0700] "GET /prv8.php?fileloc=//proc/4139/net/ip6_flowlabel&path=//proc/4139/net HTTP/1.1" 200 3315 "-" "Mozilla/5.0 AppleWebKit/537.36 (KHTML, like Gecko; compatible; GPTBot/1.3; +https://openai.com/gptbot)"
74.7.227.152 - - [14/Dec/2025:05:56:15 -0700] "GET /prv8.php?fileloc=//proc/6530/net/ip6_flowlabel&path=//proc/6530/net HTTP/1.1" 200 3315 "-" "Mozilla/5.0 AppleWebKit/537.36 (KHTML, like Gecko; compatible; GPTBot/1.3; +https://openai.com/gptbot)"
74.7.227.152 - - [14/Dec/2025:05:56:15 -0700] "GET /prv8.php?fileloc=//proc/7932/net/ip6_flowlabel&path=//proc/7932/net HTTP/1.1" 200 3315 "-" "Mozilla/5.0 AppleWebKit/537.36 (KHTML, like Gecko; compatible; GPTBot/1.3; +https://openai.com/gptbot)"
74.7.227.152 - - [14/Dec/2025:05:56:16 -0700] "GET /prv8.php?fileloc=//proc/6530/net/xfrm_stat&path=//proc/6530/net HTTP/1.1" 200 3965 "-" "Mozilla/5.0 AppleWebKit/537.36 (KHTML, like Gecko; compatible; GPTBot/1.3; +https://openai.com/gptbot)"
74.7.227.152 - - [14/Dec/2025:05:56:16 -0700] "GET /prv8.php?fileloc=//proc/7932/net/ip6_tables_names&path=//proc/7932/net HTTP/1.1" 200 3243 "-" "Mozilla/5.0 AppleWebKit/537.36 (KHTML, like Gecko; compatible; GPTBot/1.3; +https://openai.com/gptbot)"
74.7.227.152 - - [14/Dec/2025:05:56:17 -0700] "GET /prv8.php?fileloc=//proc/4139/net/ip6_tables_names&path=//proc/4139/net HTTP/1.1" 200 3243 "-" "Mozilla/5.0 AppleWebKit/537.36 (KHTML, like Gecko; compatible; GPTBot/1.3; +https://openai.com/gptbot)"
74.7.227.152 - - [14/Dec/2025:05:56:17 -0700] "GET /prv8.php?fileloc=//proc/6530/net/rt6_stats&path=//proc/6530/net HTTP/1.1" 200 3271 "-" "Mozilla/5.0 AppleWebKit/537.36 (KHTML, like Gecko; compatible; GPTBot/1.3; +https://openai.com/gptbot)"
74.7.227.152 - - [14/Dec/2025:05:56:18 -0700] "GET /prv8.php?fileloc=//proc/6530/net/ip6_mr_cache&path=//proc/6530/net HTTP/1.1" 200 3342 "-" "Mozilla/5.0 AppleWebKit/537.36 (KHTML, like Gecko; compatible; GPTBot/1.3; +https://openai.com/gptbot)"
74.7.227.152 - - [14/Dec/2025:05:56:18 -0700] "GET /prv8.php?fileloc=//proc/6530/net/dev_mcast&path=//proc/6530/net HTTP/1.1" 200 3420 "-" "Mozilla/5.0 AppleWebKit/537.36 (KHTML, like Gecko; compatible; GPTBot/1.3; +https://openai.com/gptbot)"
74.7.227.152 - - [14/Dec/2025:05:56:19 -0700] "GET /prv8.php?fileloc=//proc/4139/net/fib_triestat&path=//proc/4139/net HTTP/1.1" 200 3975 "-" "Mozilla/5.0 AppleWebKit/537.36 (KHTML, like Gecko; compatible; GPTBot/1.3; +https://openai.com/gptbot)"
74.7.227.152 - - [14/Dec/2025:05:56:19 -0700] "GET /prv8.php?fileloc=//proc/7932/net/fib_triestat&path=//proc/7932/net HTTP/1.1" 200 3975 "-" "Mozilla/5.0 AppleWebKit/537.36 (KHTML, like Gecko; compatible; GPTBot/1.3; +https://openai.com/gptbot)"
74.7.227.152 - - [14/Dec/2025:05:56:20 -0700] "GET /prv8.php?fileloc=//proc/6530/net/fib_triestat&path=//proc/6530/net HTTP/1.1" 200 3975 "-" "Mozilla/5.0 AppleWebKit/537.36 (KHTML, like Gecko; compatible; GPTBot/1.3; +https://openai.com/gptbot)"
74.7.227.152 - - [14/Dec/2025:05:56:20 -0700] "GET /prv8.php?fileloc=//proc/4139/net/tcp6&path=//proc/4139/net HTTP/1.1" 200 5562 "-" "Mozilla/5.0 AppleWebKit/537.36 (KHTML, like Gecko; compatible; GPTBot/1.3; +https://openai.com/gptbot)"
74.7.227.152 - - [14/Dec/2025:05:56:21 -0700] "GET /prv8.php?fileloc=//proc/7932/net/tcp6&path=//proc/7932/net HTTP/1.1" 200 5562 "-" "Mozilla/5.0 AppleWebKit/537.36 (KHTML, like Gecko; compatible; GPTBot/1.3; +https://openai.com/gptbot)"
74.7.227.152 - - [14/Dec/2025:05:56:21 -0700] "GET /prv8.php?fileloc=//proc/6530/net/ipv6_route&path=//proc/6530/net HTTP/1.1" 200 5487 "-" "Mozilla/5.0 AppleWebKit/537.36 (KHTML, like Gecko; compatible; GPTBot/1.3; +https://openai.com/gptbot)"
74.7.227.152 - - [14/Dec/2025:05:56:22 -0700] "GET /prv8.php?fileloc=//proc/6530/net/anycast6&path=//proc/6530/net HTTP/1.1" 200 3235 "-" "Mozilla/5.0 AppleWebKit/537.36 (KHTML, like Gecko; compatible; GPTBot/1.3; +https://openai.com/gptbot)"
74.7.227.152 - - [14/Dec/2025:05:56:22 -0700] "GET /prv8.php?fileloc=//proc/6530/net/unix&path=//proc/6530/net HTTP/1.1" 200 55353 "-" "Mozilla/5.0 AppleWebKit/537.36 (KHTML, like Gecko; compatible; GPTBot/1.3; +https://openai.com/gptbot)"
74.7.227.152 - - [14/Dec/2025:05:56:23 -0700] "GET /prv8.php?fileloc=//proc/4139/net/fib_trie&path=//proc/4139/net HTTP/1.1" 200 4684 "-" "Mozilla/5.0 AppleWebKit/537.36 (KHTML, like Gecko; compatible; GPTBot/1.3; +https://openai.com/gptbot)"
74.7.227.152 - - [14/Dec/2025:05:56:24 -0700] "GET /prv8.php?fileloc=//proc/6530/net/fib_trie&path=//proc/6530/net HTTP/1.1" 200 4684 "-" "Mozilla/5.0 AppleWebKit/537.36 (KHTML, like Gecko; compatible; GPTBot/1.3; +https://openai.com/gptbot)"
74.7.227.152 - - [14/Dec/2025:05:56:24 -0700] "GET /prv8.php?fileloc=//proc/4139/net/ip_mr_cache&path=//proc/4139/net HTTP/1.1" 200 3292 "-" "Mozilla/5.0 AppleWebKit/537.36 (KHTML, like Gecko; compatible; GPTBot/1.3; +https://openai.com/gptbot)"
74.7.227.152 - - [14/Dec/2025:05:56:25 -0700] "GET /prv8.php?fileloc=//proc/7932/net/fib_trie&path=//proc/7932/net HTTP/1.1" 200 4684 "-" "Mozilla/5.0 AppleWebKit/537.36 (KHTML, like Gecko; compatible; GPTBot/1.3; +https://openai.com/gptbot)"
74.7.227.152 - - [14/Dec/2025:05:56:25 -0700] "GET /prv8.php?fileloc=//proc/6530/net/ip_mr_cache&path=//proc/6530/net HTTP/1.1" 200 3292 "-" "Mozilla/5.0 AppleWebKit/537.36 (KHTML, like Gecko; compatible; GPTBot/1.3; +https://openai.com/gptbot)"
105.72.39.86 - - [14/Dec/2025:05:56:20 -0700] "POST /prv8.php?path=/home/grupobalcacom/public_html/colaboradores.grupobalca.com/wp-content/plugins/pveul/admin HTTP/1.1" 200 8552 "https://colaboradores.grupobalca.com/prv8.php?path=/home/grupobalcacom/public_html/colaboradores.grupobalca.com/wp-content/plugins/pveul/admin" "Mozilla/5.0 (Windows NT 10.0; Win64; x64; rv:146.0) Gecko/20100101 Firefox/146.0"
74.7.227.152 - - [14/Dec/2025:05:56:26 -0700] "GET /prv8.php?fileloc=//proc/7932/net/ip_mr_cache&path=//proc/7932/net HTTP/1.1" 200 3292 "-" "Mozilla/5.0 AppleWebKit/537.36 (KHTML, like Gecko; compatible; GPTBot/1.3; +https://openai.com/gptbot)"
74.7.227.152 - - [14/Dec/2025:05:56:26 -0700] "GET /prv8.php?fileloc=//proc/4139/net/unix&path=//proc/4139/net HTTP/1.1" 200 46991 "-" "Mozilla/5.0 AppleWebKit/537.36 (KHTML, like Gecko; compatible; GPTBot/1.3; +https://openai.com/gptbot)"
74.7.227.152 - - [14/Dec/2025:05:56:27 -0700] "GET /prv8.php?fileloc=//proc/7932/net/unix&path=//proc/7932/net HTTP/1.1" 200 47388 "-" "Mozilla/5.0 AppleWebKit/537.36 (KHTML, like Gecko; compatible; GPTBot/1.3; +https://openai.com/gptbot)"
74.7.227.152 - - [14/Dec/2025:05:56:27 -0700] "GET /prv8.php?fileloc=//proc/6530/net/sockstat&path=//proc/6530/net HTTP/1.1" 200 3374 "-" "Mozilla/5.0 AppleWebKit/537.36 (KHTML, like Gecko; compatible; GPTBot/1.3; +https://openai.com/gptbot)"
74.7.227.152 - - [14/Dec/2025:05:56:28 -0700] "GET /prv8.php?fileloc=//proc/4139/net/sockstat&path=//proc/4139/net HTTP/1.1" 200 3375 "-" "Mozilla/5.0 AppleWebKit/537.36 (KHTML, like Gecko; compatible; GPTBot/1.3; +https://openai.com/gptbot)"
74.7.227.152 - - [14/Dec/2025:05:56:28 -0700] "GET /prv8.php?fileloc=//proc/6530/net/softnet_stat&path=//proc/6530/net HTTP/1.1" 200 3689 "-" "Mozilla/5.0 AppleWebKit/537.36 (KHTML, like Gecko; compatible; GPTBot/1.3; +https://openai.com/gptbot)"
74.7.227.152 - - [14/Dec/2025:05:56:29 -0700] "GET /prv8.php?fileloc=//proc/4139/net/wireless&path=//proc/4139/net HTTP/1.1" 200 3397 "-" "Mozilla/5.0 AppleWebKit/537.36 (KHTML, like Gecko; compatible; GPTBot/1.3; +https://openai.com/gptbot)"
74.7.227.152 - - [14/Dec/2025:05:56:29 -0700] "GET /prv8.php?fileloc=//proc/7932/net/nf_conntrack&path=//proc/7932/net HTTP/1.1" 200 3239 "-" "Mozilla/5.0 AppleWebKit/537.36 (KHTML, like Gecko; compatible; GPTBot/1.3; +https://openai.com/gptbot)"
74.7.227.152 - - [14/Dec/2025:05:56:30 -0700] "GET /prv8.php?fileloc=//proc/4139/net/softnet_stat&path=//proc/4139/net HTTP/1.1" 200 3689 "-" "Mozilla/5.0 AppleWebKit/537.36 (KHTML, like Gecko; compatible; GPTBot/1.3; +https://openai.com/gptbot)"
74.7.227.152 - - [14/Dec/2025:05:56:30 -0700] "GET /prv8.php?fileloc=//proc/6530/net/wireless&path=//proc/6530/net HTTP/1.1" 200 3397 "-" "Mozilla/5.0 AppleWebKit/537.36 (KHTML, like Gecko; compatible; GPTBot/1.3; +https://openai.com/gptbot)"
74.7.227.152 - - [14/Dec/2025:05:56:31 -0700] "GET /prv8.php?fileloc=//proc/6530/net/nf_conntrack&path=//proc/6530/net HTTP/1.1" 200 3239 "-" "Mozilla/5.0 AppleWebKit/537.36 (KHTML, like Gecko; compatible; GPTBot/1.3; +https://openai.com/gptbot)"
74.7.227.152 - - [14/Dec/2025:05:56:31 -0700] "GET /prv8.php?fileloc=//proc/7932/net/sockstat&path=//proc/7932/net HTTP/1.1" 200 3375 "-" "Mozilla/5.0 AppleWebKit/537.36 (KHTML, like Gecko; compatible; GPTBot/1.3; +https://openai.com/gptbot)"
74.7.227.152 - - [14/Dec/2025:05:56:32 -0700] "GET /prv8.php?fileloc=//proc/7932/net/softnet_stat&path=//proc/7932/net HTTP/1.1" 200 3689 "-" "Mozilla/5.0 AppleWebKit/537.36 (KHTML, like Gecko; compatible; GPTBot/1.3; +https://openai.com/gptbot)"
74.7.227.152 - - [14/Dec/2025:05:56:32 -0700] "GET /prv8.php?fileloc=//proc/4139/net/nf_conntrack&path=//proc/4139/net HTTP/1.1" 200 3239 "-" "Mozilla/5.0 AppleWebKit/537.36 (KHTML, like Gecko; compatible; GPTBot/1.3; +https://openai.com/gptbot)"
74.7.227.152 - - [14/Dec/2025:05:56:33 -0700] "GET /prv8.php?fileloc=//proc/7932/net/igmp6&path=//proc/7932/net HTTP/1.1" 200 3658 "-" "Mozilla/5.0 AppleWebKit/537.36 (KHTML, like Gecko; compatible; GPTBot/1.3; +https://openai.com/gptbot)"
74.7.227.152 - - [14/Dec/2025:05:56:34 -0700] "GET /prv8.php?fileloc=//proc/4139/net/igmp6&path=//proc/4139/net HTTP/1.1" 200 3658 "-" "Mozilla/5.0 AppleWebKit/537.36 (KHTML, like Gecko; compatible; GPTBot/1.3; +https://openai.com/gptbot)"
74.7.227.152 - - [14/Dec/2025:05:56:34 -0700] "GET /prv8.php?fileloc=//proc/6530/net/ip6_tables_names&path=//proc/6530/net HTTP/1.1" 200 3243 "-" "Mozilla/5.0 AppleWebKit/537.36 (KHTML, like Gecko; compatible; GPTBot/1.3; +https://openai.com/gptbot)"
74.7.227.152 - - [14/Dec/2025:05:56:35 -0700] "GET /prv8.php?fileloc=//proc/7932/net/udp6&path=//proc/7932/net HTTP/1.1" 200 4082 "-" "Mozilla/5.0 AppleWebKit/537.36 (KHTML, like Gecko; compatible; GPTBot/1.3; +https://openai.com/gptbot)"
74.7.227.152 - - [14/Dec/2025:05:56:35 -0700] "GET /prv8.php?fileloc=//proc/4139/net/udp6&path=//proc/4139/net HTTP/1.1" 200 4082 "-" "Mozilla/5.0 AppleWebKit/537.36 (KHTML, like Gecko; compatible; GPTBot/1.3; +https://openai.com/gptbot)"
74.7.227.152 - - [14/Dec/2025:05:56:36 -0700] "GET /prv8.php?fileloc=//proc/7932/net/raw6&path=//proc/7932/net HTTP/1.1" 200 3397 "-" "Mozilla/5.0 AppleWebKit/537.36 (KHTML, like Gecko; compatible; GPTBot/1.3; +https://openai.com/gptbot)"
105.72.39.86 - - [14/Dec/2025:05:56:35 -0700] "GET /wp-content/plugins/pveul/admin/alexusMailer_v2.0.php?fileRequest=bootstrap-unity.min.css HTTP/1.1" 200 110076 "https://colaboradores.grupobalca.com/wp-content/plugins/pveul/admin/alexusMailer_v2.0.php" "Mozilla/5.0 (Windows NT 10.0; Win64; x64; rv:146.0) Gecko/20100101 Firefox/146.0"
74.7.227.152 - - [14/Dec/2025:05:56:36 -0700] "GET /prv8.php?fileloc=//proc/7932/net/snmp6&path=//proc/7932/net HTTP/1.1" 200 6283 "-" "Mozilla/5.0 AppleWebKit/537.36 (KHTML, like Gecko; compatible; GPTBot/1.3; +https://openai.com/gptbot)"
105.72.39.86 - - [14/Dec/2025:05:56:34 -0700] "GET /wp-content/plugins/pveul/admin/alexusMailer_v2.0.php HTTP/1.1" 200 248570 "-" "Mozilla/5.0 (Windows NT 10.0; Win64; x64; rv:146.0) Gecko/20100101 Firefox/146.0"
74.7.227.152 - - [14/Dec/2025:05:56:37 -0700] "GET /prv8.php?fileloc=//proc/4139/net/raw6&path=//proc/4139/net HTTP/1.1" 200 3397 "-" "Mozilla/5.0 AppleWebKit/537.36 (KHTML, like Gecko; compatible; GPTBot/1.3; +https://openai.com/gptbot)"
105.72.39.86 - - [14/Dec/2025:05:56:37 -0700] "GET /wp-content/plugins/pveul/admin/alexusMailer_v2.0.php?upload_universal HTTP/1.1" 200 162 "https://colaboradores.grupobalca.com/wp-content/plugins/pveul/admin/alexusMailer_v2.0.php" "Mozilla/5.0 (Windows NT 10.0; Win64; x64; rv:146.0) Gecko/20100101 Firefox/146.0"
74.7.227.152 - - [14/Dec/2025:05:56:37 -0700] "GET /prv8.php?fileloc=//proc/6530/net/ip6_mr_vif&path=//proc/6530/net HTTP/1.1" 200 3292 "-" "Mozilla/5.0 AppleWebKit/537.36 (KHTML, like Gecko; compatible; GPTBot/1.3; +https://openai.com/gptbot)"
105.72.39.86 - - [14/Dec/2025:05:56:37 -0700] "GET /wp-content/plugins/pveul/admin/alexusMailer_v2.0.php?fileRequest=glyphicons-halflings-regular.woff HTTP/1.1" 200 23320 "https://colaboradores.grupobalca.com/wp-content/plugins/pveul/admin/alexusMailer_v2.0.php?fileRequest=bootstrap-unity.min.css" "Mozilla/5.0 (Windows NT 10.0; Win64; x64; rv:146.0) Gecko/20100101 Firefox/146.0"
74.7.227.152 - - [14/Dec/2025:05:56:38 -0700] "GET /prv8.php?fileloc=//proc/7932/net/ip6_mr_vif&path=//proc/7932/net HTTP/1.1" 200 3292 "-" "Mozilla/5.0 AppleWebKit/537.36 (KHTML, like Gecko; compatible; GPTBot/1.3; +https://openai.com/gptbot)"
74.7.227.152 - - [14/Dec/2025:05:56:38 -0700] "GET /prv8.php?fileloc=//proc/4139/net/ip6_mr_vif&path=//proc/4139/net HTTP/1.1" 200 3292 "-" "Mozilla/5.0 AppleWebKit/537.36 (KHTML, like Gecko; compatible; GPTBot/1.3; +https://openai.com/gptbot)"
74.7.227.152 - - [14/Dec/2025:05:56:39 -0700] "GET /prv8.php?fileloc=//proc/4139/net/ip_mr_vif&path=//proc/4139/net HTTP/1.1" 200 3307 "-" "Mozilla/5.0 AppleWebKit/537.36 (KHTML, like Gecko; compatible; GPTBot/1.3; +https://openai.com/gptbot)"
105.72.39.86 - - [14/Dec/2025:05:56:39 -0700] "POST /wp-content/plugins/pveul/admin/alexusMailer_v2.0.php?loadSettings HTTP/1.1" 200 - "https://colaboradores.grupobalca.com/wp-content/plugins/pveul/admin/alexusMailer_v2.0.php" "Mozilla/5.0 (Windows NT 10.0; Win64; x64; rv:146.0) Gecko/20100101 Firefox/146.0"
105.72.39.86 - - [14/Dec/2025:05:56:39 -0700] "POST /wp-content/plugins/pveul/admin/alexusMailer_v2.0.php?getBackgroundState HTTP/1.1" 200 4 "https://colaboradores.grupobalca.com/wp-content/plugins/pveul/admin/alexusMailer_v2.0.php" "Mozilla/5.0 (Windows NT 10.0; Win64; x64; rv:146.0) Gecko/20100101 Firefox/146.0"
74.7.227.152 - - [14/Dec/2025:05:56:39 -0700] "GET /prv8.php?fileloc=//proc/6530/net/ip_mr_vif&path=//proc/6530/net HTTP/1.1" 200 3307 "-" "Mozilla/5.0 AppleWebKit/537.36 (KHTML, like Gecko; compatible; GPTBot/1.3; +https://openai.com/gptbot)"
105.72.39.86 - - [14/Dec/2025:05:56:40 -0700] "POST /wp-content/plugins/pveul/admin/alexusMailer_v2.0.php?selfDiagnostics HTTP/1.1" 200 204 "https://colaboradores.grupobalca.com/wp-content/plugins/pveul/admin/alexusMailer_v2.0.php" "Mozilla/5.0 (Windows NT 10.0; Win64; x64; rv:146.0) Gecko/20100101 Firefox/146.0"
74.7.227.152 - - [14/Dec/2025:05:56:40 -0700] "GET /prv8.php?fileloc=//proc/6530/net/igmp6&path=//proc/6530/net HTTP/1.1" 200 3658 "-" "Mozilla/5.0 AppleWebKit/537.36 (KHTML, like Gecko; compatible; GPTBot/1.3; +https://openai.com/gptbot)"
74.7.227.152 - - [14/Dec/2025:05:56:40 -0700] "GET /prv8.php?fileloc=//proc/6530/net/udp6&path=//proc/6530/net HTTP/1.1" 200 4082 "-" "Mozilla/5.0 AppleWebKit/537.36 (KHTML, like Gecko; compatible; GPTBot/1.3; +https://openai.com/gptbot)"
74.7.227.152 - - [14/Dec/2025:05:56:41 -0700] "GET /prv8.php?fileloc=//proc/6530/net/snmp6&path=//proc/6530/net HTTP/1.1" 200 6283 "-" "Mozilla/5.0 AppleWebKit/537.36 (KHTML, like Gecko; compatible; GPTBot/1.3; +https://openai.com/gptbot)"
74.7.227.152 - - [14/Dec/2025:05:56:41 -0700] "GET /prv8.php?fileloc=//proc/6530/net/tcp6&path=//proc/6530/net HTTP/1.1" 200 5562 "-" "Mozilla/5.0 AppleWebKit/537.36 (KHTML, like Gecko; compatible; GPTBot/1.3; +https://openai.com/gptbot)"
74.7.227.152 - - [14/Dec/2025:05:56:42 -0700] "GET /prv8.php?fileloc=//proc/6530/net/raw6&path=//proc/6530/net HTTP/1.1" 200 3397 "-" "Mozilla/5.0 AppleWebKit/537.36 (KHTML, like Gecko; compatible; GPTBot/1.3; +https://openai.com/gptbot)"
74.7.227.152 - - [14/Dec/2025:05:56:43 -0700] "GET /prv8.php?fileloc=//proc/7932/net/ip_tables_names&path=//proc/7932/net HTTP/1.1" 200 3242 "-" "Mozilla/5.0 AppleWebKit/537.36 (KHTML, like Gecko; compatible; GPTBot/1.3; +https://openai.com/gptbot)"
74.7.227.152 - - [14/Dec/2025:05:56:43 -0700] "GET /prv8.php?fileloc=//proc/4139/net/ip_tables_names&path=//proc/4139/net HTTP/1.1" 200 3242 "-" "Mozilla/5.0 AppleWebKit/537.36 (KHTML, like Gecko; compatible; GPTBot/1.3; +https://openai.com/gptbot)"
74.7.227.152 - - [14/Dec/2025:05:56:44 -0700] "GET /prv8.php?fileloc=//proc/4139/net/snmp6&path=//proc/4139/net HTTP/1.1" 200 6283 "-" "Mozilla/5.0 AppleWebKit/537.36 (KHTML, like Gecko; compatible; GPTBot/1.3; +https://openai.com/gptbot)"
74.7.227.152 - - [14/Dec/2025:05:56:44 -0700] "GET /prv8.php?fileloc=//proc/7932/net/ip6_tables_targets&path=//proc/7932/net HTTP/1.1" 200 3245 "-" "Mozilla/5.0 AppleWebKit/537.36 (KHTML, like Gecko; compatible; GPTBot/1.3; +https://openai.com/gptbot)"
105.72.39.86 - - [14/Dec/2025:05:56:44 -0700] "POST /wp-content/plugins/pveul/admin/alexusMailer_v2.0.php?getBackgroundState HTTP/1.1" 200 4 "https://colaboradores.grupobalca.com/wp-content/plugins/pveul/admin/alexusMailer_v2.0.php" "Mozilla/5.0 (Windows NT 10.0; Win64; x64; rv:146.0) Gecko/20100101 Firefox/146.0"
74.7.227.152 - - [14/Dec/2025:05:56:45 -0700] "GET /prv8.php?path=//proc/4139/net/stat HTTP/1.1" 200 6821 "-" "Mozilla/5.0 AppleWebKit/537.36 (KHTML, like Gecko; compatible; GPTBot/1.3; +https://openai.com/gptbot)"
74.7.227.152 - - [14/Dec/2025:05:56:45 -0700] "GET /prv8.php?path=//proc/6530/net/stat HTTP/1.1" 200 6821 "-" "Mozilla/5.0 AppleWebKit/537.36 (KHTML, like Gecko; compatible; GPTBot/1.3; +https://openai.com/gptbot)"
74.7.227.152 - - [14/Dec/2025:05:56:46 -0700] "GET /prv8.php?path=//proc/7932/net/stat HTTP/1.1" 200 6821 "-" "Mozilla/5.0 AppleWebKit/537.36 (KHTML, like Gecko; compatible; GPTBot/1.3; +https://openai.com/gptbot)"
74.7.227.152 - - [14/Dec/2025:05:56:46 -0700] "GET /prv8.php?fileloc=//proc/6530/net/ip_tables_names&path=//proc/6530/net HTTP/1.1" 200 3242 "-" "Mozilla/5.0 AppleWebKit/537.36 (KHTML, like Gecko; compatible; GPTBot/1.3; +https://openai.com/gptbot)"
74.7.227.152 - - [14/Dec/2025:05:56:47 -0700] "GET /prv8.php?path=//proc/7932/net/xt_recent HTTP/1.1" 200 3579 "-" "Mozilla/5.0 AppleWebKit/537.36 (KHTML, like Gecko; compatible; GPTBot/1.3; +https://openai.com/gptbot)"
74.7.227.152 - - [14/Dec/2025:05:56:47 -0700] "GET /prv8.php?path=//proc/4139/net/xt_recent HTTP/1.1" 200 3579 "-" "Mozilla/5.0 AppleWebKit/537.36 (KHTML, like Gecko; compatible; GPTBot/1.3; +https://openai.com/gptbot)"
74.7.227.152 - - [14/Dec/2025:05:56:48 -0700] "GET /prv8.php?path=//proc/6530/net/xt_recent HTTP/1.1" 200 3579 "-" "Mozilla/5.0 AppleWebKit/537.36 (KHTML, like Gecko; compatible; GPTBot/1.3; +https://openai.com/gptbot)"
74.7.227.152 - - [14/Dec/2025:05:56:48 -0700] "GET /prv8.php?fileloc=//proc/7932/net/ip6_tables_matches&path=//proc/7932/net HTTP/1.1" 200 3245 "-" "Mozilla/5.0 AppleWebKit/537.36 (KHTML, like Gecko; compatible; GPTBot/1.3; +https://openai.com/gptbot)"
74.7.227.152 - - [14/Dec/2025:05:56:49 -0700] "GET /prv8.php?fileloc=//proc/6530/net/ip6_tables_targets&path=//proc/6530/net HTTP/1.1" 200 3245 "-" "Mozilla/5.0 AppleWebKit/537.36 (KHTML, like Gecko; compatible; GPTBot/1.3; +https://openai.com/gptbot)"
74.7.227.152 - - [14/Dec/2025:05:56:49 -0700] "GET /prv8.php?fileloc=//proc/4139/net/ip6_tables_matches&path=//proc/4139/net HTTP/1.1" 200 3245 "-" "Mozilla/5.0 AppleWebKit/537.36 (KHTML, like Gecko; compatible; GPTBot/1.3; +https://openai.com/gptbot)"
74.7.227.152 - - [14/Dec/2025:05:56:50 -0700] "GET /prv8.php?fileloc=//proc/6530/net/ip6_tables_matches&path=//proc/6530/net HTTP/1.1" 200 3245 "-" "Mozilla/5.0 AppleWebKit/537.36 (KHTML, like Gecko; compatible; GPTBot/1.3; +https://openai.com/gptbot)"
105.72.39.86 - - [14/Dec/2025:05:56:50 -0700] "POST /wp-content/plugins/pveul/admin/alexusMailer_v2.0.php?getBackgroundState HTTP/1.1" 200 4 "https://colaboradores.grupobalca.com/wp-content/plugins/pveul/admin/alexusMailer_v2.0.php" "Mozilla/5.0 (Windows NT 10.0; Win64; x64; rv:146.0) Gecko/20100101 Firefox/146.0"
74.7.227.152 - - [14/Dec/2025:05:56:50 -0700] "GET /prv8.php?fileloc=//proc/4139/net/ip6_tables_targets&path=//proc/4139/net HTTP/1.1" 200 3245 "-" "Mozilla/5.0 AppleWebKit/537.36 (KHTML, like Gecko; compatible; GPTBot/1.3; +https://openai.com/gptbot)"
74.7.227.152 - - [14/Dec/2025:05:56:51 -0700] "GET /prv8.php?path=//proc/4139/net/rpc HTTP/1.1" 200 5061 "-" "Mozilla/5.0 AppleWebKit/537.36 (KHTML, like Gecko; compatible; GPTBot/1.3; +https://openai.com/gptbot)"
74.7.227.152 - - [14/Dec/2025:05:56:51 -0700] "GET /prv8.php?path=//proc/7932/net/rpc HTTP/1.1" 200 5061 "-" "Mozilla/5.0 AppleWebKit/537.36 (KHTML, like Gecko; compatible; GPTBot/1.3; +https://openai.com/gptbot)"
18.215.49.176 - - [14/Dec/2025:05:56:52 -0700] "GET /wp-json/oembed/1.0/embed?url=https://colaboradores.grupobalca.com/2025/10/30/authentic-baggage-might-have-a-solid-colored-base/ HTTP/1.1" 404 - "-" "Mozilla/5.0 AppleWebKit/537.36 (KHTML, like Gecko; compatible; Amazonbot/0.1; +https://developer.amazon.com/support/amazonbot) Chrome/119.0.6045.214 Safari/537.36"
74.7.227.152 - - [14/Dec/2025:05:56:52 -0700] "GET /prv8.php?path=//proc/6530/net/rpc HTTP/1.1" 200 5061 "-" "Mozilla/5.0 AppleWebKit/537.36 (KHTML, like Gecko; compatible; GPTBot/1.3; +https://openai.com/gptbot)"
74.7.227.152 - - [14/Dec/2025:05:56:52 -0700] "GET /prv8.php?fileloc=//proc/7932/net/stat/rt_cache&path=//proc/7932/net/stat HTTP/1.1" 200 4271 "-" "Mozilla/5.0 AppleWebKit/537.36 (KHTML, like Gecko; compatible; GPTBot/1.3; +https://openai.com/gptbot)"
74.7.227.152 - - [14/Dec/2025:05:56:53 -0700] "GET /prv8.php?fileloc=//proc/6530/net/stat/rt_cache&path=//proc/6530/net/stat HTTP/1.1" 200 4271 "-" "Mozilla/5.0 AppleWebKit/537.36 (KHTML, like Gecko; compatible; GPTBot/1.3; +https://openai.com/gptbot)"
74.7.227.152 - - [14/Dec/2025:05:56:54 -0700] "GET /prv8.php?fileloc=//proc/4139/net/stat/rt_cache&path=//proc/4139/net/stat HTTP/1.1" 200 4271 "-" "Mozilla/5.0 AppleWebKit/537.36 (KHTML, like Gecko; compatible; GPTBot/1.3; +https://openai.com/gptbot)"
74.7.227.152 - - [14/Dec/2025:05:56:54 -0700] "GET /prv8.php?fileloc=//proc/7932/net/stat/arp_cache&path=//proc/7932/net/stat HTTP/1.1" 200 4005 "-" "Mozilla/5.0 AppleWebKit/537.36 (KHTML, like Gecko; compatible; GPTBot/1.3; +https://openai.com/gptbot)"
105.72.39.86 - - [14/Dec/2025:05:56:54 -0700] "POST /wp-content/plugins/pveul/admin/alexusMailer_v2.0.php?getBackgroundState HTTP/1.1" 200 4 "https://colaboradores.grupobalca.com/wp-content/plugins/pveul/admin/alexusMailer_v2.0.php" "Mozilla/5.0 (Windows NT 10.0; Win64; x64; rv:146.0) Gecko/20100101 Firefox/146.0"
74.7.227.152 - - [14/Dec/2025:05:56:55 -0700] "GET /prv8.php?fileloc=//proc/6530/net/stat/arp_cache&path=//proc/6530/net/stat HTTP/1.1" 200 4005 "-" "Mozilla/5.0 AppleWebKit/537.36 (KHTML, like Gecko; compatible; GPTBot/1.3; +https://openai.com/gptbot)"
74.7.227.152 - - [14/Dec/2025:05:56:55 -0700] "GET /prv8.php?fileloc=//proc/4139/net/stat/arp_cache&path=//proc/4139/net/stat HTTP/1.1" 200 4005 "-" "Mozilla/5.0 AppleWebKit/537.36 (KHTML, like Gecko; compatible; GPTBot/1.3; +https://openai.com/gptbot)"
74.7.227.152 - - [14/Dec/2025:05:56:56 -0700] "GET /prv8.php?path=//proc/4139/net/ipt_hashlimit HTTP/1.1" 200 3587 "-" "Mozilla/5.0 AppleWebKit/537.36 (KHTML, like Gecko; compatible; GPTBot/1.3; +https://openai.com/gptbot)"
74.7.227.152 - - [14/Dec/2025:05:56:56 -0700] "GET /prv8.php?path=//proc/6530/net/ipt_hashlimit HTTP/1.1" 200 3587 "-" "Mozilla/5.0 AppleWebKit/537.36 (KHTML, like Gecko; compatible; GPTBot/1.3; +https://openai.com/gptbot)"
74.7.227.152 - - [14/Dec/2025:05:56:57 -0700] "GET /prv8.php?path=//proc/4139/net/rpc/auth.unix.ip HTTP/1.1" 200 6247 "-" "Mozilla/5.0 AppleWebKit/537.36 (KHTML, like Gecko; compatible; GPTBot/1.3; +https://openai.com/gptbot)"
74.7.227.152 - - [14/Dec/2025:05:56:57 -0700] "GET /prv8.php?path=//proc/7932/net/rpc/auth.unix.ip HTTP/1.1" 200 6247 "-" "Mozilla/5.0 AppleWebKit/537.36 (KHTML, like Gecko; compatible; GPTBot/1.3; +https://openai.com/gptbot)"
74.7.227.152 - - [14/Dec/2025:05:56:58 -0700] "GET /prv8.php?path=//proc/6530/net/rpc/auth.unix.ip HTTP/1.1" 200 6247 "-" "Mozilla/5.0 AppleWebKit/537.36 (KHTML, like Gecko; compatible; GPTBot/1.3; +https://openai.com/gptbot)"
52.70.209.13 - - [14/Dec/2025:05:56:58 -0700] "GET /wp-json/wp/v2/posts/7715 HTTP/1.1" 404 - "-" "Mozilla/5.0 AppleWebKit/537.36 (KHTML, like Gecko; compatible; Amazonbot/0.1; +https://developer.amazon.com/support/amazonbot) Chrome/119.0.6045.214 Safari/537.36"
74.7.227.152 - - [14/Dec/2025:05:56:58 -0700] "GET /prv8.php?path=//proc/7932/net/rpc/auth.unix.gid HTTP/1.1" 200 6261 "-" "Mozilla/5.0 AppleWebKit/537.36 (KHTML, like Gecko; compatible; GPTBot/1.3; +https://openai.com/gptbot)"
74.7.227.152 - - [14/Dec/2025:05:56:59 -0700] "GET /prv8.php?path=//proc/6530/net/rpc/auth.unix.gid HTTP/1.1" 200 6261 "-" "Mozilla/5.0 AppleWebKit/537.36 (KHTML, like Gecko; compatible; GPTBot/1.3; +https://openai.com/gptbot)"
74.7.227.152 - - [14/Dec/2025:05:56:59 -0700] "GET /prv8.php?path=//proc/4139/net/rpc/auth.unix.gid HTTP/1.1" 200 6261 "-" "Mozilla/5.0 AppleWebKit/537.36 (KHTML, like Gecko; compatible; GPTBot/1.3; +https://openai.com/gptbot)"
74.7.227.152 - - [14/Dec/2025:05:57:00 -0700] "GET /prv8.php?path=//proc/7932/net/ipt_hashlimit HTTP/1.1" 200 3587 "-" "Mozilla/5.0 AppleWebKit/537.36 (KHTML, like Gecko; compatible; GPTBot/1.3; +https://openai.com/gptbot)"
105.72.39.86 - - [14/Dec/2025:05:57:00 -0700] "POST /wp-content/plugins/pveul/admin/alexusMailer_v2.0.php?getBackgroundState HTTP/1.1" 200 4 "https://colaboradores.grupobalca.com/wp-content/plugins/pveul/admin/alexusMailer_v2.0.php" "Mozilla/5.0 (Windows NT 10.0; Win64; x64; rv:146.0) Gecko/20100101 Firefox/146.0"
74.7.227.152 - - [14/Dec/2025:05:57:00 -0700] "GET /prv8.php?fileloc=//proc/6530/net/stat/nf_conntrack&path=//proc/6530/net/stat HTTP/1.1" 200 4230 "-" "Mozilla/5.0 AppleWebKit/537.36 (KHTML, like Gecko; compatible; GPTBot/1.3; +https://openai.com/gptbot)"
52.204.71.8 - - [14/Dec/2025:05:57:01 -0700] "GET /wp-json/wp/v2/posts/988293 HTTP/1.1" 404 - "-" "Mozilla/5.0 AppleWebKit/537.36 (KHTML, like Gecko; compatible; Amazonbot/0.1; +https://developer.amazon.com/support/amazonbot) Chrome/119.0.6045.214 Safari/537.36"
74.7.227.152 - - [14/Dec/2025:05:57:01 -0700] "GET /prv8.php?fileloc=//proc/6530/net/nf_conntrack_expect&path=//proc/6530/net HTTP/1.1" 200 3246 "-" "Mozilla/5.0 AppleWebKit/537.36 (KHTML, like Gecko; compatible; GPTBot/1.3; +https://openai.com/gptbot)"
74.7.227.152 - - [14/Dec/2025:05:57:01 -0700] "GET /prv8.php?fileloc=//proc/4139/net/nf_conntrack_expect&path=//proc/4139/net HTTP/1.1" 200 3246 "-" "Mozilla/5.0 AppleWebKit/537.36 (KHTML, like Gecko; compatible; GPTBot/1.3; +https://openai.com/gptbot)"
74.7.227.152 - - [14/Dec/2025:05:57:02 -0700] "GET /prv8.php?fileloc=//proc/7932/net/nf_conntrack_expect&path=//proc/7932/net HTTP/1.1" 200 3246 "-" "Mozilla/5.0 AppleWebKit/537.36 (KHTML, like Gecko; compatible; GPTBot/1.3; +https://openai.com/gptbot)"
74.7.227.152 - - [14/Dec/2025:05:57:02 -0700] "GET /prv8.php?path=//proc/4139/net/ip6t_hashlimit HTTP/1.1" 200 3589 "-" "Mozilla/5.0 AppleWebKit/537.36 (KHTML, like Gecko; compatible; GPTBot/1.3; +https://openai.com/gptbot)"
74.7.227.152 - - [14/Dec/2025:05:57:03 -0700] "GET /prv8.php?path=//proc/7932/net/ip6t_hashlimit HTTP/1.1" 200 3589 "-" "Mozilla/5.0 AppleWebKit/537.36 (KHTML, like Gecko; compatible; GPTBot/1.3; +https://openai.com/gptbot)"
74.7.227.152 - - [14/Dec/2025:05:57:04 -0700] "GET /prv8.php?fileloc=//proc/6530/net/rpc/auth.unix.ip/flush&path=//proc/6530/net/rpc/auth.unix.ip HTTP/1.1" 200 3359 "-" "Mozilla/5.0 AppleWebKit/537.36 (KHTML, like Gecko; compatible; GPTBot/1.3; +https://openai.com/gptbot)"
18.210.58.238 - - [14/Dec/2025:05:57:04 -0700] "GET /2025/02/17/the-scaling-blueprint-helping-regional-banks-prepare-for-the-future/feed/ HTTP/1.1" 404 - "-" "Mozilla/5.0 AppleWebKit/537.36 (KHTML, like Gecko; compatible; Amazonbot/0.1; +https://developer.amazon.com/support/amazonbot) Chrome/119.0.6045.214 Safari/537.36"
74.7.227.152 - - [14/Dec/2025:05:57:04 -0700] "GET /prv8.php?path=//proc/6530/net/ip6t_hashlimit HTTP/1.1" 200 3589 "-" "Mozilla/5.0 AppleWebKit/537.36 (KHTML, like Gecko; compatible; GPTBot/1.3; +https://openai.com/gptbot)"
