66.249.73.161 - - [14/Dec/2025:05:34:04 -0700] "GET /index.php??l=1077495794 HTTP/1.1" 404 - "-" "Mozilla/5.0 (Linux; Android 6.0.1; Nexus 5X Build/MMB29P) AppleWebKit/537.36 (KHTML, like Gecko) Chrome/141.0.7390.122 Mobile Safari/537.36 (compatible; GoogleOther)"
66.249.73.161 - - [14/Dec/2025:05:34:05 -0700] "GET /index.php??l=1040547718 HTTP/1.1" 404 - "-" "Mozilla/5.0 (Linux; Android 6.0.1; Nexus 5X Build/MMB29P) AppleWebKit/537.36 (KHTML, like Gecko) Chrome/141.0.7390.122 Mobile Safari/537.36 (compatible; GoogleOther)"
66.249.73.161 - - [14/Dec/2025:05:34:06 -0700] "GET /index.php??l=1030093591 HTTP/1.1" 404 - "-" "Mozilla/5.0 (Linux; Android 6.0.1; Nexus 5X Build/MMB29P) AppleWebKit/537.36 (KHTML, like Gecko) Chrome/141.0.7390.122 Mobile Safari/537.36 (compatible; GoogleOther)"
66.249.73.161 - - [14/Dec/2025:05:34:07 -0700] "GET /index.php??l=66334919 HTTP/1.1" 404 - "-" "Mozilla/5.0 (Linux; Android 6.0.1; Nexus 5X Build/MMB29P) AppleWebKit/537.36 (KHTML, like Gecko) Chrome/141.0.7390.122 Mobile Safari/537.36 (compatible; GoogleOther)"
57.141.2.35 - - [14/Dec/2025:05:34:07 -0700] "GET /?l=741906322 HTTP/1.1" 200 2672 "-" "meta-externalagent/1.1 (+https://developers.facebook.com/docs/sharing/webmasters/crawler)"
66.249.73.161 - - [14/Dec/2025:05:34:08 -0700] "GET /index.php??l=1039647345 HTTP/1.1" 404 - "-" "Mozilla/5.0 (Linux; Android 6.0.1; Nexus 5X Build/MMB29P) AppleWebKit/537.36 (KHTML, like Gecko) Chrome/141.0.7390.122 Mobile Safari/537.36 (compatible; GoogleOther)"
57.141.2.38 - - [14/Dec/2025:05:34:08 -0700] "GET /?l=510656420 HTTP/1.1" 200 2672 "-" "meta-externalagent/1.1 (+https://developers.facebook.com/docs/sharing/webmasters/crawler)"
66.249.73.161 - - [14/Dec/2025:05:34:09 -0700] "GET /index.php??l=35355111 HTTP/1.1" 404 - "-" "Mozilla/5.0 (Linux; Android 6.0.1; Nexus 5X Build/MMB29P) AppleWebKit/537.36 (KHTML, like Gecko) Chrome/141.0.7390.122 Mobile Safari/537.36 (compatible; GoogleOther)"
66.249.73.161 - - [14/Dec/2025:05:34:10 -0700] "GET /?l=321192760 HTTP/1.1" 200 2672 "-" "Mozilla/5.0 (Linux; Android 6.0.1; Nexus 5X Build/MMB29P) AppleWebKit/537.36 (KHTML, like Gecko) Chrome/141.0.7390.122 Mobile Safari/537.36 (compatible; GoogleOther)"
66.249.73.161 - - [14/Dec/2025:05:34:10 -0700] "GET /index.php??l=1051286640 HTTP/1.1" 404 - "-" "Mozilla/5.0 (Linux; Android 6.0.1; Nexus 5X Build/MMB29P) AppleWebKit/537.36 (KHTML, like Gecko) Chrome/141.0.7390.122 Mobile Safari/537.36 (compatible; GoogleOther)"
66.249.73.161 - - [14/Dec/2025:05:34:11 -0700] "GET /index.php??l=37256671 HTTP/1.1" 404 - "-" "Mozilla/5.0 (Linux; Android 6.0.1; Nexus 5X Build/MMB29P) AppleWebKit/537.36 (KHTML, like Gecko) Chrome/141.0.7390.122 Mobile Safari/537.36 (compatible; GoogleOther)"
66.249.73.161 - - [14/Dec/2025:05:34:12 -0700] "GET /index.php??l=8498621 HTTP/1.1" 404 - "-" "Mozilla/5.0 (Linux; Android 6.0.1; Nexus 5X Build/MMB29P) AppleWebKit/537.36 (KHTML, like Gecko) Chrome/141.0.7390.122 Mobile Safari/537.36 (compatible; GoogleOther)"
66.249.73.161 - - [14/Dec/2025:05:34:13 -0700] "GET /index.php??l=61564299 HTTP/1.1" 404 - "-" "Mozilla/5.0 (Linux; Android 6.0.1; Nexus 5X Build/MMB29P) AppleWebKit/537.36 (KHTML, like Gecko) Chrome/141.0.7390.122 Mobile Safari/537.36 (compatible; GoogleOther)"
66.249.73.161 - - [14/Dec/2025:05:34:14 -0700] "GET /index.php??l=155623835 HTTP/1.1" 404 - "-" "Mozilla/5.0 (Linux; Android 6.0.1; Nexus 5X Build/MMB29P) AppleWebKit/537.36 (KHTML, like Gecko) Chrome/141.0.7390.122 Mobile Safari/537.36 (compatible; GoogleOther)"
66.249.73.161 - - [14/Dec/2025:05:34:15 -0700] "GET /index.php??l=58171009 HTTP/1.1" 404 - "-" "Mozilla/5.0 (Linux; Android 6.0.1; Nexus 5X Build/MMB29P) AppleWebKit/537.36 (KHTML, like Gecko) Chrome/141.0.7390.122 Mobile Safari/537.36 (compatible; GoogleOther)"
66.249.73.161 - - [14/Dec/2025:05:34:16 -0700] "GET /index.php??l=136028575 HTTP/1.1" 404 - "-" "Mozilla/5.0 (Linux; Android 6.0.1; Nexus 5X Build/MMB29P) AppleWebKit/537.36 (KHTML, like Gecko) Chrome/141.0.7390.122 Mobile Safari/537.36 (compatible; GoogleOther)"
66.249.73.161 - - [14/Dec/2025:05:34:17 -0700] "GET /index.php??l=1019059965 HTTP/1.1" 404 - "-" "Mozilla/5.0 (Linux; Android 6.0.1; Nexus 5X Build/MMB29P) AppleWebKit/537.36 (KHTML, like Gecko) Chrome/141.0.7390.122 Mobile Safari/537.36 (compatible; GoogleOther)"
66.249.73.161 - - [14/Dec/2025:05:34:18 -0700] "GET /index.php??l=708156942 HTTP/1.1" 404 - "-" "Mozilla/5.0 (Linux; Android 6.0.1; Nexus 5X Build/MMB29P) AppleWebKit/537.36 (KHTML, like Gecko) Chrome/141.0.7390.122 Mobile Safari/537.36 (compatible; GoogleOther)"
66.249.73.161 - - [14/Dec/2025:05:34:19 -0700] "GET /index.php??l=64475763 HTTP/1.1" 404 - "-" "Mozilla/5.0 (Linux; Android 6.0.1; Nexus 5X Build/MMB29P) AppleWebKit/537.36 (KHTML, like Gecko) Chrome/141.0.7390.122 Mobile Safari/537.36 (compatible; GoogleOther)"
66.249.73.161 - - [14/Dec/2025:05:34:20 -0700] "GET /index.php??l=1070240747 HTTP/1.1" 404 - "-" "Mozilla/5.0 (Linux; Android 6.0.1; Nexus 5X Build/MMB29P) AppleWebKit/537.36 (KHTML, like Gecko) Chrome/141.0.7390.122 Mobile Safari/537.36 (compatible; GoogleOther)"
66.249.73.161 - - [14/Dec/2025:05:34:21 -0700] "GET /index.php??l=131811993 HTTP/1.1" 404 - "-" "Mozilla/5.0 (Linux; Android 6.0.1; Nexus 5X Build/MMB29P) AppleWebKit/537.36 (KHTML, like Gecko) Chrome/141.0.7390.122 Mobile Safari/537.36 (compatible; GoogleOther)"
66.249.73.161 - - [14/Dec/2025:05:34:22 -0700] "GET /index.php??l=1072539129 HTTP/1.1" 404 - "-" "Mozilla/5.0 (Linux; Android 6.0.1; Nexus 5X Build/MMB29P) AppleWebKit/537.36 (KHTML, like Gecko) Chrome/141.0.7390.122 Mobile Safari/537.36 (compatible; GoogleOther)"
66.249.73.161 - - [14/Dec/2025:05:34:23 -0700] "GET /index.php??l=703862082 HTTP/1.1" 404 - "-" "Mozilla/5.0 (Linux; Android 6.0.1; Nexus 5X Build/MMB29P) AppleWebKit/537.36 (KHTML, like Gecko) Chrome/141.0.7390.122 Mobile Safari/537.36 (compatible; GoogleOther)"
66.249.73.161 - - [14/Dec/2025:05:34:24 -0700] "GET /?l=1211419013 HTTP/1.1" 200 2672 "-" "Mozilla/5.0 (Linux; Android 6.0.1; Nexus 5X Build/MMB29P) AppleWebKit/537.36 (KHTML, like Gecko) Chrome/141.0.7390.122 Mobile Safari/537.36 (compatible; GoogleOther)"
66.249.73.161 - - [14/Dec/2025:05:34:25 -0700] "GET /index.php??l=133991814 HTTP/1.1" 404 - "-" "Mozilla/5.0 (Linux; Android 6.0.1; Nexus 5X Build/MMB29P) AppleWebKit/537.36 (KHTML, like Gecko) Chrome/141.0.7390.122 Mobile Safari/537.36 (compatible; GoogleOther)"
66.249.73.161 - - [14/Dec/2025:05:34:25 -0700] "GET /index.php??l=145682386 HTTP/1.1" 404 - "-" "Mozilla/5.0 (Linux; Android 6.0.1; Nexus 5X Build/MMB29P) AppleWebKit/537.36 (KHTML, like Gecko) Chrome/141.0.7390.122 Mobile Safari/537.36 (compatible; GoogleOther)"
66.249.73.161 - - [14/Dec/2025:05:34:26 -0700] "GET /index.php??l=689717219 HTTP/1.1" 404 - "-" "Mozilla/5.0 (Linux; Android 6.0.1; Nexus 5X Build/MMB29P) AppleWebKit/537.36 (KHTML, like Gecko) Chrome/141.0.7390.122 Mobile Safari/537.36 (compatible; GoogleOther)"
66.249.73.161 - - [14/Dec/2025:05:34:27 -0700] "GET /index.php??l=32513916 HTTP/1.1" 404 - "-" "Mozilla/5.0 (Linux; Android 6.0.1; Nexus 5X Build/MMB29P) AppleWebKit/537.36 (KHTML, like Gecko) Chrome/141.0.7390.122 Mobile Safari/537.36 (compatible; GoogleOther)"
66.249.73.161 - - [14/Dec/2025:05:34:28 -0700] "GET /index.php??l=147487629 HTTP/1.1" 404 - "-" "Mozilla/5.0 (Linux; Android 6.0.1; Nexus 5X Build/MMB29P) AppleWebKit/537.36 (KHTML, like Gecko) Chrome/141.0.7390.122 Mobile Safari/537.36 (compatible; GoogleOther)"
119.28.140.106 - - [14/Dec/2025:05:34:29 -0700] "GET /?C=M;O=A HTTP/1.1" 200 2672 "-" "Mozilla/5.0 (iPhone; CPU iPhone OS 13_2_3 like Mac OS X) AppleWebKit/605.1.15 (KHTML, like Gecko) Version/13.0.3 Mobile/15E148 Safari/604.1"
66.249.73.161 - - [14/Dec/2025:05:34:29 -0700] "GET /index.php??l=1025737609 HTTP/1.1" 404 - "-" "Mozilla/5.0 (Linux; Android 6.0.1; Nexus 5X Build/MMB29P) AppleWebKit/537.36 (KHTML, like Gecko) Chrome/141.0.7390.122 Mobile Safari/537.36 (compatible; GoogleOther)"
66.249.73.161 - - [14/Dec/2025:05:34:31 -0700] "GET /index.php??l=1012174680 HTTP/1.1" 404 - "-" "Mozilla/5.0 (Linux; Android 6.0.1; Nexus 5X Build/MMB29P) AppleWebKit/537.36 (KHTML, like Gecko) Chrome/141.0.7390.122 Mobile Safari/537.36 (compatible; GoogleOther)"
66.249.73.161 - - [14/Dec/2025:05:34:32 -0700] "GET /index.php??l=152647539 HTTP/1.1" 404 - "-" "Mozilla/5.0 (Linux; Android 6.0.1; Nexus 5X Build/MMB29P) AppleWebKit/537.36 (KHTML, like Gecko) Chrome/141.0.7390.122 Mobile Safari/537.36 (compatible; GoogleOther)"
66.249.73.161 - - [14/Dec/2025:05:34:33 -0700] "GET /index.php??l=36051867 HTTP/1.1" 404 - "-" "Mozilla/5.0 (Linux; Android 6.0.1; Nexus 5X Build/MMB29P) AppleWebKit/537.36 (KHTML, like Gecko) Chrome/141.0.7390.122 Mobile Safari/537.36 (compatible; GoogleOther)"
66.249.73.161 - - [14/Dec/2025:05:34:34 -0700] "GET /index.php??l=14711076 HTTP/1.1" 404 - "-" "Mozilla/5.0 (Linux; Android 6.0.1; Nexus 5X Build/MMB29P) AppleWebKit/537.36 (KHTML, like Gecko) Chrome/141.0.7390.122 Mobile Safari/537.36 (compatible; GoogleOther)"
66.249.73.161 - - [14/Dec/2025:05:34:35 -0700] "GET /index.php??l=710570983 HTTP/1.1" 404 - "-" "Mozilla/5.0 (Linux; Android 6.0.1; Nexus 5X Build/MMB29P) AppleWebKit/537.36 (KHTML, like Gecko) Chrome/141.0.7390.122 Mobile Safari/537.36 (compatible; GoogleOther)"
66.249.73.161 - - [14/Dec/2025:05:34:36 -0700] "GET /index.php??l=1074833000 HTTP/1.1" 404 - "-" "Mozilla/5.0 (Linux; Android 6.0.1; Nexus 5X Build/MMB29P) AppleWebKit/537.36 (KHTML, like Gecko) Chrome/141.0.7390.122 Mobile Safari/537.36 (compatible; GoogleOther)"
66.249.73.161 - - [14/Dec/2025:05:34:37 -0700] "GET /index.php??l=1025692658 HTTP/1.1" 404 - "-" "Mozilla/5.0 (Linux; Android 6.0.1; Nexus 5X Build/MMB29P) AppleWebKit/537.36 (KHTML, like Gecko) Chrome/141.0.7390.122 Mobile Safari/537.36 (compatible; GoogleOther)"
66.249.73.161 - - [14/Dec/2025:05:34:38 -0700] "GET /index.php??l=46222119 HTTP/1.1" 404 - "-" "Mozilla/5.0 (Linux; Android 6.0.1; Nexus 5X Build/MMB29P) AppleWebKit/537.36 (KHTML, like Gecko) Chrome/141.0.7390.122 Mobile Safari/537.36 (compatible; GoogleOther)"
66.249.73.161 - - [14/Dec/2025:05:34:39 -0700] "GET /?l=1211519232 HTTP/1.1" 200 2672 "-" "Mozilla/5.0 (Linux; Android 6.0.1; Nexus 5X Build/MMB29P) AppleWebKit/537.36 (KHTML, like Gecko) Chrome/141.0.7390.122 Mobile Safari/537.36 (compatible; GoogleOther)"
66.249.73.161 - - [14/Dec/2025:05:34:39 -0700] "GET /index.php??l=77947843 HTTP/1.1" 404 - "-" "Mozilla/5.0 (Linux; Android 6.0.1; Nexus 5X Build/MMB29P) AppleWebKit/537.36 (KHTML, like Gecko) Chrome/141.0.7390.122 Mobile Safari/537.36 (compatible; GoogleOther)"
66.249.73.161 - - [14/Dec/2025:05:34:40 -0700] "GET /index.php??l=713720964 HTTP/1.1" 404 - "-" "Mozilla/5.0 (Linux; Android 6.0.1; Nexus 5X Build/MMB29P) AppleWebKit/537.36 (KHTML, like Gecko) Chrome/141.0.7390.122 Mobile Safari/537.36 (compatible; GoogleOther)"
66.249.73.161 - - [14/Dec/2025:05:34:41 -0700] "GET /index.php??l=74199907 HTTP/1.1" 404 - "-" "Mozilla/5.0 (Linux; Android 6.0.1; Nexus 5X Build/MMB29P) AppleWebKit/537.36 (KHTML, like Gecko) Chrome/141.0.7390.122 Mobile Safari/537.36 (compatible; GoogleOther)"
66.249.73.161 - - [14/Dec/2025:05:34:42 -0700] "GET /index.php??l=718456291 HTTP/1.1" 404 - "-" "Mozilla/5.0 (Linux; Android 6.0.1; Nexus 5X Build/MMB29P) AppleWebKit/537.36 (KHTML, like Gecko) Chrome/141.0.7390.122 Mobile Safari/537.36 (compatible; GoogleOther)"
66.249.73.161 - - [14/Dec/2025:05:34:43 -0700] "GET /index.php??l=106592812 HTTP/1.1" 404 - "-" "Mozilla/5.0 (Linux; Android 6.0.1; Nexus 5X Build/MMB29P) AppleWebKit/537.36 (KHTML, like Gecko) Chrome/141.0.7390.122 Mobile Safari/537.36 (compatible; GoogleOther)"
66.249.73.161 - - [14/Dec/2025:05:34:44 -0700] "GET /index.php??l=105546960 HTTP/1.1" 404 - "-" "Mozilla/5.0 (Linux; Android 6.0.1; Nexus 5X Build/MMB29P) AppleWebKit/537.36 (KHTML, like Gecko) Chrome/141.0.7390.122 Mobile Safari/537.36 (compatible; GoogleOther)"
57.141.2.92 - - [14/Dec/2025:05:34:46 -0700] "GET /?l=1561019559 HTTP/1.1" 200 2672 "-" "meta-externalagent/1.1 (+https://developers.facebook.com/docs/sharing/webmasters/crawler)"
66.249.73.161 - - [14/Dec/2025:05:34:53 -0700] "GET /?l=312351041 HTTP/1.1" 200 2672 "-" "Mozilla/5.0 (Linux; Android 6.0.1; Nexus 5X Build/MMB29P) AppleWebKit/537.36 (KHTML, like Gecko) Chrome/141.0.7390.122 Mobile Safari/537.36 (compatible; GoogleOther)"
57.141.2.93 - - [14/Dec/2025:05:34:59 -0700] "GET /?l=285578104 HTTP/1.1" 200 2672 "-" "meta-externalagent/1.1 (+https://developers.facebook.com/docs/sharing/webmasters/crawler)"
57.141.2.87 - - [14/Dec/2025:05:35:04 -0700] "GET /?l=1190498858 HTTP/1.1" 200 2672 "-" "meta-externalagent/1.1 (+https://developers.facebook.com/docs/sharing/webmasters/crawler)"
66.249.73.161 - - [14/Dec/2025:05:35:07 -0700] "GET /?l=330161035 HTTP/1.1" 200 2672 "-" "Mozilla/5.0 (Linux; Android 6.0.1; Nexus 5X Build/MMB29P) AppleWebKit/537.36 (KHTML, like Gecko) Chrome/141.0.7390.122 Mobile Safari/537.36 (compatible; GoogleOther)"
66.249.73.161 - - [14/Dec/2025:05:35:22 -0700] "GET /index.php??l=722379833 HTTP/1.1" 404 - "-" "Mozilla/5.0 (Linux; Android 6.0.1; Nexus 5X Build/MMB29P) AppleWebKit/537.36 (KHTML, like Gecko) Chrome/141.0.7390.122 Mobile Safari/537.36 (compatible; GoogleOther)"
66.249.73.161 - - [14/Dec/2025:05:35:27 -0700] "GET /?l=1072151017 HTTP/1.1" 200 2672 "-" "Mozilla/5.0 (Linux; Android 6.0.1; Nexus 5X Build/MMB29P) AppleWebKit/537.36 (KHTML, like Gecko) Chrome/141.0.7390.122 Mobile Safari/537.36 (compatible; Googlebot/2.1; +http://www.google.com/bot.html)"
57.141.2.12 - - [14/Dec/2025:05:35:28 -0700] "GET /?l=1869237280 HTTP/1.1" 200 2672 "-" "meta-externalagent/1.1 (+https://developers.facebook.com/docs/sharing/webmasters/crawler)"
66.249.73.161 - - [14/Dec/2025:05:35:32 -0700] "GET /?l=1114517240 HTTP/1.1" 200 2672 "-" "Mozilla/5.0 (Linux; Android 6.0.1; Nexus 5X Build/MMB29P) AppleWebKit/537.36 (KHTML, like Gecko) Chrome/141.0.7390.122 Mobile Safari/537.36 (compatible; GoogleOther)"
57.141.2.10 - - [14/Dec/2025:05:35:32 -0700] "GET /?l=1857508513 HTTP/1.1" 200 2672 "-" "meta-externalagent/1.1 (+https://developers.facebook.com/docs/sharing/webmasters/crawler)"
66.249.73.161 - - [14/Dec/2025:05:35:33 -0700] "GET /?l=305486800 HTTP/1.1" 200 2672 "-" "Mozilla/5.0 (Linux; Android 6.0.1; Nexus 5X Build/MMB29P) AppleWebKit/537.36 (KHTML, like Gecko) Chrome/141.0.7390.122 Mobile Safari/537.36 (compatible; GoogleOther)"
66.249.73.161 - - [14/Dec/2025:05:35:33 -0700] "GET /?l=322753926 HTTP/1.1" 200 2672 "-" "Mozilla/5.0 (Linux; Android 6.0.1; Nexus 5X Build/MMB29P) AppleWebKit/537.36 (KHTML, like Gecko) Chrome/141.0.7390.122 Mobile Safari/537.36 (compatible; GoogleOther)"
66.249.73.161 - - [14/Dec/2025:05:35:34 -0700] "GET /?l=146821051 HTTP/1.1" 200 2672 "-" "Mozilla/5.0 (Linux; Android 6.0.1; Nexus 5X Build/MMB29P) AppleWebKit/537.36 (KHTML, like Gecko) Chrome/141.0.7390.122 Mobile Safari/537.36 (compatible; GoogleOther)"
66.249.73.161 - - [14/Dec/2025:05:35:34 -0700] "GET /?l=232986664 HTTP/1.1" 200 2672 "-" "Mozilla/5.0 (Linux; Android 6.0.1; Nexus 5X Build/MMB29P) AppleWebKit/537.36 (KHTML, like Gecko) Chrome/141.0.7390.122 Mobile Safari/537.36 (compatible; GoogleOther)"
66.249.73.161 - - [14/Dec/2025:05:35:35 -0700] "GET /?l=1082508169 HTTP/1.1" 200 2672 "-" "Mozilla/5.0 (Linux; Android 6.0.1; Nexus 5X Build/MMB29P) AppleWebKit/537.36 (KHTML, like Gecko) Chrome/141.0.7390.122 Mobile Safari/537.36 (compatible; GoogleOther)"
66.249.73.161 - - [14/Dec/2025:05:35:35 -0700] "GET /?l=1127693365 HTTP/1.1" 200 2672 "-" "Mozilla/5.0 (Linux; Android 6.0.1; Nexus 5X Build/MMB29P) AppleWebKit/537.36 (KHTML, like Gecko) Chrome/141.0.7390.122 Mobile Safari/537.36 (compatible; GoogleOther)"
66.249.73.161 - - [14/Dec/2025:05:35:36 -0700] "GET /?l=320967537 HTTP/1.1" 200 2672 "-" "Mozilla/5.0 (Linux; Android 6.0.1; Nexus 5X Build/MMB29P) AppleWebKit/537.36 (KHTML, like Gecko) Chrome/141.0.7390.122 Mobile Safari/537.36 (compatible; GoogleOther)"
57.141.2.61 - - [14/Dec/2025:05:35:38 -0700] "GET /?l=1346216949 HTTP/1.1" 200 2672 "-" "meta-externalagent/1.1 (+https://developers.facebook.com/docs/sharing/webmasters/crawler)"
57.141.2.68 - - [14/Dec/2025:05:35:39 -0700] "GET /?l=1792245249 HTTP/1.1" 200 2672 "-" "meta-externalagent/1.1 (+https://developers.facebook.com/docs/sharing/webmasters/crawler)"
66.249.73.161 - - [14/Dec/2025:05:35:39 -0700] "GET /?l=1122805456 HTTP/1.1" 200 2672 "-" "Mozilla/5.0 (Linux; Android 6.0.1; Nexus 5X Build/MMB29P) AppleWebKit/537.36 (KHTML, like Gecko) Chrome/141.0.7390.122 Mobile Safari/537.36 (compatible; GoogleOther)"
66.249.73.161 - - [14/Dec/2025:05:35:39 -0700] "GET /?l=1084986443 HTTP/1.1" 200 2672 "-" "Mozilla/5.0 (Linux; Android 6.0.1; Nexus 5X Build/MMB29P) AppleWebKit/537.36 (KHTML, like Gecko) Chrome/141.0.7390.122 Mobile Safari/537.36 (compatible; GoogleOther)"
66.249.73.161 - - [14/Dec/2025:05:35:50 -0700] "GET /index.php?l=1046721851 HTTP/1.1" 404 - "-" "Mozilla/5.0 (Linux; Android 6.0.1; Nexus 5X Build/MMB29P) AppleWebKit/537.36 (KHTML, like Gecko) Chrome/141.0.7390.122 Mobile Safari/537.36 (compatible; GoogleOther)"
57.141.2.58 - - [14/Dec/2025:05:35:53 -0700] "GET /?l=1761317422 HTTP/1.1" 200 2672 "-" "meta-externalagent/1.1 (+https://developers.facebook.com/docs/sharing/webmasters/crawler)"
57.141.2.62 - - [14/Dec/2025:05:36:00 -0700] "GET /?l=873590597 HTTP/1.1" 200 2672 "-" "meta-externalagent/1.1 (+https://developers.facebook.com/docs/sharing/webmasters/crawler)"
66.249.73.161 - - [14/Dec/2025:05:36:01 -0700] "GET /index.php??l=79903233 HTTP/1.1" 404 - "-" "Mozilla/5.0 (Linux; Android 6.0.1; Nexus 5X Build/MMB29P) AppleWebKit/537.36 (KHTML, like Gecko) Chrome/141.0.7390.122 Mobile Safari/537.36 (compatible; GoogleOther)"
66.249.73.161 - - [14/Dec/2025:05:36:05 -0700] "GET /index.php?l=8569235 HTTP/1.1" 404 - "-" "Mozilla/5.0 (Linux; Android 6.0.1; Nexus 5X Build/MMB29P) AppleWebKit/537.36 (KHTML, like Gecko) Chrome/141.0.7390.122 Mobile Safari/537.36 (compatible; GoogleOther)"
57.141.2.94 - - [14/Dec/2025:05:36:06 -0700] "GET /?l=1068625737 HTTP/1.1" 200 2672 "-" "meta-externalagent/1.1 (+https://developers.facebook.com/docs/sharing/webmasters/crawler)"
66.249.73.161 - - [14/Dec/2025:05:36:19 -0700] "GET /?l=309556128 HTTP/1.1" 200 2672 "-" "Mozilla/5.0 (Linux; Android 6.0.1; Nexus 5X Build/MMB29P) AppleWebKit/537.36 (KHTML, like Gecko) Chrome/141.0.7390.122 Mobile Safari/537.36 (compatible; GoogleOther)"
57.141.2.8 - - [14/Dec/2025:05:36:22 -0700] "GET /?l=1333816761 HTTP/1.1" 200 2672 "-" "meta-externalagent/1.1 (+https://developers.facebook.com/docs/sharing/webmasters/crawler)"
66.249.73.161 - - [14/Dec/2025:05:36:26 -0700] "GET /?l=1011165053 HTTP/1.1" 200 2672 "-" "Mozilla/5.0 (Linux; Android 6.0.1; Nexus 5X Build/MMB29P) AppleWebKit/537.36 (KHTML, like Gecko) Chrome/141.0.7390.122 Mobile Safari/537.36 (compatible; GoogleOther)"
66.249.73.161 - - [14/Dec/2025:05:36:33 -0700] "GET /?l=330039437 HTTP/1.1" 200 2672 "-" "Mozilla/5.0 (Linux; Android 6.0.1; Nexus 5X Build/MMB29P) AppleWebKit/537.36 (KHTML, like Gecko) Chrome/141.0.7390.122 Mobile Safari/537.36 (compatible; GoogleOther)"
66.249.73.161 - - [14/Dec/2025:05:36:48 -0700] "GET /?l=314957009 HTTP/1.1" 200 2672 "-" "Mozilla/5.0 (Linux; Android 6.0.1; Nexus 5X Build/MMB29P) AppleWebKit/537.36 (KHTML, like Gecko) Chrome/141.0.7390.122 Mobile Safari/537.36 (compatible; GoogleOther)"
57.141.2.4 - - [14/Dec/2025:05:36:56 -0700] "GET /?l=158244034 HTTP/1.1" 200 2672 "-" "meta-externalagent/1.1 (+https://developers.facebook.com/docs/sharing/webmasters/crawler)"
66.249.73.161 - - [14/Dec/2025:05:36:59 -0700] "GET /?l=154118455 HTTP/1.1" 200 2672 "-" "Mozilla/5.0 (Linux; Android 6.0.1; Nexus 5X Build/MMB29P) AppleWebKit/537.36 (KHTML, like Gecko) Chrome/141.0.7390.122 Mobile Safari/537.36 (compatible; GoogleOther)"
66.249.73.162 - - [14/Dec/2025:05:36:59 -0700] "GET /?products/6638876 HTTP/1.1" 200 2672 "-" "Mozilla/5.0 (Linux; Android 6.0.1; Nexus 5X Build/MMB29P) AppleWebKit/537.36 (KHTML, like Gecko) Chrome/141.0.7390.122 Mobile Safari/537.36 (compatible; Googlebot/2.1; +http://www.google.com/bot.html)"
66.249.73.161 - - [14/Dec/2025:05:37:00 -0700] "GET /?l=53683287 HTTP/1.1" 200 2672 "-" "Mozilla/5.0 (Linux; Android 6.0.1; Nexus 5X Build/MMB29P) AppleWebKit/537.36 (KHTML, like Gecko) Chrome/141.0.7390.122 Mobile Safari/537.36 (compatible; Googlebot/2.1; +http://www.google.com/bot.html)"
57.141.2.8 - - [14/Dec/2025:05:37:00 -0700] "GET /?l=1203217082 HTTP/1.1" 200 2672 "-" "meta-externalagent/1.1 (+https://developers.facebook.com/docs/sharing/webmasters/crawler)"
66.249.73.161 - - [14/Dec/2025:05:37:02 -0700] "GET /index.php?l=718734629 HTTP/1.1" 404 - "-" "Mozilla/5.0 (Linux; Android 6.0.1; Nexus 5X Build/MMB29P) AppleWebKit/537.36 (KHTML, like Gecko) Chrome/141.0.7390.122 Mobile Safari/537.36 (compatible; GoogleOther)"
57.141.2.19 - - [14/Dec/2025:05:37:04 -0700] "GET /?l=571707749 HTTP/1.1" 200 2672 "-" "meta-externalagent/1.1 (+https://developers.facebook.com/docs/sharing/webmasters/crawler)"
54.37.23.14 - - [14/Dec/2025:05:37:06 -0700] "GET /wp-content/uploads/2025/07/23.png HTTP/1.1" 404 - "-" "python-urllib3/1.26.9"
54.37.23.14 - - [14/Dec/2025:05:37:06 -0700] "GET /wp-content/uploads/2025/02/GettyImages-1215205229-1.jpg HTTP/1.1" 404 - "-" "python-urllib3/1.26.9"
54.37.23.14 - - [14/Dec/2025:05:37:07 -0700] "GET /wp-content/uploads/2025/07/11-3.png HTTP/1.1" 404 - "-" "python-urllib3/1.26.9"
54.37.23.14 - - [14/Dec/2025:05:37:07 -0700] "GET /wp-content/uploads/2025/07/lgooinversaact-2.png HTTP/1.1" 404 - "-" "python-urllib3/1.26.9"
54.37.23.14 - - [14/Dec/2025:05:37:07 -0700] "GET /wp-content/uploads/2025/07/DISTRITOLOGOLEYENDABAJO.png HTTP/1.1" 404 - "-" "python-urllib3/1.26.9"
57.141.2.29 - - [14/Dec/2025:05:37:08 -0700] "GET /?l=1482144080 HTTP/1.1" 200 2672 "-" "meta-externalagent/1.1 (+https://developers.facebook.com/docs/sharing/webmasters/crawler)"
57.141.2.26 - - [14/Dec/2025:05:37:14 -0700] "GET /?l=1888785326 HTTP/1.1" 200 2672 "-" "meta-externalagent/1.1 (+https://developers.facebook.com/docs/sharing/webmasters/crawler)"
66.249.73.161 - - [14/Dec/2025:05:37:16 -0700] "GET /?l=327798043 HTTP/1.1" 200 2672 "-" "Mozilla/5.0 (Linux; Android 6.0.1; Nexus 5X Build/MMB29P) AppleWebKit/537.36 (KHTML, like Gecko) Chrome/141.0.7390.122 Mobile Safari/537.36 (compatible; GoogleOther)"
57.141.2.61 - - [14/Dec/2025:05:37:26 -0700] "GET /?l=176998341 HTTP/1.1" 200 2672 "-" "meta-externalagent/1.1 (+https://developers.facebook.com/docs/sharing/webmasters/crawler)"
57.141.2.85 - - [14/Dec/2025:05:37:30 -0700] "GET /?l=305166015 HTTP/1.1" 200 2672 "-" "meta-externalagent/1.1 (+https://developers.facebook.com/docs/sharing/webmasters/crawler)"
66.249.73.161 - - [14/Dec/2025:05:37:33 -0700] "GET /?l=1211098976 HTTP/1.1" 200 2672 "-" "Mozilla/5.0 (Linux; Android 6.0.1; Nexus 5X Build/MMB29P) AppleWebKit/537.36 (KHTML, like Gecko) Chrome/141.0.7390.122 Mobile Safari/537.36 (compatible; GoogleOther)"
57.141.2.13 - - [14/Dec/2025:05:37:44 -0700] "GET /?l=161193559 HTTP/1.1" 200 2672 "-" "meta-externalagent/1.1 (+https://developers.facebook.com/docs/sharing/webmasters/crawler)"
66.249.73.161 - - [14/Dec/2025:05:37:45 -0700] "GET /index.php??l=1092029496 HTTP/1.1" 404 - "-" "Mozilla/5.0 (Linux; Android 6.0.1; Nexus 5X Build/MMB29P) AppleWebKit/537.36 (KHTML, like Gecko) Chrome/141.0.7390.122 Mobile Safari/537.36 (compatible; GoogleOther)"
57.141.2.38 - - [14/Dec/2025:05:37:50 -0700] "GET /?l=483062145 HTTP/1.1" 200 2672 "-" "meta-externalagent/1.1 (+https://developers.facebook.com/docs/sharing/webmasters/crawler)"
57.141.2.4 - - [14/Dec/2025:05:37:52 -0700] "GET /?l=581745418 HTTP/1.1" 200 2672 "-" "meta-externalagent/1.1 (+https://developers.facebook.com/docs/sharing/webmasters/crawler)"
66.249.73.161 - - [14/Dec/2025:05:37:59 -0700] "GET /index.php??l=1086335646 HTTP/1.1" 404 - "-" "Mozilla/5.0 (Linux; Android 6.0.1; Nexus 5X Build/MMB29P) AppleWebKit/537.36 (KHTML, like Gecko) Chrome/141.0.7390.122 Mobile Safari/537.36 (compatible; GoogleOther)"
57.141.2.80 - - [14/Dec/2025:05:38:01 -0700] "GET /?l=1229359205 HTTP/1.1" 200 2672 "-" "meta-externalagent/1.1 (+https://developers.facebook.com/docs/sharing/webmasters/crawler)"
57.141.2.53 - - [14/Dec/2025:05:38:12 -0700] "GET /?l=10464340 HTTP/1.1" 200 2672 "-" "meta-externalagent/1.1 (+https://developers.facebook.com/docs/sharing/webmasters/crawler)"
66.249.73.161 - - [14/Dec/2025:05:38:14 -0700] "GET /index.php?l=1061168353 HTTP/1.1" 404 - "-" "Mozilla/5.0 (Linux; Android 6.0.1; Nexus 5X Build/MMB29P) AppleWebKit/537.36 (KHTML, like Gecko) Chrome/141.0.7390.122 Mobile Safari/537.36 (compatible; GoogleOther)"
57.141.2.72 - - [14/Dec/2025:05:38:15 -0700] "GET /?l=1059519062 HTTP/1.1" 200 2672 "-" "meta-externalagent/1.1 (+https://developers.facebook.com/docs/sharing/webmasters/crawler)"
66.249.73.161 - - [14/Dec/2025:05:38:28 -0700] "GET /?l=325011456 HTTP/1.1" 200 2672 "-" "Mozilla/5.0 (Linux; Android 6.0.1; Nexus 5X Build/MMB29P) AppleWebKit/537.36 (KHTML, like Gecko) Chrome/141.0.7390.122 Mobile Safari/537.36 (compatible; GoogleOther)"
57.141.2.53 - - [14/Dec/2025:05:38:40 -0700] "GET /?l=1729836793 HTTP/1.1" 200 2672 "-" "meta-externalagent/1.1 (+https://developers.facebook.com/docs/sharing/webmasters/crawler)"
66.249.73.161 - - [14/Dec/2025:05:38:42 -0700] "GET /?l=325534639 HTTP/1.1" 200 2672 "-" "Mozilla/5.0 (Linux; Android 6.0.1; Nexus 5X Build/MMB29P) AppleWebKit/537.36 (KHTML, like Gecko) Chrome/141.0.7390.122 Mobile Safari/537.36 (compatible; GoogleOther)"
66.249.73.161 - - [14/Dec/2025:05:38:45 -0700] "GET /?l=108080632 HTTP/1.1" 200 2672 "-" "Mozilla/5.0 (Linux; Android 6.0.1; Nexus 5X Build/MMB29P) AppleWebKit/537.36 (KHTML, like Gecko) Chrome/141.0.7390.122 Mobile Safari/537.36 (compatible; Googlebot/2.1; +http://www.google.com/bot.html)"
66.249.73.161 - - [14/Dec/2025:05:38:57 -0700] "GET /?l=327144252 HTTP/1.1" 200 2672 "-" "Mozilla/5.0 (Linux; Android 6.0.1; Nexus 5X Build/MMB29P) AppleWebKit/537.36 (KHTML, like Gecko) Chrome/141.0.7390.122 Mobile Safari/537.36 (compatible; GoogleOther)"
66.249.73.161 - - [14/Dec/2025:05:39:11 -0700] "GET /?l=312306687 HTTP/1.1" 200 2672 "-" "Mozilla/5.0 (Linux; Android 6.0.1; Nexus 5X Build/MMB29P) AppleWebKit/537.36 (KHTML, like Gecko) Chrome/141.0.7390.122 Mobile Safari/537.36 (compatible; GoogleOther)"
57.141.2.7 - - [14/Dec/2025:05:39:24 -0700] "GET /?l=1350976571 HTTP/1.1" 200 2672 "-" "meta-externalagent/1.1 (+https://developers.facebook.com/docs/sharing/webmasters/crawler)"
66.249.73.161 - - [14/Dec/2025:05:39:25 -0700] "GET /?l=187036806 HTTP/1.1" 200 2672 "-" "Mozilla/5.0 (Linux; Android 6.0.1; Nexus 5X Build/MMB29P) AppleWebKit/537.36 (KHTML, like Gecko) Chrome/141.0.7390.122 Mobile Safari/537.36 (compatible; GoogleOther)"
57.141.2.80 - - [14/Dec/2025:05:39:27 -0700] "GET /?l=1581218859 HTTP/1.1" 200 2672 "-" "meta-externalagent/1.1 (+https://developers.facebook.com/docs/sharing/webmasters/crawler)"
57.141.2.78 - - [14/Dec/2025:05:39:28 -0700] "GET /?l=1890555687 HTTP/1.1" 200 2672 "-" "meta-externalagent/1.1 (+https://developers.facebook.com/docs/sharing/webmasters/crawler)"
57.141.2.63 - - [14/Dec/2025:05:39:33 -0700] "GET /?l=1059625840 HTTP/1.1" 200 2672 "-" "meta-externalagent/1.1 (+https://developers.facebook.com/docs/sharing/webmasters/crawler)"
66.249.73.161 - - [14/Dec/2025:05:39:40 -0700] "GET /index.php?l=52240347 HTTP/1.1" 404 - "-" "Mozilla/5.0 (Linux; Android 6.0.1; Nexus 5X Build/MMB29P) AppleWebKit/537.36 (KHTML, like Gecko) Chrome/141.0.7390.122 Mobile Safari/537.36 (compatible; GoogleOther)"
66.249.73.161 - - [14/Dec/2025:05:39:42 -0700] "GET /?l=135044812 HTTP/1.1" 200 2672 "-" "Mozilla/5.0 (Linux; Android 6.0.1; Nexus 5X Build/MMB29P) AppleWebKit/537.36 (KHTML, like Gecko) Chrome/141.0.7390.122 Mobile Safari/537.36 (compatible; GoogleOther)"
66.249.73.161 - - [14/Dec/2025:05:39:43 -0700] "GET /?l=1116137588 HTTP/1.1" 200 2672 "-" "Mozilla/5.0 (Linux; Android 6.0.1; Nexus 5X Build/MMB29P) AppleWebKit/537.36 (KHTML, like Gecko) Chrome/141.0.7390.122 Mobile Safari/537.36 (compatible; GoogleOther)"
66.249.73.161 - - [14/Dec/2025:05:39:43 -0700] "GET /?l=330004417 HTTP/1.1" 200 2672 "-" "Mozilla/5.0 (Linux; Android 6.0.1; Nexus 5X Build/MMB29P) AppleWebKit/537.36 (KHTML, like Gecko) Chrome/141.0.7390.122 Mobile Safari/537.36 (compatible; GoogleOther)"
66.249.73.161 - - [14/Dec/2025:05:39:44 -0700] "GET /?l=1048357828 HTTP/1.1" 200 2672 "-" "Mozilla/5.0 (Linux; Android 6.0.1; Nexus 5X Build/MMB29P) AppleWebKit/537.36 (KHTML, like Gecko) Chrome/141.0.7390.122 Mobile Safari/537.36 (compatible; GoogleOther)"
66.249.73.161 - - [14/Dec/2025:05:39:44 -0700] "GET /?l=233187911 HTTP/1.1" 200 2672 "-" "Mozilla/5.0 (Linux; Android 6.0.1; Nexus 5X Build/MMB29P) AppleWebKit/537.36 (KHTML, like Gecko) Chrome/141.0.7390.122 Mobile Safari/537.36 (compatible; GoogleOther)"
66.249.73.161 - - [14/Dec/2025:05:39:45 -0700] "GET /?l=314167712 HTTP/1.1" 200 2672 "-" "Mozilla/5.0 (Linux; Android 6.0.1; Nexus 5X Build/MMB29P) AppleWebKit/537.36 (KHTML, like Gecko) Chrome/141.0.7390.122 Mobile Safari/537.36 (compatible; GoogleOther)"
57.141.2.89 - - [14/Dec/2025:05:39:45 -0700] "GET /?l=196424261 HTTP/1.1" 200 2672 "-" "meta-externalagent/1.1 (+https://developers.facebook.com/docs/sharing/webmasters/crawler)"
66.249.73.161 - - [14/Dec/2025:05:39:45 -0700] "GET /?l=1155149599 HTTP/1.1" 200 2672 "-" "Mozilla/5.0 (Linux; Android 6.0.1; Nexus 5X Build/MMB29P) AppleWebKit/537.36 (KHTML, like Gecko) Chrome/141.0.7390.122 Mobile Safari/537.36 (compatible; GoogleOther)"
66.249.73.161 - - [14/Dec/2025:05:39:46 -0700] "GET /?l=1089192258 HTTP/1.1" 200 2672 "-" "Mozilla/5.0 (Linux; Android 6.0.1; Nexus 5X Build/MMB29P) AppleWebKit/537.36 (KHTML, like Gecko) Chrome/141.0.7390.122 Mobile Safari/537.36 (compatible; GoogleOther)"
66.249.73.161 - - [14/Dec/2025:05:39:49 -0700] "GET /?l=1062413254 HTTP/1.1" 200 2672 "-" "Mozilla/5.0 (Linux; Android 6.0.1; Nexus 5X Build/MMB29P) AppleWebKit/537.36 (KHTML, like Gecko) Chrome/141.0.7390.122 Mobile Safari/537.36 (compatible; GoogleOther)"
57.141.2.35 - - [14/Dec/2025:05:39:49 -0700] "GET /?l=1364538781 HTTP/1.1" 200 2672 "-" "meta-externalagent/1.1 (+https://developers.facebook.com/docs/sharing/webmasters/crawler)"
66.249.73.161 - - [14/Dec/2025:05:39:49 -0700] "GET /?l=1120781351 HTTP/1.1" 200 2672 "-" "Mozilla/5.0 (Linux; Android 6.0.1; Nexus 5X Build/MMB29P) AppleWebKit/537.36 (KHTML, like Gecko) Chrome/141.0.7390.122 Mobile Safari/537.36 (compatible; GoogleOther)"
66.249.73.161 - - [14/Dec/2025:05:39:54 -0700] "GET /?l=315488240 HTTP/1.1" 200 2672 "-" "Mozilla/5.0 (Linux; Android 6.0.1; Nexus 5X Build/MMB29P) AppleWebKit/537.36 (KHTML, like Gecko) Chrome/141.0.7390.122 Mobile Safari/537.36 (compatible; GoogleOther)"
57.141.2.5 - - [14/Dec/2025:05:39:58 -0700] "GET /?l=1307789084 HTTP/1.1" 200 2672 "-" "meta-externalagent/1.1 (+https://developers.facebook.com/docs/sharing/webmasters/crawler)"
57.141.2.82 - - [14/Dec/2025:05:40:07 -0700] "GET /?l=1790133667 HTTP/1.1" 200 2672 "-" "meta-externalagent/1.1 (+https://developers.facebook.com/docs/sharing/webmasters/crawler)"
66.249.73.161 - - [14/Dec/2025:05:40:08 -0700] "GET /index.php??l=1094503442 HTTP/1.1" 404 - "-" "Mozilla/5.0 (Linux; Android 6.0.1; Nexus 5X Build/MMB29P) AppleWebKit/537.36 (KHTML, like Gecko) Chrome/141.0.7390.122 Mobile Safari/537.36 (compatible; GoogleOther)"
66.249.73.161 - - [14/Dec/2025:05:40:11 -0700] "GET /index.php??l=1068942033 HTTP/1.1" 404 - "-" "Mozilla/5.0 (Linux; Android 6.0.1; Nexus 5X Build/MMB29P) AppleWebKit/537.36 (KHTML, like Gecko) Chrome/141.0.7390.122 Mobile Safari/537.36 (compatible; GoogleOther)"
57.141.2.62 - - [14/Dec/2025:05:40:11 -0700] "GET /?l=494843570 HTTP/1.1" 200 2672 "-" "meta-externalagent/1.1 (+https://developers.facebook.com/docs/sharing/webmasters/crawler)"
57.141.2.34 - - [14/Dec/2025:05:40:19 -0700] "GET /?l=1466091660 HTTP/1.1" 200 2672 "-" "meta-externalagent/1.1 (+https://developers.facebook.com/docs/sharing/webmasters/crawler)"
57.141.2.69 - - [14/Dec/2025:05:40:19 -0700] "GET /?l=312353917 HTTP/1.1" 200 2672 "-" "meta-externalagent/1.1 (+https://developers.facebook.com/docs/sharing/webmasters/crawler)"
66.249.73.161 - - [14/Dec/2025:05:40:22 -0700] "GET /?l=35261120 HTTP/1.1" 200 2672 "-" "Mozilla/5.0 (Linux; Android 6.0.1; Nexus 5X Build/MMB29P) AppleWebKit/537.36 (KHTML, like Gecko) Chrome/141.0.7390.122 Mobile Safari/537.36 (compatible; Googlebot/2.1; +http://www.google.com/bot.html)"
66.249.73.161 - - [14/Dec/2025:05:40:23 -0700] "GET /index.php?l=1064870399 HTTP/1.1" 404 - "-" "Mozilla/5.0 (Linux; Android 6.0.1; Nexus 5X Build/MMB29P) AppleWebKit/537.36 (KHTML, like Gecko) Chrome/141.0.7390.122 Mobile Safari/537.36 (compatible; GoogleOther)"
57.141.2.85 - - [14/Dec/2025:05:40:24 -0700] "GET /?l=742675264 HTTP/1.1" 200 2672 "-" "meta-externalagent/1.1 (+https://developers.facebook.com/docs/sharing/webmasters/crawler)"
66.249.73.161 - - [14/Dec/2025:05:40:36 -0700] "GET /?l=247802674 HTTP/1.1" 200 2672 "-" "Mozilla/5.0 (Linux; Android 6.0.1; Nexus 5X Build/MMB29P) AppleWebKit/537.36 (KHTML, like Gecko) Chrome/141.0.7390.122 Mobile Safari/537.36 (compatible; GoogleOther)"
66.249.73.161 - - [14/Dec/2025:05:40:37 -0700] "GET /?l=1218510919 HTTP/1.1" 200 2672 "-" "Mozilla/5.0 (Linux; Android 6.0.1; Nexus 5X Build/MMB29P) AppleWebKit/537.36 (KHTML, like Gecko) Chrome/141.0.7390.122 Mobile Safari/537.36 (compatible; GoogleOther)"
57.141.2.17 - - [14/Dec/2025:05:40:39 -0700] "GET /?l=1359130279 HTTP/1.1" 200 2672 "-" "meta-externalagent/1.1 (+https://developers.facebook.com/docs/sharing/webmasters/crawler)"
66.249.73.161 - - [14/Dec/2025:05:40:44 -0700] "GET /?l=207300661 HTTP/1.1" 200 2672 "-" "Mozilla/5.0 (Linux; Android 6.0.1; Nexus 5X Build/MMB29P) AppleWebKit/537.36 (KHTML, like Gecko) Chrome/141.0.7390.122 Mobile Safari/537.36 (compatible; GoogleOther)"
66.249.73.161 - - [14/Dec/2025:05:40:51 -0700] "GET /?l=1211858440 HTTP/1.1" 200 2672 "-" "Mozilla/5.0 (Linux; Android 6.0.1; Nexus 5X Build/MMB29P) AppleWebKit/537.36 (KHTML, like Gecko) Chrome/141.0.7390.122 Mobile Safari/537.36 (compatible; GoogleOther)"
189.194.188.177 - - [14/Dec/2025:05:41:00 -0700] "GET /?products%2F10340665%2F HTTP/1.1" 200 2672 "-" "Mozilla/5.0 (Macintosh; Intel Mac OS X 10_12_6) AppleWebKit/537.36 (KHTML, like Gecko) Brave Chrome/80.0.3987.116 Safari/537.36"
57.141.2.88 - - [14/Dec/2025:05:41:04 -0700] "GET /?l=364922390 HTTP/1.1" 200 2672 "-" "meta-externalagent/1.1 (+https://developers.facebook.com/docs/sharing/webmasters/crawler)"
66.249.73.161 - - [14/Dec/2025:05:41:06 -0700] "GET /?l=318379779 HTTP/1.1" 200 2672 "-" "Mozilla/5.0 (Linux; Android 6.0.1; Nexus 5X Build/MMB29P) AppleWebKit/537.36 (KHTML, like Gecko) Chrome/141.0.7390.122 Mobile Safari/537.36 (compatible; GoogleOther)"
66.249.73.161 - - [14/Dec/2025:05:41:09 -0700] "GET /?l=119181874 HTTP/1.1" 200 2672 "-" "Mozilla/5.0 (Linux; Android 6.0.1; Nexus 5X Build/MMB29P) AppleWebKit/537.36 (KHTML, like Gecko) Chrome/141.0.7390.122 Mobile Safari/537.36 (compatible; GoogleOther)"
66.249.73.163 - - [14/Dec/2025:05:41:14 -0700] "GET /?l=36417885 HTTP/1.1" 200 2672 "-" "Mozilla/5.0 (Linux; Android 6.0.1; Nexus 5X Build/MMB29P) AppleWebKit/537.36 (KHTML, like Gecko) Chrome/141.0.7390.122 Mobile Safari/537.36 (compatible; Googlebot/2.1; +http://www.google.com/bot.html)"
57.141.2.69 - - [14/Dec/2025:05:41:19 -0700] "GET /?l=1671310509 HTTP/1.1" 200 2672 "-" "meta-externalagent/1.1 (+https://developers.facebook.com/docs/sharing/webmasters/crawler)"
57.141.2.28 - - [14/Dec/2025:05:41:19 -0700] "GET /?l=1190590278 HTTP/1.1" 200 2672 "-" "meta-externalagent/1.1 (+https://developers.facebook.com/docs/sharing/webmasters/crawler)"
66.249.73.161 - - [14/Dec/2025:05:41:20 -0700] "GET /?l=1198804396 HTTP/1.1" 200 2672 "-" "Mozilla/5.0 (Linux; Android 6.0.1; Nexus 5X Build/MMB29P) AppleWebKit/537.36 (KHTML, like Gecko) Chrome/141.0.7390.122 Mobile Safari/537.36 (compatible; GoogleOther)"
66.249.73.161 - - [14/Dec/2025:05:41:34 -0700] "GET /?l=1200152356 HTTP/1.1" 200 2672 "-" "Mozilla/5.0 (Linux; Android 6.0.1; Nexus 5X Build/MMB29P) AppleWebKit/537.36 (KHTML, like Gecko) Chrome/141.0.7390.122 Mobile Safari/537.36 (compatible; GoogleOther)"
57.141.2.77 - - [14/Dec/2025:05:41:39 -0700] "GET /?l=1202755618 HTTP/1.1" 200 2672 "-" "meta-externalagent/1.1 (+https://developers.facebook.com/docs/sharing/webmasters/crawler)"
43.153.96.233 - - [14/Dec/2025:05:41:39 -0700] "GET /wp-login.php HTTP/1.1" 500 - "-" "Mozilla/5.0 (iPhone; CPU iPhone OS 13_2_3 like Mac OS X) AppleWebKit/605.1.15 (KHTML, like Gecko) Version/13.0.3 Mobile/15E148 Safari/604.1"
57.141.2.27 - - [14/Dec/2025:05:41:42 -0700] "GET /?l=1020797745 HTTP/1.1" 200 2672 "-" "meta-externalagent/1.1 (+https://developers.facebook.com/docs/sharing/webmasters/crawler)"
66.249.73.161 - - [14/Dec/2025:05:41:49 -0700] "GET /?l=311097136 HTTP/1.1" 200 2672 "-" "Mozilla/5.0 (Linux; Android 6.0.1; Nexus 5X Build/MMB29P) AppleWebKit/537.36 (KHTML, like Gecko) Chrome/141.0.7390.122 Mobile Safari/537.36 (compatible; GoogleOther)"
66.249.73.161 - - [14/Dec/2025:05:42:03 -0700] "GET /?l=334043656 HTTP/1.1" 200 2672 "-" "Mozilla/5.0 (Linux; Android 6.0.1; Nexus 5X Build/MMB29P) AppleWebKit/537.36 (KHTML, like Gecko) Chrome/141.0.7390.122 Mobile Safari/537.36 (compatible; GoogleOther)"
66.249.73.161 - - [14/Dec/2025:05:42:17 -0700] "GET /?l=1207294606 HTTP/1.1" 200 2672 "-" "Mozilla/5.0 (Linux; Android 6.0.1; Nexus 5X Build/MMB29P) AppleWebKit/537.36 (KHTML, like Gecko) Chrome/141.0.7390.122 Mobile Safari/537.36 (compatible; GoogleOther)"
66.249.73.161 - - [14/Dec/2025:05:42:32 -0700] "GET /?l=1200882343 HTTP/1.1" 200 2672 "-" "Mozilla/5.0 (Linux; Android 6.0.1; Nexus 5X Build/MMB29P) AppleWebKit/537.36 (KHTML, like Gecko) Chrome/141.0.7390.122 Mobile Safari/537.36 (compatible; GoogleOther)"
57.141.2.12 - - [14/Dec/2025:05:42:40 -0700] "GET /?l=873552247 HTTP/1.1" 200 2672 "-" "meta-externalagent/1.1 (+https://developers.facebook.com/docs/sharing/webmasters/crawler)"
66.249.73.161 - - [14/Dec/2025:05:42:46 -0700] "GET /?l=1208812734 HTTP/1.1" 200 2672 "-" "Mozilla/5.0 (Linux; Android 6.0.1; Nexus 5X Build/MMB29P) AppleWebKit/537.36 (KHTML, like Gecko) Chrome/141.0.7390.122 Mobile Safari/537.36 (compatible; GoogleOther)"
66.249.73.162 - - [14/Dec/2025:05:43:00 -0700] "GET /?l=1213967940 HTTP/1.1" 200 2672 "-" "Mozilla/5.0 (Linux; Android 6.0.1; Nexus 5X Build/MMB29P) AppleWebKit/537.36 (KHTML, like Gecko) Chrome/141.0.7390.122 Mobile Safari/537.36 (compatible; GoogleOther)"
57.141.2.31 - - [14/Dec/2025:05:43:02 -0700] "GET /?l=1869398056 HTTP/1.1" 200 2672 "-" "meta-externalagent/1.1 (+https://developers.facebook.com/docs/sharing/webmasters/crawler)"
66.249.73.161 - - [14/Dec/2025:05:43:15 -0700] "GET /?l=327027385 HTTP/1.1" 200 2672 "-" "Mozilla/5.0 (Linux; Android 6.0.1; Nexus 5X Build/MMB29P) AppleWebKit/537.36 (KHTML, like Gecko) Chrome/141.0.7390.122 Mobile Safari/537.36 (compatible; GoogleOther)"
85.203.15.7 - - [14/Dec/2025:05:43:18 -0700] "GET / HTTP/1.1" 200 2672 "http://grupobalca.com/" "Mozilla/5.0 (Windows NT 10.0; Win64; x64) AppleWebKit/537.36 (KHTML, like Gecko) Chrome/120.0.0.0 Safari/537.36"
66.249.73.161 - - [14/Dec/2025:05:43:29 -0700] "GET /?l=271045102 HTTP/1.1" 200 2672 "-" "Mozilla/5.0 (Linux; Android 6.0.1; Nexus 5X Build/MMB29P) AppleWebKit/537.36 (KHTML, like Gecko) Chrome/141.0.7390.122 Mobile Safari/537.36 (compatible; GoogleOther)"
66.249.73.163 - - [14/Dec/2025:05:43:32 -0700] "GET /?products/25138421/ HTTP/1.1" 200 2672 "-" "Mozilla/5.0 (Linux; Android 6.0.1; Nexus 5X Build/MMB29P) AppleWebKit/537.36 (KHTML, like Gecko) Chrome/141.0.7390.122 Mobile Safari/537.36 (compatible; Googlebot/2.1; +http://www.google.com/bot.html)"
66.249.73.161 - - [14/Dec/2025:05:43:43 -0700] "GET /?l=327041327 HTTP/1.1" 200 2672 "-" "Mozilla/5.0 (Linux; Android 6.0.1; Nexus 5X Build/MMB29P) AppleWebKit/537.36 (KHTML, like Gecko) Chrome/141.0.7390.122 Mobile Safari/537.36 (compatible; GoogleOther)"
66.249.73.161 - - [14/Dec/2025:05:43:49 -0700] "GET /index.php??l=727376966 HTTP/1.1" 404 - "-" "Mozilla/5.0 (Linux; Android 6.0.1; Nexus 5X Build/MMB29P) AppleWebKit/537.36 (KHTML, like Gecko) Chrome/141.0.7390.122 Mobile Safari/537.36 (compatible; GoogleOther)"
66.249.73.161 - - [14/Dec/2025:05:43:50 -0700] "GET /?l=1201766685 HTTP/1.1" 200 2672 "-" "Mozilla/5.0 (Linux; Android 6.0.1; Nexus 5X Build/MMB29P) AppleWebKit/537.36 (KHTML, like Gecko) Chrome/141.0.7390.122 Mobile Safari/537.36 (compatible; GoogleOther)"
66.249.73.161 - - [14/Dec/2025:05:43:50 -0700] "GET /?l=108078491 HTTP/1.1" 200 2672 "-" "Mozilla/5.0 (Linux; Android 6.0.1; Nexus 5X Build/MMB29P) AppleWebKit/537.36 (KHTML, like Gecko) Chrome/141.0.7390.122 Mobile Safari/537.36 (compatible; Googlebot/2.1; +http://www.google.com/bot.html)"
66.249.73.161 - - [14/Dec/2025:05:43:51 -0700] "GET /?l=1220142585 HTTP/1.1" 200 2672 "-" "Mozilla/5.0 (Linux; Android 6.0.1; Nexus 5X Build/MMB29P) AppleWebKit/537.36 (KHTML, like Gecko) Chrome/141.0.7390.122 Mobile Safari/537.36 (compatible; GoogleOther)"
66.249.73.161 - - [14/Dec/2025:05:43:52 -0700] "GET /index.php??l=158942610 HTTP/1.1" 404 - "-" "Mozilla/5.0 (Linux; Android 6.0.1; Nexus 5X Build/MMB29P) AppleWebKit/537.36 (KHTML, like Gecko) Chrome/141.0.7390.122 Mobile Safari/537.36 (compatible; GoogleOther)"
66.249.73.161 - - [14/Dec/2025:05:43:52 -0700] "GET /?l=1045035025 HTTP/1.1" 200 2672 "-" "Mozilla/5.0 (Linux; Android 6.0.1; Nexus 5X Build/MMB29P) AppleWebKit/537.36 (KHTML, like Gecko) Chrome/141.0.7390.122 Mobile Safari/537.36 (compatible; GoogleOther)"
66.249.73.161 - - [14/Dec/2025:05:43:53 -0700] "GET /?l=1099610225 HTTP/1.1" 200 2672 "-" "Mozilla/5.0 (Linux; Android 6.0.1; Nexus 5X Build/MMB29P) AppleWebKit/537.36 (KHTML, like Gecko) Chrome/141.0.7390.122 Mobile Safari/537.36 (compatible; GoogleOther)"
66.249.73.161 - - [14/Dec/2025:05:43:53 -0700] "GET /?l=335062694 HTTP/1.1" 200 2672 "-" "Mozilla/5.0 (Linux; Android 6.0.1; Nexus 5X Build/MMB29P) AppleWebKit/537.36 (KHTML, like Gecko) Chrome/141.0.7390.122 Mobile Safari/537.36 (compatible; GoogleOther)"
66.249.73.161 - - [14/Dec/2025:05:43:54 -0700] "GET /?l=332097029 HTTP/1.1" 200 2672 "-" "Mozilla/5.0 (Linux; Android 6.0.1; Nexus 5X Build/MMB29P) AppleWebKit/537.36 (KHTML, like Gecko) Chrome/141.0.7390.122 Mobile Safari/537.36 (compatible; GoogleOther)"
66.249.73.161 - - [14/Dec/2025:05:43:54 -0700] "GET /?l=130072645 HTTP/1.1" 200 2672 "-" "Mozilla/5.0 (Linux; Android 6.0.1; Nexus 5X Build/MMB29P) AppleWebKit/537.36 (KHTML, like Gecko) Chrome/141.0.7390.122 Mobile Safari/537.36 (compatible; GoogleOther)"
66.249.73.161 - - [14/Dec/2025:05:43:55 -0700] "GET /?l=1155727548 HTTP/1.1" 200 2672 "-" "Mozilla/5.0 (Linux; Android 6.0.1; Nexus 5X Build/MMB29P) AppleWebKit/537.36 (KHTML, like Gecko) Chrome/141.0.7390.122 Mobile Safari/537.36 (compatible; GoogleOther)"
66.249.73.161 - - [14/Dec/2025:05:43:55 -0700] "GET /?l=170796674 HTTP/1.1" 200 2672 "-" "Mozilla/5.0 (Linux; Android 6.0.1; Nexus 5X Build/MMB29P) AppleWebKit/537.36 (KHTML, like Gecko) Chrome/141.0.7390.122 Mobile Safari/537.36 (compatible; GoogleOther)"
66.249.73.161 - - [14/Dec/2025:05:43:56 -0700] "GET /?l=1217726499 HTTP/1.1" 200 2672 "-" "Mozilla/5.0 (Linux; Android 6.0.1; Nexus 5X Build/MMB29P) AppleWebKit/537.36 (KHTML, like Gecko) Chrome/141.0.7390.122 Mobile Safari/537.36 (compatible; GoogleOther)"
66.249.73.161 - - [14/Dec/2025:05:43:56 -0700] "GET /index.php?l=52559850 HTTP/1.1" 404 - "-" "Mozilla/5.0 (Linux; Android 6.0.1; Nexus 5X Build/MMB29P) AppleWebKit/537.36 (KHTML, like Gecko) Chrome/141.0.7390.122 Mobile Safari/537.36 (compatible; GoogleOther)"
66.249.73.161 - - [14/Dec/2025:05:43:57 -0700] "GET /?l=1200902472 HTTP/1.1" 200 2672 "-" "Mozilla/5.0 (Linux; Android 6.0.1; Nexus 5X Build/MMB29P) AppleWebKit/537.36 (KHTML, like Gecko) Chrome/141.0.7390.122 Mobile Safari/537.36 (compatible; GoogleOther)"
66.249.73.161 - - [14/Dec/2025:05:43:57 -0700] "GET /?l=320734849 HTTP/1.1" 200 2672 "-" "Mozilla/5.0 (Linux; Android 6.0.1; Nexus 5X Build/MMB29P) AppleWebKit/537.36 (KHTML, like Gecko) Chrome/141.0.7390.122 Mobile Safari/537.36 (compatible; GoogleOther)"
66.249.73.161 - - [14/Dec/2025:05:43:58 -0700] "GET /?l=1218061472 HTTP/1.1" 200 2672 "-" "Mozilla/5.0 (Linux; Android 6.0.1; Nexus 5X Build/MMB29P) AppleWebKit/537.36 (KHTML, like Gecko) Chrome/141.0.7390.122 Mobile Safari/537.36 (compatible; GoogleOther)"
66.249.73.161 - - [14/Dec/2025:05:43:58 -0700] "GET /index.php??l=726416820 HTTP/1.1" 404 - "-" "Mozilla/5.0 (Linux; Android 6.0.1; Nexus 5X Build/MMB29P) AppleWebKit/537.36 (KHTML, like Gecko) Chrome/141.0.7390.122 Mobile Safari/537.36 (compatible; GoogleOther)"
66.249.73.161 - - [14/Dec/2025:05:43:59 -0700] "GET /?l=1200299167 HTTP/1.1" 200 2672 "-" "Mozilla/5.0 (Linux; Android 6.0.1; Nexus 5X Build/MMB29P) AppleWebKit/537.36 (KHTML, like Gecko) Chrome/141.0.7390.122 Mobile Safari/537.36 (compatible; GoogleOther)"
66.249.73.161 - - [14/Dec/2025:05:43:59 -0700] "GET /?l=65553706 HTTP/1.1" 200 2672 "-" "Mozilla/5.0 (Linux; Android 6.0.1; Nexus 5X Build/MMB29P) AppleWebKit/537.36 (KHTML, like Gecko) Chrome/141.0.7390.122 Mobile Safari/537.36 (compatible; GoogleOther)"
66.249.73.161 - - [14/Dec/2025:05:44:00 -0700] "GET /index.php?l=34175882 HTTP/1.1" 404 - "-" "Mozilla/5.0 (Linux; Android 6.0.1; Nexus 5X Build/MMB29P) AppleWebKit/537.36 (KHTML, like Gecko) Chrome/141.0.7390.122 Mobile Safari/537.36 (compatible; GoogleOther)"
66.249.73.161 - - [14/Dec/2025:05:44:00 -0700] "GET /?l=210539381 HTTP/1.1" 200 2672 "-" "Mozilla/5.0 (Linux; Android 6.0.1; Nexus 5X Build/MMB29P) AppleWebKit/537.36 (KHTML, like Gecko) Chrome/141.0.7390.122 Mobile Safari/537.36 (compatible; GoogleOther)"
66.249.73.161 - - [14/Dec/2025:05:44:01 -0700] "GET /index.php??l=1092211070 HTTP/1.1" 404 - "-" "Mozilla/5.0 (Linux; Android 6.0.1; Nexus 5X Build/MMB29P) AppleWebKit/537.36 (KHTML, like Gecko) Chrome/141.0.7390.122 Mobile Safari/537.36 (compatible; GoogleOther)"
66.249.73.161 - - [14/Dec/2025:05:44:01 -0700] "GET /?l=1217916718 HTTP/1.1" 200 2672 "-" "Mozilla/5.0 (Linux; Android 6.0.1; Nexus 5X Build/MMB29P) AppleWebKit/537.36 (KHTML, like Gecko) Chrome/141.0.7390.122 Mobile Safari/537.36 (compatible; GoogleOther)"
66.249.73.161 - - [14/Dec/2025:05:44:02 -0700] "GET /?l=320942512 HTTP/1.1" 200 2672 "-" "Mozilla/5.0 (Linux; Android 6.0.1; Nexus 5X Build/MMB29P) AppleWebKit/537.36 (KHTML, like Gecko) Chrome/141.0.7390.122 Mobile Safari/537.36 (compatible; GoogleOther)"
66.249.73.161 - - [14/Dec/2025:05:44:03 -0700] "GET /?l=1218744184 HTTP/1.1" 200 2672 "-" "Mozilla/5.0 (Linux; Android 6.0.1; Nexus 5X Build/MMB29P) AppleWebKit/537.36 (KHTML, like Gecko) Chrome/141.0.7390.122 Mobile Safari/537.36 (compatible; GoogleOther)"
66.249.73.161 - - [14/Dec/2025:05:44:04 -0700] "GET /?l=1220041704 HTTP/1.1" 200 2672 "-" "Mozilla/5.0 (Linux; Android 6.0.1; Nexus 5X Build/MMB29P) AppleWebKit/537.36 (KHTML, like Gecko) Chrome/141.0.7390.122 Mobile Safari/537.36 (compatible; GoogleOther)"
66.249.73.161 - - [14/Dec/2025:05:44:05 -0700] "GET /index.php?l=102431317 HTTP/1.1" 404 - "-" "Mozilla/5.0 (Linux; Android 6.0.1; Nexus 5X Build/MMB29P) AppleWebKit/537.36 (KHTML, like Gecko) Chrome/141.0.7390.122 Mobile Safari/537.36 (compatible; GoogleOther)"
66.249.73.161 - - [14/Dec/2025:05:44:06 -0700] "GET /index.php??l=1085295841 HTTP/1.1" 404 - "-" "Mozilla/5.0 (Linux; Android 6.0.1; Nexus 5X Build/MMB29P) AppleWebKit/537.36 (KHTML, like Gecko) Chrome/141.0.7390.122 Mobile Safari/537.36 (compatible; GoogleOther)"
66.249.73.161 - - [14/Dec/2025:05:44:07 -0700] "GET /index.php??l=736475758 HTTP/1.1" 404 - "-" "Mozilla/5.0 (Linux; Android 6.0.1; Nexus 5X Build/MMB29P) AppleWebKit/537.36 (KHTML, like Gecko) Chrome/141.0.7390.122 Mobile Safari/537.36 (compatible; GoogleOther)"
66.249.73.161 - - [14/Dec/2025:05:44:08 -0700] "GET /index.php??l=151842433 HTTP/1.1" 404 - "-" "Mozilla/5.0 (Linux; Android 6.0.1; Nexus 5X Build/MMB29P) AppleWebKit/537.36 (KHTML, like Gecko) Chrome/141.0.7390.122 Mobile Safari/537.36 (compatible; GoogleOther)"
66.249.73.161 - - [14/Dec/2025:05:44:09 -0700] "GET /index.php??l=1085290306 HTTP/1.1" 404 - "-" "Mozilla/5.0 (Linux; Android 6.0.1; Nexus 5X Build/MMB29P) AppleWebKit/537.36 (KHTML, like Gecko) Chrome/141.0.7390.122 Mobile Safari/537.36 (compatible; GoogleOther)"
66.249.73.161 - - [14/Dec/2025:05:44:12 -0700] "GET /?l=1222582969 HTTP/1.1" 200 2672 "-" "Mozilla/5.0 (Linux; Android 6.0.1; Nexus 5X Build/MMB29P) AppleWebKit/537.36 (KHTML, like Gecko) Chrome/141.0.7390.122 Mobile Safari/537.36 (compatible; GoogleOther)"
66.249.73.161 - - [14/Dec/2025:05:44:21 -0700] "GET /index.php??l=1067070632 HTTP/1.1" 404 - "-" "Mozilla/5.0 (Linux; Android 6.0.1; Nexus 5X Build/MMB29P) AppleWebKit/537.36 (KHTML, like Gecko) Chrome/141.0.7390.122 Mobile Safari/537.36 (compatible; GoogleOther)"
66.249.73.161 - - [14/Dec/2025:05:44:26 -0700] "GET /?l=319088052 HTTP/1.1" 200 2672 "-" "Mozilla/5.0 (Linux; Android 6.0.1; Nexus 5X Build/MMB29P) AppleWebKit/537.36 (KHTML, like Gecko) Chrome/141.0.7390.122 Mobile Safari/537.36 (compatible; GoogleOther)"
66.249.73.161 - - [14/Dec/2025:05:44:41 -0700] "GET /?l=1220256318 HTTP/1.1" 200 2672 "-" "Mozilla/5.0 (Linux; Android 6.0.1; Nexus 5X Build/MMB29P) AppleWebKit/537.36 (KHTML, like Gecko) Chrome/141.0.7390.122 Mobile Safari/537.36 (compatible; GoogleOther)"
57.141.2.38 - - [14/Dec/2025:05:44:44 -0700] "GET /?l=1007278528 HTTP/1.1" 200 2672 "-" "meta-externalagent/1.1 (+https://developers.facebook.com/docs/sharing/webmasters/crawler)"
57.141.2.71 - - [14/Dec/2025:05:44:45 -0700] "GET /?l=241654282 HTTP/1.1" 200 2672 "-" "meta-externalagent/1.1 (+https://developers.facebook.com/docs/sharing/webmasters/crawler)"
57.141.2.72 - - [14/Dec/2025:05:44:45 -0700] "GET /?l=1134601349 HTTP/1.1" 200 2672 "-" "meta-externalagent/1.1 (+https://developers.facebook.com/docs/sharing/webmasters/crawler)"
