41.35.12.10 - - [14/Dec/2025:06:35:11 -0700] "GET /?l=3144568 HTTP/1.1" 200 2672 "-" "Mozilla/5.0 (Windows NT 10.0) AppleWebKit/537.36 (KHTML, like Gecko) Chrome/66.0.3359.2 Safari/537.36"
66.249.73.162 - - [14/Dec/2025:06:35:19 -0700] "GET /?l=1061665317 HTTP/1.1" 200 2672 "-" "Mozilla/5.0 (Linux; Android 6.0.1; Nexus 5X Build/MMB29P) AppleWebKit/537.36 (KHTML, like Gecko) Chrome/141.0.7390.122 Mobile Safari/537.36 (compatible; GoogleOther)"
66.249.73.161 - - [14/Dec/2025:06:35:20 -0700] "GET /?l=318761990 HTTP/1.1" 200 2672 "-" "Mozilla/5.0 (Linux; Android 6.0.1; Nexus 5X Build/MMB29P) AppleWebKit/537.36 (KHTML, like Gecko) Chrome/141.0.7390.122 Mobile Safari/537.36 (compatible; GoogleOther)"
57.141.2.66 - - [14/Dec/2025:06:35:31 -0700] "GET /?l=241152622 HTTP/1.1" 200 2672 "-" "meta-externalagent/1.1 (+https://developers.facebook.com/docs/sharing/webmasters/crawler)"
66.249.73.161 - - [14/Dec/2025:06:35:34 -0700] "GET /?l=325729993 HTTP/1.1" 200 2672 "-" "Mozilla/5.0 (Linux; Android 6.0.1; Nexus 5X Build/MMB29P) AppleWebKit/537.36 (KHTML, like Gecko) Chrome/141.0.7390.122 Mobile Safari/537.36 (compatible; GoogleOther)"
57.141.2.49 - - [14/Dec/2025:06:35:35 -0700] "GET /?l=2050009142 HTTP/1.1" 200 2672 "-" "meta-externalagent/1.1 (+https://developers.facebook.com/docs/sharing/webmasters/crawler)"
57.141.2.69 - - [14/Dec/2025:06:35:42 -0700] "GET /?l=1935535066 HTTP/1.1" 200 2672 "-" "meta-externalagent/1.1 (+https://developers.facebook.com/docs/sharing/webmasters/crawler)"
66.249.73.161 - - [14/Dec/2025:06:35:48 -0700] "GET /index.php??l=153181487 HTTP/1.1" 404 - "-" "Mozilla/5.0 (Linux; Android 6.0.1; Nexus 5X Build/MMB29P) AppleWebKit/537.36 (KHTML, like Gecko) Chrome/141.0.7390.122 Mobile Safari/537.36 (compatible; GoogleOther)"
66.249.73.163 - - [14/Dec/2025:06:36:03 -0700] "GET /?l=1198709554 HTTP/1.1" 200 2672 "-" "Mozilla/5.0 (Linux; Android 6.0.1; Nexus 5X Build/MMB29P) AppleWebKit/537.36 (KHTML, like Gecko) Chrome/141.0.7390.122 Mobile Safari/537.36 (compatible; GoogleOther)"
57.141.2.73 - - [14/Dec/2025:06:36:15 -0700] "GET /?l=550108910 HTTP/1.1" 200 2672 "-" "meta-externalagent/1.1 (+https://developers.facebook.com/docs/sharing/webmasters/crawler)"
57.141.2.27 - - [14/Dec/2025:06:36:15 -0700] "GET /?l=493360901 HTTP/1.1" 200 2672 "-" "meta-externalagent/1.1 (+https://developers.facebook.com/docs/sharing/webmasters/crawler)"
66.249.73.162 - - [14/Dec/2025:06:36:17 -0700] "GET /?l=1224370821 HTTP/1.1" 200 2672 "-" "Mozilla/5.0 (Linux; Android 6.0.1; Nexus 5X Build/MMB29P) AppleWebKit/537.36 (KHTML, like Gecko) Chrome/141.0.7390.122 Mobile Safari/537.36 (compatible; GoogleOther)"
66.249.73.161 - - [14/Dec/2025:06:36:31 -0700] "GET /?l=1200124235 HTTP/1.1" 200 2672 "-" "Mozilla/5.0 (Linux; Android 6.0.1; Nexus 5X Build/MMB29P) AppleWebKit/537.36 (KHTML, like Gecko) Chrome/141.0.7390.122 Mobile Safari/537.36 (compatible; GoogleOther)"
66.249.73.161 - - [14/Dec/2025:06:36:46 -0700] "GET /?l=1203844579 HTTP/1.1" 200 2672 "-" "Mozilla/5.0 (Linux; Android 6.0.1; Nexus 5X Build/MMB29P) AppleWebKit/537.36 (KHTML, like Gecko) Chrome/141.0.7390.122 Mobile Safari/537.36 (compatible; GoogleOther)"
66.249.73.163 - - [14/Dec/2025:06:37:00 -0700] "GET /?l=1205707838 HTTP/1.1" 200 2672 "-" "Mozilla/5.0 (Linux; Android 6.0.1; Nexus 5X Build/MMB29P) AppleWebKit/537.36 (KHTML, like Gecko) Chrome/141.0.7390.122 Mobile Safari/537.36 (compatible; GoogleOther)"
45.180.58.24 - - [14/Dec/2025:06:37:01 -0700] "GET /?l=3003470 HTTP/1.1" 200 2672 "-" "Mozilla/5.0 (Macintosh; Intel Mac OS X 11_1_0) AppleWebKit/537.36 (KHTML, like Gecko) Brave Chrome/87.0.4280.67 Safari/537.36"
66.249.73.161 - - [14/Dec/2025:06:37:14 -0700] "GET /?l=323354237 HTTP/1.1" 200 2672 "-" "Mozilla/5.0 (Linux; Android 6.0.1; Nexus 5X Build/MMB29P) AppleWebKit/537.36 (KHTML, like Gecko) Chrome/141.0.7390.122 Mobile Safari/537.36 (compatible; GoogleOther)"
66.249.73.161 - - [14/Dec/2025:06:37:29 -0700] "GET /?l=318796310 HTTP/1.1" 200 2672 "-" "Mozilla/5.0 (Linux; Android 6.0.1; Nexus 5X Build/MMB29P) AppleWebKit/537.36 (KHTML, like Gecko) Chrome/141.0.7390.122 Mobile Safari/537.36 (compatible; GoogleOther)"
57.141.2.90 - - [14/Dec/2025:06:37:36 -0700] "GET /?l=1964001896 HTTP/1.1" 200 2672 "-" "meta-externalagent/1.1 (+https://developers.facebook.com/docs/sharing/webmasters/crawler)"
57.141.2.94 - - [14/Dec/2025:06:37:36 -0700] "GET /?l=1403962997 HTTP/1.1" 200 2672 "-" "meta-externalagent/1.1 (+https://developers.facebook.com/docs/sharing/webmasters/crawler)"
57.141.2.82 - - [14/Dec/2025:06:37:40 -0700] "GET /?l=1936632810 HTTP/1.1" 200 2672 "-" "meta-externalagent/1.1 (+https://developers.facebook.com/docs/sharing/webmasters/crawler)"
66.249.73.161 - - [14/Dec/2025:06:37:43 -0700] "GET /?l=1222597882 HTTP/1.1" 200 2672 "-" "Mozilla/5.0 (Linux; Android 6.0.1; Nexus 5X Build/MMB29P) AppleWebKit/537.36 (KHTML, like Gecko) Chrome/141.0.7390.122 Mobile Safari/537.36 (compatible; GoogleOther)"
57.141.2.8 - - [14/Dec/2025:06:37:46 -0700] "GET /?l=452893228 HTTP/1.1" 200 2672 "-" "meta-externalagent/1.1 (+https://developers.facebook.com/docs/sharing/webmasters/crawler)"
57.141.2.19 - - [14/Dec/2025:06:37:55 -0700] "GET /?l=11442229 HTTP/1.1" 200 2672 "-" "meta-externalagent/1.1 (+https://developers.facebook.com/docs/sharing/webmasters/crawler)"
66.249.73.161 - - [14/Dec/2025:06:37:57 -0700] "GET /index.php?l=1018192764 HTTP/1.1" 404 - "-" "Mozilla/5.0 (Linux; Android 6.0.1; Nexus 5X Build/MMB29P) AppleWebKit/537.36 (KHTML, like Gecko) Chrome/141.0.7390.122 Mobile Safari/537.36 (compatible; GoogleOther)"
57.141.2.85 - - [14/Dec/2025:06:38:01 -0700] "GET /?l=1701847565 HTTP/1.1" 200 2672 "-" "meta-externalagent/1.1 (+https://developers.facebook.com/docs/sharing/webmasters/crawler)"
57.141.2.8 - - [14/Dec/2025:06:38:01 -0700] "GET /?l=589365051 HTTP/1.1" 200 2672 "-" "meta-externalagent/1.1 (+https://developers.facebook.com/docs/sharing/webmasters/crawler)"
66.249.73.162 - - [14/Dec/2025:06:38:02 -0700] "GET /index.php??l=38364480 HTTP/1.1" 404 - "-" "Mozilla/5.0 (Linux; Android 6.0.1; Nexus 5X Build/MMB29P) AppleWebKit/537.36 (KHTML, like Gecko) Chrome/141.0.7390.122 Mobile Safari/537.36 (compatible; GoogleOther)"
66.249.73.162 - - [14/Dec/2025:06:38:03 -0700] "GET /?l=222239217 HTTP/1.1" 200 2672 "-" "Mozilla/5.0 (Linux; Android 6.0.1; Nexus 5X Build/MMB29P) AppleWebKit/537.36 (KHTML, like Gecko) Chrome/141.0.7390.122 Mobile Safari/537.36 (compatible; GoogleOther)"
66.249.73.163 - - [14/Dec/2025:06:38:03 -0700] "GET /?l=298525723 HTTP/1.1" 200 2672 "-" "Mozilla/5.0 (Linux; Android 6.0.1; Nexus 5X Build/MMB29P) AppleWebKit/537.36 (KHTML, like Gecko) Chrome/141.0.7390.122 Mobile Safari/537.36 (compatible; GoogleOther)"
66.249.73.162 - - [14/Dec/2025:06:38:03 -0700] "GET /?l=309682038 HTTP/1.1" 200 2672 "-" "Mozilla/5.0 (Linux; Android 6.0.1; Nexus 5X Build/MMB29P) AppleWebKit/537.36 (KHTML, like Gecko) Chrome/141.0.7390.122 Mobile Safari/537.36 (compatible; GoogleOther)"
66.249.73.162 - - [14/Dec/2025:06:38:04 -0700] "GET /?l=695997121 HTTP/1.1" 200 2672 "-" "Mozilla/5.0 (Linux; Android 6.0.1; Nexus 5X Build/MMB29P) AppleWebKit/537.36 (KHTML, like Gecko) Chrome/141.0.7390.122 Mobile Safari/537.36 (compatible; GoogleOther)"
66.249.73.161 - - [14/Dec/2025:06:38:05 -0700] "GET /?l=201333561 HTTP/1.1" 200 2672 "-" "Mozilla/5.0 (Linux; Android 6.0.1; Nexus 5X Build/MMB29P) AppleWebKit/537.36 (KHTML, like Gecko) Chrome/141.0.7390.122 Mobile Safari/537.36 (compatible; GoogleOther)"
66.249.73.162 - - [14/Dec/2025:06:38:05 -0700] "GET /?l=117048395 HTTP/1.1" 200 2672 "-" "Mozilla/5.0 (Linux; Android 6.0.1; Nexus 5X Build/MMB29P) AppleWebKit/537.36 (KHTML, like Gecko) Chrome/141.0.7390.122 Mobile Safari/537.36 (compatible; GoogleOther)"
66.249.73.162 - - [14/Dec/2025:06:38:05 -0700] "GET /?l=325390785 HTTP/1.1" 200 2672 "-" "Mozilla/5.0 (Linux; Android 6.0.1; Nexus 5X Build/MMB29P) AppleWebKit/537.36 (KHTML, like Gecko) Chrome/141.0.7390.122 Mobile Safari/537.36 (compatible; GoogleOther)"
57.141.2.32 - - [14/Dec/2025:06:38:07 -0700] "GET /?l=1790397368 HTTP/1.1" 200 2672 "-" "meta-externalagent/1.1 (+https://developers.facebook.com/docs/sharing/webmasters/crawler)"
57.141.2.24 - - [14/Dec/2025:06:38:07 -0700] "GET /?l=1872990568 HTTP/1.1" 200 2672 "-" "meta-externalagent/1.1 (+https://developers.facebook.com/docs/sharing/webmasters/crawler)"
66.249.73.161 - - [14/Dec/2025:06:38:09 -0700] "GET /?l=121964535 HTTP/1.1" 200 2672 "-" "Mozilla/5.0 (Linux; Android 6.0.1; Nexus 5X Build/MMB29P) AppleWebKit/537.36 (KHTML, like Gecko) Chrome/141.0.7390.122 Mobile Safari/537.36 (compatible; GoogleOther)"
66.249.73.162 - - [14/Dec/2025:06:38:10 -0700] "GET /index.php??l=100065000 HTTP/1.1" 404 - "-" "Mozilla/5.0 (Linux; Android 6.0.1; Nexus 5X Build/MMB29P) AppleWebKit/537.36 (KHTML, like Gecko) Chrome/141.0.7390.122 Mobile Safari/537.36 (compatible; GoogleOther)"
66.249.73.161 - - [14/Dec/2025:06:38:12 -0700] "GET /?l=309798462 HTTP/1.1" 200 2672 "-" "Mozilla/5.0 (Linux; Android 6.0.1; Nexus 5X Build/MMB29P) AppleWebKit/537.36 (KHTML, like Gecko) Chrome/141.0.7390.122 Mobile Safari/537.36 (compatible; GoogleOther)"
57.141.2.14 - - [14/Dec/2025:06:38:13 -0700] "GET /?l=680654930 HTTP/1.1" 200 2672 "-" "meta-externalagent/1.1 (+https://developers.facebook.com/docs/sharing/webmasters/crawler)"
66.249.73.161 - - [14/Dec/2025:06:38:26 -0700] "GET /index.php??l=1040884878 HTTP/1.1" 404 - "-" "Mozilla/5.0 (Linux; Android 6.0.1; Nexus 5X Build/MMB29P) AppleWebKit/537.36 (KHTML, like Gecko) Chrome/141.0.7390.122 Mobile Safari/537.36 (compatible; GoogleOther)"
57.141.2.11 - - [14/Dec/2025:06:38:28 -0700] "GET /?l=161124653 HTTP/1.1" 200 2672 "-" "meta-externalagent/1.1 (+https://developers.facebook.com/docs/sharing/webmasters/crawler)"
66.249.73.161 - - [14/Dec/2025:06:38:31 -0700] "GET /index.php??l=1072817459 HTTP/1.1" 404 - "-" "Mozilla/5.0 (Linux; Android 6.0.1; Nexus 5X Build/MMB29P) AppleWebKit/537.36 (KHTML, like Gecko) Chrome/141.0.7390.122 Mobile Safari/537.36 (compatible; GoogleOther)"
66.249.73.161 - - [14/Dec/2025:06:38:40 -0700] "GET /?l=1209451062 HTTP/1.1" 200 2672 "-" "Mozilla/5.0 (Linux; Android 6.0.1; Nexus 5X Build/MMB29P) AppleWebKit/537.36 (KHTML, like Gecko) Chrome/141.0.7390.122 Mobile Safari/537.36 (compatible; GoogleOther)"
57.141.2.29 - - [14/Dec/2025:06:38:44 -0700] "GET /?l=1636745855 HTTP/1.1" 200 2672 "-" "meta-externalagent/1.1 (+https://developers.facebook.com/docs/sharing/webmasters/crawler)"
66.249.73.161 - - [14/Dec/2025:06:38:55 -0700] "GET /index.php?l=1058172821 HTTP/1.1" 404 - "-" "Mozilla/5.0 (Linux; Android 6.0.1; Nexus 5X Build/MMB29P) AppleWebKit/537.36 (KHTML, like Gecko) Chrome/141.0.7390.122 Mobile Safari/537.36 (compatible; GoogleOther)"
66.249.73.161 - - [14/Dec/2025:06:38:56 -0700] "GET /?l=67192547 HTTP/1.1" 200 2672 "-" "Mozilla/5.0 (Linux; Android 6.0.1; Nexus 5X Build/MMB29P) AppleWebKit/537.36 (KHTML, like Gecko) Chrome/141.0.7390.122 Mobile Safari/537.36 (compatible; GoogleOther)"
57.141.2.80 - - [14/Dec/2025:06:38:56 -0700] "GET /?l=1632483828 HTTP/1.1" 200 2672 "-" "meta-externalagent/1.1 (+https://developers.facebook.com/docs/sharing/webmasters/crawler)"
66.249.73.162 - - [14/Dec/2025:06:39:09 -0700] "GET /?l=307531629 HTTP/1.1" 200 2672 "-" "Mozilla/5.0 (Linux; Android 6.0.1; Nexus 5X Build/MMB29P) AppleWebKit/537.36 (KHTML, like Gecko) Chrome/141.0.7390.122 Mobile Safari/537.36 (compatible; GoogleOther)"
66.249.73.161 - - [14/Dec/2025:06:39:23 -0700] "GET /index.php?l=52580682 HTTP/1.1" 404 - "-" "Mozilla/5.0 (Linux; Android 6.0.1; Nexus 5X Build/MMB29P) AppleWebKit/537.36 (KHTML, like Gecko) Chrome/141.0.7390.122 Mobile Safari/537.36 (compatible; GoogleOther)"
66.249.73.161 - - [14/Dec/2025:06:39:29 -0700] "GET /?l=169454087 HTTP/1.1" 200 2672 "-" "Mozilla/5.0 (Linux; Android 6.0.1; Nexus 5X Build/MMB29P) AppleWebKit/537.36 (KHTML, like Gecko) Chrome/141.0.7390.122 Mobile Safari/537.36 (compatible; GoogleOther)"
66.249.73.161 - - [14/Dec/2025:06:39:36 -0700] "GET /?l=256811281 HTTP/1.1" 200 2672 "-" "Mozilla/5.0 (Linux; Android 6.0.1; Nexus 5X Build/MMB29P) AppleWebKit/537.36 (KHTML, like Gecko) Chrome/141.0.7390.122 Mobile Safari/537.36 (compatible; GoogleOther)"
57.141.2.31 - - [14/Dec/2025:06:39:37 -0700] "GET /?l=1039660678 HTTP/1.1" 200 2672 "-" "meta-externalagent/1.1 (+https://developers.facebook.com/docs/sharing/webmasters/crawler)"
66.249.73.161 - - [14/Dec/2025:06:39:38 -0700] "GET /?l=332013624 HTTP/1.1" 200 2672 "-" "Mozilla/5.0 (Linux; Android 6.0.1; Nexus 5X Build/MMB29P) AppleWebKit/537.36 (KHTML, like Gecko) Chrome/141.0.7390.122 Mobile Safari/537.36 (compatible; GoogleOther)"
66.249.73.163 - - [14/Dec/2025:06:39:51 -0700] "GET /?goods/26880154 HTTP/1.1" 200 2672 "-" "Mozilla/5.0 (Linux; Android 6.0.1; Nexus 5X Build/MMB29P) AppleWebKit/537.36 (KHTML, like Gecko) Chrome/141.0.7390.122 Mobile Safari/537.36 (compatible; Googlebot/2.1; +http://www.google.com/bot.html)"
66.249.73.161 - - [14/Dec/2025:06:39:51 -0700] "GET /?l=102595950 HTTP/1.1" 200 2672 "-" "Mozilla/5.0 (Linux; Android 6.0.1; Nexus 5X Build/MMB29P) AppleWebKit/537.36 (KHTML, like Gecko) Chrome/141.0.7390.122 Mobile Safari/537.36 (compatible; Googlebot/2.1; +http://www.google.com/bot.html)"
66.249.73.161 - - [14/Dec/2025:06:39:52 -0700] "GET /?l=333870067 HTTP/1.1" 200 2672 "-" "Mozilla/5.0 (Linux; Android 6.0.1; Nexus 5X Build/MMB29P) AppleWebKit/537.36 (KHTML, like Gecko) Chrome/141.0.7390.122 Mobile Safari/537.36 (compatible; GoogleOther)"
66.249.73.161 - - [14/Dec/2025:06:39:56 -0700] "GET /?l=111362424 HTTP/1.1" 200 2672 "-" "Mozilla/5.0 (Linux; Android 6.0.1; Nexus 5X Build/MMB29P) AppleWebKit/537.36 (KHTML, like Gecko) Chrome/141.0.7390.122 Mobile Safari/537.36 (compatible; Googlebot/2.1; +http://www.google.com/bot.html)"
57.141.2.92 - - [14/Dec/2025:06:39:58 -0700] "GET /?l=1936710129 HTTP/1.1" 200 2672 "-" "meta-externalagent/1.1 (+https://developers.facebook.com/docs/sharing/webmasters/crawler)"
54.38.90.164 - - [14/Dec/2025:06:40:04 -0700] "GET /wp-content/uploads/2025/07/10-2.png HTTP/1.1" 404 - "-" "python-urllib3/1.26.18"
54.38.90.164 - - [14/Dec/2025:06:40:04 -0700] "GET /wp-content/uploads/2025/07/sen-1.png HTTP/1.1" 404 - "-" "python-urllib3/1.26.18"
54.38.90.164 - - [14/Dec/2025:06:40:05 -0700] "GET /wp-content/uploads/2025/07/17-1-1.png HTTP/1.1" 404 - "-" "python-urllib3/1.26.18"
54.38.90.164 - - [14/Dec/2025:06:40:05 -0700] "GET /wp-content/uploads/2025/02/GettyImages-1387035425.jpg HTTP/1.1" 404 - "-" "python-urllib3/1.26.18"
54.38.90.164 - - [14/Dec/2025:06:40:05 -0700] "GET /wp-content/uploads/2025/07/12-2.png HTTP/1.1" 404 - "-" "python-urllib3/1.26.18"
66.249.73.163 - - [14/Dec/2025:06:40:06 -0700] "GET /?l=1224076712 HTTP/1.1" 200 2672 "-" "Mozilla/5.0 (Linux; Android 6.0.1; Nexus 5X Build/MMB29P) AppleWebKit/537.36 (KHTML, like Gecko) Chrome/141.0.7390.122 Mobile Safari/537.36 (compatible; GoogleOther)"
57.141.2.75 - - [14/Dec/2025:06:40:20 -0700] "GET /?l=1639211432 HTTP/1.1" 200 2672 "-" "meta-externalagent/1.1 (+https://developers.facebook.com/docs/sharing/webmasters/crawler)"
66.249.73.161 - - [14/Dec/2025:06:40:21 -0700] "GET /?l=320514214 HTTP/1.1" 200 2672 "-" "Mozilla/5.0 (Linux; Android 6.0.1; Nexus 5X Build/MMB29P) AppleWebKit/537.36 (KHTML, like Gecko) Chrome/141.0.7390.122 Mobile Safari/537.36 (compatible; GoogleOther)"
66.249.73.161 - - [14/Dec/2025:06:40:35 -0700] "GET /?l=1207581252 HTTP/1.1" 200 2672 "-" "Mozilla/5.0 (Linux; Android 6.0.1; Nexus 5X Build/MMB29P) AppleWebKit/537.36 (KHTML, like Gecko) Chrome/141.0.7390.122 Mobile Safari/537.36 (compatible; GoogleOther)"
57.141.2.75 - - [14/Dec/2025:06:40:42 -0700] "GET /?l=1295095064 HTTP/1.1" 200 2672 "-" "meta-externalagent/1.1 (+https://developers.facebook.com/docs/sharing/webmasters/crawler)"
57.141.2.70 - - [14/Dec/2025:06:40:46 -0700] "GET /?l=1841112845 HTTP/1.1" 200 2672 "-" "meta-externalagent/1.1 (+https://developers.facebook.com/docs/sharing/webmasters/crawler)"
66.249.73.161 - - [14/Dec/2025:06:40:49 -0700] "GET /?l=1201937049 HTTP/1.1" 200 2672 "-" "Mozilla/5.0 (Linux; Android 6.0.1; Nexus 5X Build/MMB29P) AppleWebKit/537.36 (KHTML, like Gecko) Chrome/141.0.7390.122 Mobile Safari/537.36 (compatible; GoogleOther)"
57.141.2.66 - - [14/Dec/2025:06:40:57 -0700] "GET /?l=1554188957 HTTP/1.1" 200 2672 "-" "meta-externalagent/1.1 (+https://developers.facebook.com/docs/sharing/webmasters/crawler)"
57.141.2.66 - - [14/Dec/2025:06:41:02 -0700] "GET /?l=742663184 HTTP/1.1" 200 2672 "-" "meta-externalagent/1.1 (+https://developers.facebook.com/docs/sharing/webmasters/crawler)"
66.249.73.161 - - [14/Dec/2025:06:41:04 -0700] "GET /index.php?l=23533547 HTTP/1.1" 404 - "-" "Mozilla/5.0 (Linux; Android 6.0.1; Nexus 5X Build/MMB29P) AppleWebKit/537.36 (KHTML, like Gecko) Chrome/141.0.7390.122 Mobile Safari/537.36 (compatible; GoogleOther)"
57.141.2.73 - - [14/Dec/2025:06:41:12 -0700] "GET /?l=2045783484 HTTP/1.1" 200 2672 "-" "meta-externalagent/1.1 (+https://developers.facebook.com/docs/sharing/webmasters/crawler)"
66.249.73.161 - - [14/Dec/2025:06:41:18 -0700] "GET /index.php?l=105046915 HTTP/1.1" 404 - "-" "Mozilla/5.0 (Linux; Android 6.0.1; Nexus 5X Build/MMB29P) AppleWebKit/537.36 (KHTML, like Gecko) Chrome/141.0.7390.122 Mobile Safari/537.36 (compatible; GoogleOther)"
57.141.2.71 - - [14/Dec/2025:06:41:19 -0700] "GET /?l=1964387867 HTTP/1.1" 200 2672 "-" "meta-externalagent/1.1 (+https://developers.facebook.com/docs/sharing/webmasters/crawler)"
57.141.2.57 - - [14/Dec/2025:06:41:19 -0700] "GET /?l=858689040 HTTP/1.1" 200 2672 "-" "meta-externalagent/1.1 (+https://developers.facebook.com/docs/sharing/webmasters/crawler)"
47.82.11.119 - - [14/Dec/2025:06:41:27 -0700] "GET /?shopdetail/21039209/ HTTP/1.1" 200 2672 "https://grupobalca.com/" "Mozilla/5.0 (Windows NT 10.0; Win64; x64; rv:136.0) Gecko/20100101 Firefox/136.0"
57.141.2.64 - - [14/Dec/2025:06:41:30 -0700] "GET /?l=1481994957 HTTP/1.1" 200 2672 "-" "meta-externalagent/1.1 (+https://developers.facebook.com/docs/sharing/webmasters/crawler)"
66.249.73.161 - - [14/Dec/2025:06:41:32 -0700] "GET /?l=323238367 HTTP/1.1" 200 2672 "-" "Mozilla/5.0 (Linux; Android 6.0.1; Nexus 5X Build/MMB29P) AppleWebKit/537.36 (KHTML, like Gecko) Chrome/141.0.7390.122 Mobile Safari/537.36 (compatible; GoogleOther)"
57.141.2.8 - - [14/Dec/2025:06:41:41 -0700] "GET /?l=93329072 HTTP/1.1" 200 2672 "-" "meta-externalagent/1.1 (+https://developers.facebook.com/docs/sharing/webmasters/crawler)"
66.249.73.161 - - [14/Dec/2025:06:41:47 -0700] "GET /?l=329680207 HTTP/1.1" 200 2672 "-" "Mozilla/5.0 (Linux; Android 6.0.1; Nexus 5X Build/MMB29P) AppleWebKit/537.36 (KHTML, like Gecko) Chrome/141.0.7390.122 Mobile Safari/537.36 (compatible; GoogleOther)"
57.141.2.78 - - [14/Dec/2025:06:41:55 -0700] "GET /?l=1359386393 HTTP/1.1" 200 2672 "-" "meta-externalagent/1.1 (+https://developers.facebook.com/docs/sharing/webmasters/crawler)"
66.249.73.163 - - [14/Dec/2025:06:42:01 -0700] "GET /?l=321007268 HTTP/1.1" 200 2672 "-" "Mozilla/5.0 (Linux; Android 6.0.1; Nexus 5X Build/MMB29P) AppleWebKit/537.36 (KHTML, like Gecko) Chrome/141.0.7390.122 Mobile Safari/537.36 (compatible; GoogleOther)"
66.249.73.162 - - [14/Dec/2025:06:42:12 -0700] "GET /?l=1064810697 HTTP/1.1" 200 2672 "-" "Mozilla/5.0 (Linux; Android 6.0.1; Nexus 5X Build/MMB29P) AppleWebKit/537.36 (KHTML, like Gecko) Chrome/141.0.7390.122 Mobile Safari/537.36 (compatible; GoogleOther)"
66.249.73.162 - - [14/Dec/2025:06:42:13 -0700] "GET /?l=1083839428 HTTP/1.1" 200 2672 "-" "Mozilla/5.0 (Linux; Android 6.0.1; Nexus 5X Build/MMB29P) AppleWebKit/537.36 (KHTML, like Gecko) Chrome/141.0.7390.122 Mobile Safari/537.36 (compatible; GoogleOther)"
66.249.73.161 - - [14/Dec/2025:06:42:13 -0700] "GET /?l=327742209 HTTP/1.1" 200 2672 "-" "Mozilla/5.0 (Linux; Android 6.0.1; Nexus 5X Build/MMB29P) AppleWebKit/537.36 (KHTML, like Gecko) Chrome/141.0.7390.122 Mobile Safari/537.36 (compatible; GoogleOther)"
66.249.73.161 - - [14/Dec/2025:06:42:13 -0700] "GET /?l=225158472 HTTP/1.1" 200 2672 "-" "Mozilla/5.0 (Linux; Android 6.0.1; Nexus 5X Build/MMB29P) AppleWebKit/537.36 (KHTML, like Gecko) Chrome/141.0.7390.122 Mobile Safari/537.36 (compatible; GoogleOther)"
66.249.73.162 - - [14/Dec/2025:06:42:14 -0700] "GET /?products/17529432 HTTP/1.1" 200 2672 "-" "Mozilla/5.0 (Linux; Android 6.0.1; Nexus 5X Build/MMB29P) AppleWebKit/537.36 (KHTML, like Gecko) Chrome/141.0.7390.122 Mobile Safari/537.36 (compatible; Googlebot/2.1; +http://www.google.com/bot.html)"
66.249.73.161 - - [14/Dec/2025:06:42:14 -0700] "GET /?l=95742505 HTTP/1.1" 200 2672 "-" "Mozilla/5.0 (Linux; Android 6.0.1; Nexus 5X Build/MMB29P) AppleWebKit/537.36 (KHTML, like Gecko) Chrome/141.0.7390.122 Mobile Safari/537.36 (compatible; Googlebot/2.1; +http://www.google.com/bot.html)"
66.249.73.161 - - [14/Dec/2025:06:42:14 -0700] "GET /?l=121181455 HTTP/1.1" 200 2672 "-" "Mozilla/5.0 (Linux; Android 6.0.1; Nexus 5X Build/MMB29P) AppleWebKit/537.36 (KHTML, like Gecko) Chrome/141.0.7390.122 Mobile Safari/537.36 (compatible; GoogleOther)"
66.249.73.162 - - [14/Dec/2025:06:42:14 -0700] "GET /?l=109126750 HTTP/1.1" 200 2672 "-" "Mozilla/5.0 (Linux; Android 6.0.1; Nexus 5X Build/MMB29P) AppleWebKit/537.36 (KHTML, like Gecko) Chrome/141.0.7390.122 Mobile Safari/537.36 (compatible; Googlebot/2.1; +http://www.google.com/bot.html)"
66.249.73.161 - - [14/Dec/2025:06:42:14 -0700] "GET /?l=291605103 HTTP/1.1" 200 2672 "-" "Mozilla/5.0 (Linux; Android 6.0.1; Nexus 5X Build/MMB29P) AppleWebKit/537.36 (KHTML, like Gecko) Chrome/141.0.7390.122 Mobile Safari/537.36 (compatible; GoogleOther)"
66.249.73.161 - - [14/Dec/2025:06:42:15 -0700] "GET /?l=179517386 HTTP/1.1" 200 2672 "-" "Mozilla/5.0 (Linux; Android 6.0.1; Nexus 5X Build/MMB29P) AppleWebKit/537.36 (KHTML, like Gecko) Chrome/141.0.7390.122 Mobile Safari/537.36 (compatible; GoogleOther)"
66.249.73.162 - - [14/Dec/2025:06:42:15 -0700] "GET /?l=176208020 HTTP/1.1" 200 2672 "-" "Mozilla/5.0 (Linux; Android 6.0.1; Nexus 5X Build/MMB29P) AppleWebKit/537.36 (KHTML, like Gecko) Chrome/141.0.7390.122 Mobile Safari/537.36 (compatible; GoogleOther)"
66.249.73.162 - - [14/Dec/2025:06:42:16 -0700] "GET /?l=325440745 HTTP/1.1" 200 2672 "-" "Mozilla/5.0 (Linux; Android 6.0.1; Nexus 5X Build/MMB29P) AppleWebKit/537.36 (KHTML, like Gecko) Chrome/141.0.7390.122 Mobile Safari/537.36 (compatible; GoogleOther)"
66.249.73.161 - - [14/Dec/2025:06:42:19 -0700] "GET /?l=1089391906 HTTP/1.1" 200 2672 "-" "Mozilla/5.0 (Linux; Android 6.0.1; Nexus 5X Build/MMB29P) AppleWebKit/537.36 (KHTML, like Gecko) Chrome/141.0.7390.122 Mobile Safari/537.36 (compatible; GoogleOther)"
66.249.73.161 - - [14/Dec/2025:06:42:19 -0700] "GET /?l=1160844985 HTTP/1.1" 200 2672 "-" "Mozilla/5.0 (Linux; Android 6.0.1; Nexus 5X Build/MMB29P) AppleWebKit/537.36 (KHTML, like Gecko) Chrome/141.0.7390.122 Mobile Safari/537.36 (compatible; GoogleOther)"
66.249.73.161 - - [14/Dec/2025:06:42:30 -0700] "GET /index.php??l=1077257676 HTTP/1.1" 404 - "-" "Mozilla/5.0 (Linux; Android 6.0.1; Nexus 5X Build/MMB29P) AppleWebKit/537.36 (KHTML, like Gecko) Chrome/141.0.7390.122 Mobile Safari/537.36 (compatible; GoogleOther)"
57.141.2.36 - - [14/Dec/2025:06:42:34 -0700] "GET /?l=1761495781 HTTP/1.1" 200 2672 "-" "meta-externalagent/1.1 (+https://developers.facebook.com/docs/sharing/webmasters/crawler)"
66.249.73.161 - - [14/Dec/2025:06:42:41 -0700] "GET /index.php??l=76983301 HTTP/1.1" 404 - "-" "Mozilla/5.0 (Linux; Android 6.0.1; Nexus 5X Build/MMB29P) AppleWebKit/537.36 (KHTML, like Gecko) Chrome/141.0.7390.122 Mobile Safari/537.36 (compatible; GoogleOther)"
66.249.73.161 - - [14/Dec/2025:06:42:44 -0700] "GET /?l=1133788823 HTTP/1.1" 200 2672 "-" "Mozilla/5.0 (Linux; Android 6.0.1; Nexus 5X Build/MMB29P) AppleWebKit/537.36 (KHTML, like Gecko) Chrome/141.0.7390.122 Mobile Safari/537.36 (compatible; GoogleOther)"
66.249.73.161 - - [14/Dec/2025:06:42:51 -0700] "GET /index.php??l=47667600 HTTP/1.1" 404 - "-" "Mozilla/5.0 (Linux; Android 6.0.1; Nexus 5X Build/MMB29P) AppleWebKit/537.36 (KHTML, like Gecko) Chrome/141.0.7390.122 Mobile Safari/537.36 (compatible; GoogleOther)"
66.249.73.161 - - [14/Dec/2025:06:42:58 -0700] "GET /?l=1224102387 HTTP/1.1" 200 2672 "-" "Mozilla/5.0 (Linux; Android 6.0.1; Nexus 5X Build/MMB29P) AppleWebKit/537.36 (KHTML, like Gecko) Chrome/141.0.7390.122 Mobile Safari/537.36 (compatible; GoogleOther)"
57.141.2.30 - - [14/Dec/2025:06:43:03 -0700] "GET /?l=1741793450 HTTP/1.1" 200 2672 "-" "meta-externalagent/1.1 (+https://developers.facebook.com/docs/sharing/webmasters/crawler)"
66.249.73.161 - - [14/Dec/2025:06:43:06 -0700] "GET /?l=1107463277 HTTP/1.1" 200 2672 "-" "Mozilla/5.0 (Linux; Android 6.0.1; Nexus 5X Build/MMB29P) AppleWebKit/537.36 (KHTML, like Gecko) Chrome/141.0.7390.122 Mobile Safari/537.36 (compatible; GoogleOther)"
57.141.2.88 - - [14/Dec/2025:06:43:07 -0700] "GET /?l=452749382 HTTP/1.1" 200 2672 "-" "meta-externalagent/1.1 (+https://developers.facebook.com/docs/sharing/webmasters/crawler)"
66.249.73.161 - - [14/Dec/2025:06:43:13 -0700] "GET /?l=1211626327 HTTP/1.1" 200 2672 "-" "Mozilla/5.0 (Linux; Android 6.0.1; Nexus 5X Build/MMB29P) AppleWebKit/537.36 (KHTML, like Gecko) Chrome/141.0.7390.122 Mobile Safari/537.36 (compatible; GoogleOther)"
57.141.2.78 - - [14/Dec/2025:06:43:15 -0700] "GET /?l=611136933 HTTP/1.1" 200 2672 "-" "meta-externalagent/1.1 (+https://developers.facebook.com/docs/sharing/webmasters/crawler)"
57.141.2.8 - - [14/Dec/2025:06:43:17 -0700] "GET /?l=1678410979 HTTP/1.1" 200 2672 "-" "meta-externalagent/1.1 (+https://developers.facebook.com/docs/sharing/webmasters/crawler)"
57.141.2.20 - - [14/Dec/2025:06:43:21 -0700] "GET /?l=657280008 HTTP/1.1" 200 2672 "-" "meta-externalagent/1.1 (+https://developers.facebook.com/docs/sharing/webmasters/crawler)"
66.249.73.161 - - [14/Dec/2025:06:43:27 -0700] "GET /?l=308331929 HTTP/1.1" 200 2672 "-" "Mozilla/5.0 (Linux; Android 6.0.1; Nexus 5X Build/MMB29P) AppleWebKit/537.36 (KHTML, like Gecko) Chrome/141.0.7390.122 Mobile Safari/537.36 (compatible; GoogleOther)"
66.249.73.161 - - [14/Dec/2025:06:43:35 -0700] "GET /h_500 HTTP/1.1" 404 - "-" "Googlebot-Image/1.0"
66.249.73.161 - - [14/Dec/2025:06:43:39 -0700] "GET /?l=1033091829 HTTP/1.1" 200 2672 "-" "Mozilla/5.0 (Linux; Android 6.0.1; Nexus 5X Build/MMB29P) AppleWebKit/537.36 (KHTML, like Gecko) Chrome/141.0.7390.122 Mobile Safari/537.36 (compatible; GoogleOther)"
66.249.73.161 - - [14/Dec/2025:06:43:41 -0700] "GET /?l=316279976 HTTP/1.1" 200 2672 "-" "Mozilla/5.0 (Linux; Android 6.0.1; Nexus 5X Build/MMB29P) AppleWebKit/537.36 (KHTML, like Gecko) Chrome/141.0.7390.122 Mobile Safari/537.36 (compatible; GoogleOther)"
57.141.2.35 - - [14/Dec/2025:06:43:43 -0700] "GET /?l=1208018849 HTTP/1.1" 200 2672 "-" "meta-externalagent/1.1 (+https://developers.facebook.com/docs/sharing/webmasters/crawler)"
57.141.2.34 - - [14/Dec/2025:06:43:47 -0700] "GET /?l=724709667 HTTP/1.1" 200 2672 "-" "meta-externalagent/1.1 (+https://developers.facebook.com/docs/sharing/webmasters/crawler)"
66.249.73.161 - - [14/Dec/2025:06:43:56 -0700] "GET /?l=318736447 HTTP/1.1" 200 2672 "-" "Mozilla/5.0 (Linux; Android 6.0.1; Nexus 5X Build/MMB29P) AppleWebKit/537.36 (KHTML, like Gecko) Chrome/141.0.7390.122 Mobile Safari/537.36 (compatible; GoogleOther)"
57.141.2.68 - - [14/Dec/2025:06:44:01 -0700] "GET /?l=11426621 HTTP/1.1" 200 2672 "-" "meta-externalagent/1.1 (+https://developers.facebook.com/docs/sharing/webmasters/crawler)"
57.141.2.17 - - [14/Dec/2025:06:44:04 -0700] "GET /?l=1761994879 HTTP/1.1" 200 2672 "-" "meta-externalagent/1.1 (+https://developers.facebook.com/docs/sharing/webmasters/crawler)"
66.249.73.161 - - [14/Dec/2025:06:44:10 -0700] "GET /?l=1209448218 HTTP/1.1" 200 2672 "-" "Mozilla/5.0 (Linux; Android 6.0.1; Nexus 5X Build/MMB29P) AppleWebKit/537.36 (KHTML, like Gecko) Chrome/141.0.7390.122 Mobile Safari/537.36 (compatible; GoogleOther)"
57.141.2.69 - - [14/Dec/2025:06:44:19 -0700] "GET /?l=1347008685 HTTP/1.1" 200 2672 "-" "meta-externalagent/1.1 (+https://developers.facebook.com/docs/sharing/webmasters/crawler)"
57.141.2.8 - - [14/Dec/2025:06:44:22 -0700] "GET /?l=482576028 HTTP/1.1" 200 2672 "-" "meta-externalagent/1.1 (+https://developers.facebook.com/docs/sharing/webmasters/crawler)"
57.141.2.35 - - [14/Dec/2025:06:44:23 -0700] "GET /?l=1702047160 HTTP/1.1" 200 2672 "-" "meta-externalagent/1.1 (+https://developers.facebook.com/docs/sharing/webmasters/crawler)"
66.249.73.161 - - [14/Dec/2025:06:44:24 -0700] "GET /?l=311809467 HTTP/1.1" 200 2672 "-" "Mozilla/5.0 (Linux; Android 6.0.1; Nexus 5X Build/MMB29P) AppleWebKit/537.36 (KHTML, like Gecko) Chrome/141.0.7390.122 Mobile Safari/537.36 (compatible; GoogleOther)"
57.141.2.5 - - [14/Dec/2025:06:44:34 -0700] "GET /?l=1072717236 HTTP/1.1" 200 2672 "-" "meta-externalagent/1.1 (+https://developers.facebook.com/docs/sharing/webmasters/crawler)"
66.249.73.161 - - [14/Dec/2025:06:44:39 -0700] "GET /index.php??l=726741840 HTTP/1.1" 404 - "-" "Mozilla/5.0 (Linux; Android 6.0.1; Nexus 5X Build/MMB29P) AppleWebKit/537.36 (KHTML, like Gecko) Chrome/141.0.7390.122 Mobile Safari/537.36 (compatible; GoogleOther)"
66.249.73.161 - - [14/Dec/2025:06:44:53 -0700] "GET /index.php??l=738519084 HTTP/1.1" 404 - "-" "Mozilla/5.0 (Linux; Android 6.0.1; Nexus 5X Build/MMB29P) AppleWebKit/537.36 (KHTML, like Gecko) Chrome/141.0.7390.122 Mobile Safari/537.36 (compatible; GoogleOther)"
66.249.73.163 - - [14/Dec/2025:06:45:07 -0700] "GET /index.php?l=104369555 HTTP/1.1" 404 - "-" "Mozilla/5.0 (Linux; Android 6.0.1; Nexus 5X Build/MMB29P) AppleWebKit/537.36 (KHTML, like Gecko) Chrome/141.0.7390.122 Mobile Safari/537.36 (compatible; GoogleOther)"
66.249.73.161 - - [14/Dec/2025:06:45:22 -0700] "GET /?l=310249128 HTTP/1.1" 200 2672 "-" "Mozilla/5.0 (Linux; Android 6.0.1; Nexus 5X Build/MMB29P) AppleWebKit/537.36 (KHTML, like Gecko) Chrome/141.0.7390.122 Mobile Safari/537.36 (compatible; GoogleOther)"
66.249.73.161 - - [14/Dec/2025:06:45:36 -0700] "GET /?l=1222492823 HTTP/1.1" 200 2672 "-" "Mozilla/5.0 (Linux; Android 6.0.1; Nexus 5X Build/MMB29P) AppleWebKit/537.36 (KHTML, like Gecko) Chrome/141.0.7390.122 Mobile Safari/537.36 (compatible; GoogleOther)"
66.249.73.161 - - [14/Dec/2025:06:45:50 -0700] "GET /?l=1224142630 HTTP/1.1" 200 2672 "-" "Mozilla/5.0 (Linux; Android 6.0.1; Nexus 5X Build/MMB29P) AppleWebKit/537.36 (KHTML, like Gecko) Chrome/141.0.7390.122 Mobile Safari/537.36 (compatible; GoogleOther)"
57.141.2.78 - - [14/Dec/2025:06:45:53 -0700] "GET /?l=1207905173 HTTP/1.1" 200 2672 "-" "meta-externalagent/1.1 (+https://developers.facebook.com/docs/sharing/webmasters/crawler)"
57.141.2.80 - - [14/Dec/2025:06:45:53 -0700] "GET /?l=1594371613 HTTP/1.1" 200 2672 "-" "meta-externalagent/1.1 (+https://developers.facebook.com/docs/sharing/webmasters/crawler)"
66.249.73.163 - - [14/Dec/2025:06:46:04 -0700] "GET /?goods/17575787 HTTP/1.1" 200 2672 "-" "Mozilla/5.0 (Linux; Android 6.0.1; Nexus 5X Build/MMB29P) AppleWebKit/537.36 (KHTML, like Gecko) Chrome/141.0.7390.122 Mobile Safari/537.36 (compatible; Googlebot/2.1; +http://www.google.com/bot.html)"
66.249.73.162 - - [14/Dec/2025:06:46:05 -0700] "GET /?l=321334662 HTTP/1.1" 200 2672 "-" "Mozilla/5.0 (Linux; Android 6.0.1; Nexus 5X Build/MMB29P) AppleWebKit/537.36 (KHTML, like Gecko) Chrome/141.0.7390.122 Mobile Safari/537.36 (compatible; GoogleOther)"
66.249.73.162 - - [14/Dec/2025:06:46:19 -0700] "GET /?l=330133717 HTTP/1.1" 200 2672 "-" "Mozilla/5.0 (Linux; Android 6.0.1; Nexus 5X Build/MMB29P) AppleWebKit/537.36 (KHTML, like Gecko) Chrome/141.0.7390.122 Mobile Safari/537.36 (compatible; GoogleOther)"
57.141.2.34 - - [14/Dec/2025:06:46:20 -0700] "GET /?l=1706495433 HTTP/1.1" 200 2672 "-" "meta-externalagent/1.1 (+https://developers.facebook.com/docs/sharing/webmasters/crawler)"
66.249.73.162 - - [14/Dec/2025:06:46:22 -0700] "GET /?l=119136807 HTTP/1.1" 200 2672 "-" "Mozilla/5.0 (Linux; Android 6.0.1; Nexus 5X Build/MMB29P) AppleWebKit/537.36 (KHTML, like Gecko) Chrome/141.0.7390.122 Mobile Safari/537.36 (compatible; GoogleOther)"
66.249.73.161 - - [14/Dec/2025:06:46:23 -0700] "GET /?l=185410868 HTTP/1.1" 200 2672 "-" "Mozilla/5.0 (Linux; Android 6.0.1; Nexus 5X Build/MMB29P) AppleWebKit/537.36 (KHTML, like Gecko) Chrome/141.0.7390.122 Mobile Safari/537.36 (compatible; GoogleOther)"
66.249.73.161 - - [14/Dec/2025:06:46:23 -0700] "GET /?l=324564802 HTTP/1.1" 200 2672 "-" "Mozilla/5.0 (Linux; Android 6.0.1; Nexus 5X Build/MMB29P) AppleWebKit/537.36 (KHTML, like Gecko) Chrome/141.0.7390.122 Mobile Safari/537.36 (compatible; GoogleOther)"
66.249.73.161 - - [14/Dec/2025:06:46:24 -0700] "GET /?l=1110615257 HTTP/1.1" 200 2672 "-" "Mozilla/5.0 (Linux; Android 6.0.1; Nexus 5X Build/MMB29P) AppleWebKit/537.36 (KHTML, like Gecko) Chrome/141.0.7390.122 Mobile Safari/537.36 (compatible; GoogleOther)"
66.249.73.161 - - [14/Dec/2025:06:46:24 -0700] "GET /?l=250139414 HTTP/1.1" 200 2672 "-" "Mozilla/5.0 (Linux; Android 6.0.1; Nexus 5X Build/MMB29P) AppleWebKit/537.36 (KHTML, like Gecko) Chrome/141.0.7390.122 Mobile Safari/537.36 (compatible; GoogleOther)"
66.249.73.161 - - [14/Dec/2025:06:46:24 -0700] "GET /?l=135663471 HTTP/1.1" 200 2672 "-" "Mozilla/5.0 (Linux; Android 6.0.1; Nexus 5X Build/MMB29P) AppleWebKit/537.36 (KHTML, like Gecko) Chrome/141.0.7390.122 Mobile Safari/537.36 (compatible; GoogleOther)"
57.141.2.49 - - [14/Dec/2025:06:46:25 -0700] "GET /?l=1783809019 HTTP/1.1" 200 2672 "-" "meta-externalagent/1.1 (+https://developers.facebook.com/docs/sharing/webmasters/crawler)"
57.141.2.23 - - [14/Dec/2025:06:46:25 -0700] "GET /?l=1564071267 HTTP/1.1" 200 2672 "-" "meta-externalagent/1.1 (+https://developers.facebook.com/docs/sharing/webmasters/crawler)"
66.249.73.161 - - [14/Dec/2025:06:46:25 -0700] "GET /?l=1110867878 HTTP/1.1" 200 2672 "-" "Mozilla/5.0 (Linux; Android 6.0.1; Nexus 5X Build/MMB29P) AppleWebKit/537.36 (KHTML, like Gecko) Chrome/141.0.7390.122 Mobile Safari/537.36 (compatible; GoogleOther)"
66.249.73.161 - - [14/Dec/2025:06:46:25 -0700] "GET /?l=1105282985 HTTP/1.1" 200 2672 "-" "Mozilla/5.0 (Linux; Android 6.0.1; Nexus 5X Build/MMB29P) AppleWebKit/537.36 (KHTML, like Gecko) Chrome/141.0.7390.122 Mobile Safari/537.36 (compatible; GoogleOther)"
66.249.73.161 - - [14/Dec/2025:06:46:29 -0700] "GET /?l=271313648 HTTP/1.1" 200 2672 "-" "Mozilla/5.0 (Linux; Android 6.0.1; Nexus 5X Build/MMB29P) AppleWebKit/537.36 (KHTML, like Gecko) Chrome/141.0.7390.122 Mobile Safari/537.36 (compatible; GoogleOther)"
66.249.73.161 - - [14/Dec/2025:06:46:29 -0700] "GET /?l=162640234 HTTP/1.1" 200 2672 "-" "Mozilla/5.0 (Linux; Android 6.0.1; Nexus 5X Build/MMB29P) AppleWebKit/537.36 (KHTML, like Gecko) Chrome/141.0.7390.122 Mobile Safari/537.36 (compatible; GoogleOther)"
66.249.73.161 - - [14/Dec/2025:06:46:33 -0700] "GET /index.php??l=1094290733 HTTP/1.1" 404 - "-" "Mozilla/5.0 (Linux; Android 6.0.1; Nexus 5X Build/MMB29P) AppleWebKit/537.36 (KHTML, like Gecko) Chrome/141.0.7390.122 Mobile Safari/537.36 (compatible; GoogleOther)"
66.249.73.161 - - [14/Dec/2025:06:46:48 -0700] "GET /index.php??l=1094552687 HTTP/1.1" 404 - "-" "Mozilla/5.0 (Linux; Android 6.0.1; Nexus 5X Build/MMB29P) AppleWebKit/537.36 (KHTML, like Gecko) Chrome/141.0.7390.122 Mobile Safari/537.36 (compatible; GoogleOther)"
66.249.73.161 - - [14/Dec/2025:06:46:50 -0700] "GET /?l=38470807 HTTP/1.1" 200 2672 "-" "Mozilla/5.0 (Linux; Android 6.0.1; Nexus 5X Build/MMB29P) AppleWebKit/537.36 (KHTML, like Gecko) Chrome/141.0.7390.122 Mobile Safari/537.36 (compatible; Googlebot/2.1; +http://www.google.com/bot.html)"
66.249.73.161 - - [14/Dec/2025:06:46:50 -0700] "GET /?products/8810421/ HTTP/1.1" 200 2672 "-" "Mozilla/5.0 (Linux; Android 6.0.1; Nexus 5X Build/MMB29P) AppleWebKit/537.36 (KHTML, like Gecko) Chrome/141.0.7390.122 Mobile Safari/537.36 (compatible; Googlebot/2.1; +http://www.google.com/bot.html)"
66.249.73.161 - - [14/Dec/2025:06:46:51 -0700] "GET /index.php??l=1018581723 HTTP/1.1" 404 - "-" "Mozilla/5.0 (Linux; Android 6.0.1; Nexus 5X Build/MMB29P) AppleWebKit/537.36 (KHTML, like Gecko) Chrome/141.0.7390.122 Mobile Safari/537.36 (compatible; GoogleOther)"
57.141.2.19 - - [14/Dec/2025:06:46:56 -0700] "GET /?l=1649594405 HTTP/1.1" 200 2672 "-" "meta-externalagent/1.1 (+https://developers.facebook.com/docs/sharing/webmasters/crawler)"
66.249.73.161 - - [14/Dec/2025:06:46:58 -0700] "GET /?l=94764616 HTTP/1.1" 200 2672 "-" "Mozilla/5.0 (Linux; Android 6.0.1; Nexus 5X Build/MMB29P) AppleWebKit/537.36 (KHTML, like Gecko) Chrome/141.0.7390.122 Mobile Safari/537.36 (compatible; GoogleOther)"
66.249.73.161 - - [14/Dec/2025:06:47:02 -0700] "GET /index.php?l=1068894949 HTTP/1.1" 404 - "-" "Mozilla/5.0 (Linux; Android 6.0.1; Nexus 5X Build/MMB29P) AppleWebKit/537.36 (KHTML, like Gecko) Chrome/141.0.7390.122 Mobile Safari/537.36 (compatible; GoogleOther)"
66.249.73.162 - - [14/Dec/2025:06:47:16 -0700] "GET /?l=134493911 HTTP/1.1" 200 2672 "-" "Mozilla/5.0 (Linux; Android 6.0.1; Nexus 5X Build/MMB29P) AppleWebKit/537.36 (KHTML, like Gecko) Chrome/141.0.7390.122 Mobile Safari/537.36 (compatible; GoogleOther)"
66.249.73.161 - - [14/Dec/2025:06:47:16 -0700] "GET /?l=271317558 HTTP/1.1" 200 2672 "-" "Mozilla/5.0 (Linux; Android 6.0.1; Nexus 5X Build/MMB29P) AppleWebKit/537.36 (KHTML, like Gecko) Chrome/141.0.7390.122 Mobile Safari/537.36 (compatible; GoogleOther)"
57.141.2.8 - - [14/Dec/2025:06:47:19 -0700] "GET /?l=1191244758 HTTP/1.1" 200 2672 "-" "meta-externalagent/1.1 (+https://developers.facebook.com/docs/sharing/webmasters/crawler)"
57.141.2.57 - - [14/Dec/2025:06:47:27 -0700] "GET /?l=989014291 HTTP/1.1" 200 2672 "-" "meta-externalagent/1.1 (+https://developers.facebook.com/docs/sharing/webmasters/crawler)"
66.249.73.161 - - [14/Dec/2025:06:47:31 -0700] "GET /index.php?l=21949357 HTTP/1.1" 404 - "-" "Mozilla/5.0 (Linux; Android 6.0.1; Nexus 5X Build/MMB29P) AppleWebKit/537.36 (KHTML, like Gecko) Chrome/141.0.7390.122 Mobile Safari/537.36 (compatible; GoogleOther)"
57.141.2.8 - - [14/Dec/2025:06:47:35 -0700] "GET /?l=1741382970 HTTP/1.1" 200 2672 "-" "meta-externalagent/1.1 (+https://developers.facebook.com/docs/sharing/webmasters/crawler)"
66.249.73.161 - - [14/Dec/2025:06:47:45 -0700] "GET /index.php??l=151280248 HTTP/1.1" 404 - "-" "Mozilla/5.0 (Linux; Android 6.0.1; Nexus 5X Build/MMB29P) AppleWebKit/537.36 (KHTML, like Gecko) Chrome/141.0.7390.122 Mobile Safari/537.36 (compatible; GoogleOther)"
66.249.73.161 - - [14/Dec/2025:06:47:49 -0700] "GET /?l=1070153469 HTTP/1.1" 200 2672 "-" "Mozilla/5.0 (Linux; Android 6.0.1; Nexus 5X Build/MMB29P) AppleWebKit/537.36 (KHTML, like Gecko) Chrome/141.0.7390.122 Mobile Safari/537.36 (compatible; GoogleOther)"
66.249.73.161 - - [14/Dec/2025:06:47:59 -0700] "GET /index.php?l=6668012 HTTP/1.1" 404 - "-" "Mozilla/5.0 (Linux; Android 6.0.1; Nexus 5X Build/MMB29P) AppleWebKit/537.36 (KHTML, like Gecko) Chrome/141.0.7390.122 Mobile Safari/537.36 (compatible; GoogleOther)"
57.141.2.31 - - [14/Dec/2025:06:48:00 -0700] "GET /?l=2045954626 HTTP/1.1" 200 2672 "-" "meta-externalagent/1.1 (+https://developers.facebook.com/docs/sharing/webmasters/crawler)"
57.141.2.77 - - [14/Dec/2025:06:48:12 -0700] "GET /?l=1539047696 HTTP/1.1" 200 2672 "-" "meta-externalagent/1.1 (+https://developers.facebook.com/docs/sharing/webmasters/crawler)"
66.249.73.161 - - [14/Dec/2025:06:48:14 -0700] "GET /index.php?l=79791393 HTTP/1.1" 404 - "-" "Mozilla/5.0 (Linux; Android 6.0.1; Nexus 5X Build/MMB29P) AppleWebKit/537.36 (KHTML, like Gecko) Chrome/141.0.7390.122 Mobile Safari/537.36 (compatible; GoogleOther)"
66.249.73.161 - - [14/Dec/2025:06:48:28 -0700] "GET /index.php?l=70918115 HTTP/1.1" 404 - "-" "Mozilla/5.0 (Linux; Android 6.0.1; Nexus 5X Build/MMB29P) AppleWebKit/537.36 (KHTML, like Gecko) Chrome/141.0.7390.122 Mobile Safari/537.36 (compatible; GoogleOther)"
57.141.2.30 - - [14/Dec/2025:06:48:31 -0700] "GET /?l=251180283 HTTP/1.1" 200 2672 "-" "meta-externalagent/1.1 (+https://developers.facebook.com/docs/sharing/webmasters/crawler)"
66.249.73.161 - - [14/Dec/2025:06:48:42 -0700] "GET /index.php??l=732768839 HTTP/1.1" 404 - "-" "Mozilla/5.0 (Linux; Android 6.0.1; Nexus 5X Build/MMB29P) AppleWebKit/537.36 (KHTML, like Gecko) Chrome/141.0.7390.122 Mobile Safari/537.36 (compatible; GoogleOther)"
66.249.73.161 - - [14/Dec/2025:06:48:57 -0700] "GET /?l=1205396249 HTTP/1.1" 200 2672 "-" "Mozilla/5.0 (Linux; Android 6.0.1; Nexus 5X Build/MMB29P) AppleWebKit/537.36 (KHTML, like Gecko) Chrome/141.0.7390.122 Mobile Safari/537.36 (compatible; GoogleOther)"
57.141.2.32 - - [14/Dec/2025:06:49:05 -0700] "GET /?l=733575052 HTTP/1.1" 200 2672 "-" "meta-externalagent/1.1 (+https://developers.facebook.com/docs/sharing/webmasters/crawler)"
66.249.73.163 - - [14/Dec/2025:06:49:11 -0700] "GET /?l=1204487796 HTTP/1.1" 200 2672 "-" "Mozilla/5.0 (Linux; Android 6.0.1; Nexus 5X Build/MMB29P) AppleWebKit/537.36 (KHTML, like Gecko) Chrome/141.0.7390.122 Mobile Safari/537.36 (compatible; GoogleOther)"
57.141.2.22 - - [14/Dec/2025:06:49:12 -0700] "GET /?l=1208576071 HTTP/1.1" 200 2672 "-" "meta-externalagent/1.1 (+https://developers.facebook.com/docs/sharing/webmasters/crawler)"
57.141.2.27 - - [14/Dec/2025:06:49:20 -0700] "GET /?l=1536336614 HTTP/1.1" 200 2672 "-" "meta-externalagent/1.1 (+https://developers.facebook.com/docs/sharing/webmasters/crawler)"
66.249.73.162 - - [14/Dec/2025:06:49:25 -0700] "GET /index.php??l=159007366 HTTP/1.1" 404 - "-" "Mozilla/5.0 (Linux; Android 6.0.1; Nexus 5X Build/MMB29P) AppleWebKit/537.36 (KHTML, like Gecko) Chrome/141.0.7390.122 Mobile Safari/537.36 (compatible; GoogleOther)"
147.135.193.88 - - [14/Dec/2025:06:49:27 -0700] "GET /wp-content/uploads/2025/07/DISTRITOLOGOLEYENDABAJO.png HTTP/1.1" 404 - "-" "python-urllib3/1.26.9"
147.135.193.88 - - [14/Dec/2025:06:49:27 -0700] "GET /wp-content/uploads/2025/07/11-3.png HTTP/1.1" 404 - "-" "python-urllib3/1.26.9"
147.135.193.88 - - [14/Dec/2025:06:49:28 -0700] "GET /wp-content/uploads/2025/07/22-1.png HTTP/1.1" 404 - "-" "python-urllib3/1.26.9"
147.135.193.88 - - [14/Dec/2025:06:49:28 -0700] "GET /wp-content/uploads/2025/02/gettyimages-1848417745-1024x1024-1.jpg HTTP/1.1" 404 - "-" "python-urllib3/1.26.9"
147.135.193.88 - - [14/Dec/2025:06:49:28 -0700] "GET /wp-content/uploads/2025/07/12-2.png HTTP/1.1" 404 - "-" "python-urllib3/1.26.9"
66.249.73.161 - - [14/Dec/2025:06:49:40 -0700] "GET /?l=1209714586 HTTP/1.1" 200 2672 "-" "Mozilla/5.0 (Linux; Android 6.0.1; Nexus 5X Build/MMB29P) AppleWebKit/537.36 (KHTML, like Gecko) Chrome/141.0.7390.122 Mobile Safari/537.36 (compatible; GoogleOther)"
66.249.73.161 - - [14/Dec/2025:06:49:54 -0700] "GET /?l=1200902472 HTTP/1.1" 200 2672 "-" "Mozilla/5.0 (Linux; Android 6.0.1; Nexus 5X Build/MMB29P) AppleWebKit/537.36 (KHTML, like Gecko) Chrome/141.0.7390.122 Mobile Safari/537.36 (compatible; GoogleOther)"
57.141.2.83 - - [14/Dec/2025:06:49:57 -0700] "GET /?l=1419574901 HTTP/1.1" 200 2672 "-" "meta-externalagent/1.1 (+https://developers.facebook.com/docs/sharing/webmasters/crawler)"
66.249.73.163 - - [14/Dec/2025:06:50:08 -0700] "GET /?l=1216489532 HTTP/1.1" 200 2672 "-" "Mozilla/5.0 (Linux; Android 6.0.1; Nexus 5X Build/MMB29P) AppleWebKit/537.36 (KHTML, like Gecko) Chrome/141.0.7390.122 Mobile Safari/537.36 (compatible; GoogleOther)"
57.141.2.13 - - [14/Dec/2025:06:50:20 -0700] "GET /?l=1670861125 HTTP/1.1" 200 2672 "-" "meta-externalagent/1.1 (+https://developers.facebook.com/docs/sharing/webmasters/crawler)"
66.249.73.161 - - [14/Dec/2025:06:50:23 -0700] "GET /?l=311793973 HTTP/1.1" 200 2672 "-" "Mozilla/5.0 (Linux; Android 6.0.1; Nexus 5X Build/MMB29P) AppleWebKit/537.36 (KHTML, like Gecko) Chrome/141.0.7390.122 Mobile Safari/537.36 (compatible; GoogleOther)"
57.141.2.77 - - [14/Dec/2025:06:50:27 -0700] "GET /?l=1535339751 HTTP/1.1" 200 2672 "-" "meta-externalagent/1.1 (+https://developers.facebook.com/docs/sharing/webmasters/crawler)"
57.141.2.25 - - [14/Dec/2025:06:50:27 -0700] "GET /?l=1691979256 HTTP/1.1" 200 2672 "-" "meta-externalagent/1.1 (+https://developers.facebook.com/docs/sharing/webmasters/crawler)"
66.249.73.161 - - [14/Dec/2025:06:50:32 -0700] "GET /?l=1123735568 HTTP/1.1" 200 2672 "-" "Mozilla/5.0 (Linux; Android 6.0.1; Nexus 5X Build/MMB29P) AppleWebKit/537.36 (KHTML, like Gecko) Chrome/141.0.7390.122 Mobile Safari/537.36 (compatible; GoogleOther)"
66.249.73.161 - - [14/Dec/2025:06:50:33 -0700] "GET /?l=122690833 HTTP/1.1" 200 2672 "-" "Mozilla/5.0 (Linux; Android 6.0.1; Nexus 5X Build/MMB29P) AppleWebKit/537.36 (KHTML, like Gecko) Chrome/141.0.7390.122 Mobile Safari/537.36 (compatible; GoogleOther)"
66.249.73.161 - - [14/Dec/2025:06:50:33 -0700] "GET /?l=195054648 HTTP/1.1" 200 2672 "-" "Mozilla/5.0 (Linux; Android 6.0.1; Nexus 5X Build/MMB29P) AppleWebKit/537.36 (KHTML, like Gecko) Chrome/141.0.7390.122 Mobile Safari/537.36 (compatible; GoogleOther)"
66.249.73.161 - - [14/Dec/2025:06:50:33 -0700] "GET /?l=86522097 HTTP/1.1" 200 2672 "-" "Mozilla/5.0 (Linux; Android 6.0.1; Nexus 5X Build/MMB29P) AppleWebKit/537.36 (KHTML, like Gecko) Chrome/141.0.7390.122 Mobile Safari/537.36 (compatible; GoogleOther)"
57.141.2.93 - - [14/Dec/2025:06:50:34 -0700] "GET /?l=742592424 HTTP/1.1" 200 2672 "-" "meta-externalagent/1.1 (+https://developers.facebook.com/docs/sharing/webmasters/crawler)"
66.249.73.161 - - [14/Dec/2025:06:50:34 -0700] "GET /?l=241249337 HTTP/1.1" 200 2672 "-" "Mozilla/5.0 (Linux; Android 6.0.1; Nexus 5X Build/MMB29P) AppleWebKit/537.36 (KHTML, like Gecko) Chrome/141.0.7390.122 Mobile Safari/537.36 (compatible; GoogleOther)"
66.249.73.161 - - [14/Dec/2025:06:50:34 -0700] "GET /?l=255398915 HTTP/1.1" 200 2672 "-" "Mozilla/5.0 (Linux; Android 6.0.1; Nexus 5X Build/MMB29P) AppleWebKit/537.36 (KHTML, like Gecko) Chrome/141.0.7390.122 Mobile Safari/537.36 (compatible; GoogleOther)"
66.249.73.161 - - [14/Dec/2025:06:50:35 -0700] "GET /?l=153863005 HTTP/1.1" 200 2672 "-" "Mozilla/5.0 (Linux; Android 6.0.1; Nexus 5X Build/MMB29P) AppleWebKit/537.36 (KHTML, like Gecko) Chrome/141.0.7390.122 Mobile Safari/537.36 (compatible; GoogleOther)"
66.249.73.161 - - [14/Dec/2025:06:50:35 -0700] "GET /?l=1208945364 HTTP/1.1" 200 2672 "-" "Mozilla/5.0 (Linux; Android 6.0.1; Nexus 5X Build/MMB29P) AppleWebKit/537.36 (KHTML, like Gecko) Chrome/141.0.7390.122 Mobile Safari/537.36 (compatible; GoogleOther)"
66.249.73.161 - - [14/Dec/2025:06:50:37 -0700] "GET /?l=1210394237 HTTP/1.1" 200 2672 "-" "Mozilla/5.0 (Linux; Android 6.0.1; Nexus 5X Build/MMB29P) AppleWebKit/537.36 (KHTML, like Gecko) Chrome/141.0.7390.122 Mobile Safari/537.36 (compatible; GoogleOther)"
66.249.73.161 - - [14/Dec/2025:06:50:39 -0700] "GET /?l=180218125 HTTP/1.1" 200 2672 "-" "Mozilla/5.0 (Linux; Android 6.0.1; Nexus 5X Build/MMB29P) AppleWebKit/537.36 (KHTML, like Gecko) Chrome/141.0.7390.122 Mobile Safari/537.36 (compatible; GoogleOther)"
66.249.73.161 - - [14/Dec/2025:06:50:39 -0700] "GET /?l=1024181277 HTTP/1.1" 200 2672 "-" "Mozilla/5.0 (Linux; Android 6.0.1; Nexus 5X Build/MMB29P) AppleWebKit/537.36 (KHTML, like Gecko) Chrome/141.0.7390.122 Mobile Safari/537.36 (compatible; GoogleOther)"
57.141.2.15 - - [14/Dec/2025:06:50:41 -0700] "GET /?l=897768695 HTTP/1.1" 200 2672 "-" "meta-externalagent/1.1 (+https://developers.facebook.com/docs/sharing/webmasters/crawler)"
66.249.73.163 - - [14/Dec/2025:06:50:45 -0700] "GET /?l=40706810 HTTP/1.1" 200 2672 "-" "Mozilla/5.0 (Linux; Android 6.0.1; Nexus 5X Build/MMB29P) AppleWebKit/537.36 (KHTML, like Gecko) Chrome/141.0.7390.122 Mobile Safari/537.36 (compatible; Googlebot/2.1; +http://www.google.com/bot.html)"
66.249.73.161 - - [14/Dec/2025:06:50:49 -0700] "GET /?l=71063397 HTTP/1.1" 200 2672 "-" "Mozilla/5.0 (Linux; Android 6.0.1; Nexus 5X Build/MMB29P) AppleWebKit/537.36 (KHTML, like Gecko) Chrome/141.0.7390.122 Mobile Safari/537.36 (compatible; Googlebot/2.1; +http://www.google.com/bot.html)"
66.249.73.161 - - [14/Dec/2025:06:50:51 -0700] "GET /?l=1216284995 HTTP/1.1" 200 2672 "-" "Mozilla/5.0 (Linux; Android 6.0.1; Nexus 5X Build/MMB29P) AppleWebKit/537.36 (KHTML, like Gecko) Chrome/141.0.7390.122 Mobile Safari/537.36 (compatible; GoogleOther)"
57.141.2.36 - - [14/Dec/2025:06:50:55 -0700] "GET /?l=542827595 HTTP/1.1" 200 2672 "-" "meta-externalagent/1.1 (+https://developers.facebook.com/docs/sharing/webmasters/crawler)"
66.249.73.161 - - [14/Dec/2025:06:51:01 -0700] "GET /index.php??l=1013768315 HTTP/1.1" 404 - "-" "Mozilla/5.0 (Linux; Android 6.0.1; Nexus 5X Build/MMB29P) AppleWebKit/537.36 (KHTML, like Gecko) Chrome/141.0.7390.122 Mobile Safari/537.36 (compatible; GoogleOther)"
66.249.73.161 - - [14/Dec/2025:06:51:06 -0700] "GET /?l=1212132876 HTTP/1.1" 200 2672 "-" "Mozilla/5.0 (Linux; Android 6.0.1; Nexus 5X Build/MMB29P) AppleWebKit/537.36 (KHTML, like Gecko) Chrome/141.0.7390.122 Mobile Safari/537.36 (compatible; GoogleOther)"
57.141.2.24 - - [14/Dec/2025:06:51:17 -0700] "GET /?l=1438609063 HTTP/1.1" 200 2672 "-" "meta-externalagent/1.1 (+https://developers.facebook.com/docs/sharing/webmasters/crawler)"
66.249.73.161 - - [14/Dec/2025:06:51:20 -0700] "GET /index.php??l=736668636 HTTP/1.1" 404 - "-" "Mozilla/5.0 (Linux; Android 6.0.1; Nexus 5X Build/MMB29P) AppleWebKit/537.36 (KHTML, like Gecko) Chrome/141.0.7390.122 Mobile Safari/537.36 (compatible; GoogleOther)"
57.141.2.16 - - [14/Dec/2025:06:51:25 -0700] "GET /?l=1721903403 HTTP/1.1" 200 2672 "-" "meta-externalagent/1.1 (+https://developers.facebook.com/docs/sharing/webmasters/crawler)"
57.141.2.63 - - [14/Dec/2025:06:51:26 -0700] "GET /?l=1564447458 HTTP/1.1" 200 2672 "-" "meta-externalagent/1.1 (+https://developers.facebook.com/docs/sharing/webmasters/crawler)"
66.249.73.161 - - [14/Dec/2025:06:51:26 -0700] "GET /?l=1066903291 HTTP/1.1" 200 2672 "-" "Mozilla/5.0 (Linux; Android 6.0.1; Nexus 5X Build/MMB29P) AppleWebKit/537.36 (KHTML, like Gecko) Chrome/141.0.7390.122 Mobile Safari/537.36 (compatible; GoogleOther)"
